-- https://www.phpmyadmin.net/
--

START TRANSACTION;



--
-- Database: `dabboos_erp2`
--

-- --------------------------------------------------------

--
-- Table structure for table `accounting_accounts`
--

CREATE TABLE `accounting_accounts` (
  `id` bigint(20) UNSIGNED NOT NULL,
  `name` varchar(191) NOT NULL,
  `gl_code` varchar(191) DEFAULT NULL,
  `business_id` int(11) NOT NULL,
  `account_primary_type` varchar(191) DEFAULT NULL,
  `account_sub_type_id` bigint(20) DEFAULT NULL,
  `detail_type_id` bigint(20) DEFAULT NULL,
  `parent_account_id` bigint(20) DEFAULT NULL,
  `description` longtext DEFAULT NULL,
  `status` varchar(191) DEFAULT NULL,
  `created_by` int(11) NOT NULL,
  `created_at` timestamp NULL DEFAULT NULL,
  `updated_at` timestamp NULL DEFAULT NULL
) ENGINE=InnoDB DEFAULT CHARSET=utf8mb4 COLLATE=utf8mb4_unicode_ci;

--
-- Dumping data for table `accounting_accounts`
--

INSERT INTO `accounting_accounts` (`id`, `name`, `gl_code`, `business_id`, `account_primary_type`, `account_sub_type_id`, `detail_type_id`, `parent_account_id`, `description`, `status`, `created_by`, `created_at`, `updated_at`) VALUES
(1, 'Cach and cach', '1.1.1', 1, 'asset', 1, 0, NULL, NULL, 'active', 1, '2025-05-26 22:01:01', '2025-05-26 22:01:01'),
(2, 'cash', '1111', 1, 'asset', 1, 0, 1, NULL, 'active', 1, '2025-05-26 22:25:56', '2025-05-26 22:25:56'),
(3, 'Cash And Banks', '111', 1, 'asset', 10, 0, NULL, NULL, 'active', 1, '2025-05-27 13:34:53', '2025-05-27 13:34:53'),
(4, 'Receivables', '112', 1, 'asset', 10, NULL, NULL, NULL, 'active', 1, '2025-05-27 13:35:56', '2025-05-27 14:45:31'),
(5, 'Inventory', '113', 1, 'asset', 10, 0, NULL, NULL, 'active', 1, '2025-05-27 13:36:25', '2025-05-27 13:36:25'),
(6, 'Prepaid Expense', '114', 1, 'asset', 10, 0, NULL, NULL, 'active', 1, '2025-05-27 13:37:04', '2025-05-27 13:37:04'),
(7, 'Other Current Assets', '115', 1, 'asset', 10, 0, NULL, NULL, 'active', 1, '2025-05-27 13:37:39', '2025-05-27 13:37:39'),
(8, 'Capital Assets', '121', 1, 'asset', 11, 0, NULL, NULL, 'active', 1, '2025-05-27 13:38:45', '2025-05-27 13:38:45'),
(9, 'Intangible Assets', '122', 1, 'asset', 11, 0, NULL, NULL, 'active', 1, '2025-05-27 13:39:34', '2025-05-27 13:39:34'),
(10, 'Long Term Investments', '123', 1, 'asset', 11, 0, NULL, NULL, 'active', 1, '2025-05-27 13:40:14', '2025-05-27 13:40:14'),
(11, 'Other Non-Current Assets', '124', 1, 'asset', 11, 0, NULL, NULL, 'active', 1, '2025-05-27 13:40:57', '2025-05-27 13:40:57'),
(12, 'Payables', '211', 1, 'liability', 12, NULL, NULL, NULL, 'active', 1, '2025-05-27 13:41:58', '2025-05-27 15:23:42'),
(13, 'Notes Payable', '214', 1, 'liability', 12, 0, NULL, NULL, 'active', 1, '2025-05-27 13:42:59', '2025-05-27 13:42:59'),
(14, 'Credit Card', '215', 1, 'liability', 12, 0, NULL, NULL, 'active', 1, '2025-05-27 13:43:29', '2025-05-27 13:43:29'),
(15, 'Accruals', '216', 1, 'liability', 12, 0, NULL, NULL, 'active', 1, '2025-05-27 13:44:04', '2025-05-27 13:44:04'),
(16, 'Long Term Depts', '221', 1, 'liability', 13, 0, NULL, NULL, 'active', 1, '2025-05-27 13:45:12', '2025-05-27 13:45:12'),
(17, 'Capital', '311', 1, 'equity', 14, NULL, NULL, NULL, 'active', 1, '2025-05-27 13:46:22', '2025-05-27 13:46:46'),
(18, 'Partners Current Accounts', '312', 1, 'equity', 14, 0, NULL, NULL, 'active', 1, '2025-05-27 13:48:01', '2025-05-27 13:48:01'),
(19, 'Retained Earnings', '313', 1, 'equity', 14, 0, NULL, NULL, 'active', 1, '2025-05-27 13:48:34', '2025-05-27 13:48:34'),
(20, 'Period Earnings', '314', 1, 'equity', 14, 0, NULL, NULL, 'active', 1, '2025-05-27 13:49:17', '2025-05-27 13:49:17'),
(21, 'Sales', '411', 1, 'income', 15, 0, NULL, NULL, 'active', 1, '2025-05-27 13:50:00', '2025-05-27 13:50:00'),
(22, 'Service Income', '412', 1, 'income', 15, 0, NULL, NULL, 'active', 1, '2025-05-27 13:50:56', '2025-05-27 13:50:56'),
(23, 'Discounts Recieved', '413', 1, 'income', 15, 0, NULL, NULL, 'active', 1, '2025-05-27 13:54:03', '2025-05-27 13:54:03'),
(24, 'Cost of sales', '511', 1, 'expenses', 17, 0, NULL, NULL, 'active', 1, '2025-05-27 13:55:29', '2025-05-27 13:55:29'),
(25, 'Depreciation expenses', '521', 1, 'expenses', 18, 0, NULL, NULL, 'active', 1, '2025-05-27 13:56:17', '2025-05-27 13:56:17'),
(26, 'Salaries Expense', '522', 1, 'expenses', 18, 0, NULL, NULL, 'active', 1, '2025-05-27 13:56:48', '2025-05-27 13:56:48'),
(27, 'Insuranse', '523', 1, 'expenses', 18, 0, NULL, NULL, 'active', 1, '2025-05-27 13:57:26', '2025-05-27 13:57:26'),
(28, 'Rent Expense', '524', 1, 'expenses', 18, 0, NULL, NULL, 'active', 1, '2025-05-27 13:58:04', '2025-05-27 13:58:04'),
(29, 'Purchases', '525', 1, 'expenses', 18, 0, NULL, NULL, 'active', 1, '2025-05-27 13:58:40', '2025-05-27 13:58:40'),
(31, 'Banks', '1111', 1, 'asset', 10, NULL, 3, NULL, 'active', 1, '2025-05-27 14:16:47', '2025-06-01 01:34:45'),
(32, 'Accounts Recievables (A/R)', '1121', 1, 'asset', 10, 0, 4, NULL, 'active', 1, '2025-05-27 14:17:47', '2025-05-27 14:17:47'),
(35, 'Notes Receivables', '1126', 1, 'asset', 10, 0, 4, NULL, 'active', 1, '2025-05-27 14:21:26', '2025-05-27 14:21:26'),
(37, 'beginning Inventory', '1131', 1, 'asset', 10, NULL, 5, NULL, 'active', 1, '2025-05-27 14:23:48', '2025-05-27 14:24:20'),
(38, 'Ending Inventory', '1132', 1, 'asset', 10, NULL, 5, NULL, 'active', 1, '2025-05-27 14:25:14', '2025-05-27 14:25:40'),
(39, 'Prepaid Rent', '1141', 1, 'asset', 10, 0, 6, NULL, 'active', 1, '2025-05-27 14:27:11', '2025-05-27 14:27:11'),
(40, 'Prepaid Insurance', '1142', 1, 'asset', 10, 0, 6, NULL, 'active', 1, '2025-05-27 14:28:15', '2025-05-27 14:28:15'),
(41, 'Property, Plant and Equipment', '1211', 1, 'asset', 11, 0, 8, NULL, 'active', 1, '2025-05-27 14:31:32', '2025-05-27 14:31:32'),
(42, 'Property, Plant and Equipment (Accumulated Depreciation)', '1212', 1, 'asset', 11, 0, 8, NULL, 'active', 1, '2025-05-27 14:33:03', '2025-05-27 14:33:03'),
(44, 'Goodwill', '1221', 1, 'asset', 11, 0, 9, NULL, 'active', 1, '2025-05-27 14:36:31', '2025-05-27 14:36:31'),
(45, 'Long Term Investments', '1231', 1, 'asset', 11, 0, 10, NULL, 'active', 1, '2025-05-27 14:37:22', '2025-05-27 14:37:22'),
(46, 'Accounts Payables (A/P)', '2111', 1, 'liability', 12, 0, 12, NULL, 'active', 1, '2025-05-27 14:39:59', '2025-05-27 14:39:59'),
(47, 'Accrued expense', '2161', 1, 'liability', 12, 0, 15, NULL, 'active', 1, '2025-05-27 14:42:10', '2025-05-27 14:42:10'),
(48, 'Accrued Liability', '2162', 1, 'liability', 12, 0, 15, NULL, 'active', 1, '2025-05-27 14:42:53', '2025-05-27 14:42:53'),
(49, 'Long Term Depts', '2211', 1, 'liability', 13, 0, 16, NULL, 'active', 1, '2025-05-27 14:43:39', '2025-05-27 14:43:39'),
(50, 'Partner 1', '3121', 1, 'equity', 14, 0, 18, NULL, 'active', 1, '2025-05-27 15:42:43', '2025-05-27 15:42:43'),
(51, 'مصروف نقل', '526', 1, 'expenses', 18, NULL, NULL, NULL, 'active', 1, '2025-05-28 18:49:20', '2025-05-31 14:35:17'),
(52, 'مصروف ايجار', '527', 1, 'expenses', 18, NULL, NULL, NULL, 'active', 1, '2025-05-31 14:30:29', '2025-05-31 14:35:45'),
(53, 'مصروف بنزين', '528', 1, 'expenses', 18, NULL, NULL, NULL, 'active', 1, '2025-05-31 14:34:22', '2025-05-31 14:36:00'),
(54, 'مصروف نت', '529', 1, 'expenses', 18, 0, NULL, NULL, 'active', 1, '2025-05-31 14:37:14', '2025-05-31 14:37:14'),
(101, 'CIB', '1112', 1, 'asset', 10, 3, 3, NULL, 'active', 1, '2025-06-23 21:01:24', '2025-06-23 21:01:24'),
(102, 'Banck Misr', '1113', 1, 'asset', 10, 3, 3, NULL, 'active', 1, '2025-06-23 21:01:44', '2025-06-23 21:01:44');

-- --------------------------------------------------------

--
-- Table structure for table `accounting_accounts_transactions`
--

CREATE TABLE `accounting_accounts_transactions` (
  `id` bigint(20) UNSIGNED NOT NULL,
  `accounting_account_id` bigint(20) UNSIGNED NOT NULL,
  `acc_trans_mapping_id` int(11) DEFAULT NULL COMMENT 'id form accounting_acc_trans_mapping table',
  `transaction_id` int(11) DEFAULT NULL COMMENT 'id form transactions table',
  `transaction_payment_id` int(11) DEFAULT NULL COMMENT 'id form transaction_payments table',
  `amount` decimal(22,4) NOT NULL,
  `type` varchar(100) NOT NULL COMMENT 'debit, credit etc',
  `sub_type` varchar(100) NOT NULL,
  `map_type` varchar(100) DEFAULT NULL,
  `created_by` int(11) NOT NULL,
  `operation_date` datetime NOT NULL,
  `note` longtext DEFAULT NULL,
  `created_at` timestamp NULL DEFAULT NULL,
  `updated_at` timestamp NULL DEFAULT NULL,
  `variation_id` bigint(20) UNSIGNED DEFAULT NULL
) ENGINE=InnoDB DEFAULT CHARSET=utf8mb4 COLLATE=utf8mb4_unicode_ci;

--
-- Dumping data for table `accounting_accounts_transactions`
--

INSERT INTO `accounting_accounts_transactions` (`id`, `accounting_account_id`, `acc_trans_mapping_id`, `transaction_id`, `transaction_payment_id`, `amount`, `type`, `sub_type`, `map_type`, `created_by`, `operation_date`, `note`, `created_at`, `updated_at`, `variation_id`) VALUES
(9, 21, NULL, 4, NULL, 600.0000, 'credit', 'sell', 'payment_account', 1, '2025-06-26 01:18:00', '', '2025-06-25 22:19:27', '2025-06-29 07:15:53', NULL),
(10, 32, NULL, 4, NULL, 600.0000, 'debit', 'sell', 'deposit_to', 1, '2025-06-26 01:18:00', '', '2025-06-25 22:19:27', '2025-06-29 07:15:53', NULL),
(21, 50, NULL, 11, NULL, 10000.0000, 'credit', 'opening_stock', 'payment_account', 1, '2025-01-01 00:00:00', '', '2025-06-26 01:40:03', '2025-06-26 01:40:03', NULL),
(22, 37, NULL, 11, NULL, 10000.0000, 'debit', 'opening_stock', 'deposit_to', 1, '2025-01-01 00:00:00', '', '2025-06-26 01:40:03', '2025-06-26 01:40:03', NULL),
(23, 50, NULL, 12, NULL, 5000.0000, 'credit', 'opening_stock', 'payment_account', 1, '2025-01-01 00:00:00', '', '2025-06-26 01:40:03', '2025-06-26 01:40:03', NULL),
(24, 37, NULL, 12, NULL, 5000.0000, 'debit', 'opening_stock', 'deposit_to', 1, '2025-01-01 00:00:00', '', '2025-06-26 01:40:03', '2025-06-26 01:40:03', NULL),
(27, 32, NULL, NULL, 7, 500.0000, 'credit', 'sell_payment', 'payment_account', 1, '2025-06-29 03:56:19', '', '2025-06-29 00:56:19', '2025-06-29 00:56:19', NULL),
(28, 101, NULL, NULL, 7, 500.0000, 'debit', 'sell_payment', 'deposit_to', 1, '2025-06-29 03:56:19', '', '2025-06-29 00:56:19', '2025-06-29 00:56:19', NULL),
(29, 21, NULL, 14, NULL, 500.0000, 'credit', 'sell', 'payment_account', 1, '2025-06-29 03:37:00', '', '2025-06-29 00:56:20', '2025-06-29 00:56:20', NULL),
(30, 32, NULL, 14, NULL, 500.0000, 'debit', 'sell', 'deposit_to', 1, '2025-06-29 03:37:00', '', '2025-06-29 00:56:20', '2025-06-29 00:56:20', NULL),
(31, 32, NULL, 15, NULL, 200.0000, 'credit', 'sell_return', 'payment_account', 1, '2025-06-29 10:16:00', '', '2025-06-29 07:16:55', '2025-06-29 07:16:55', NULL),
(32, 21, NULL, 15, NULL, 200.0000, 'debit', 'sell_return', 'deposit_to', 1, '2025-06-29 10:16:00', '', '2025-06-29 07:16:55', '2025-06-29 07:16:55', NULL),
(33, 32, NULL, 16, NULL, 300.0000, 'credit', 'sell_return', 'payment_account', 1, '2025-06-29 10:17:00', '', '2025-06-29 07:18:04', '2025-06-29 07:18:04', NULL),
(34, 21, NULL, 16, NULL, 300.0000, 'debit', 'sell_return', 'deposit_to', 1, '2025-06-29 10:17:00', '', '2025-06-29 07:18:04', '2025-06-29 07:18:04', NULL),
(35, 32, NULL, NULL, 8, 300.0000, 'credit', 'sell', 'payment_account', 1, '2025-06-29 12:45:00', '', '2025-06-29 09:46:07', '2025-06-29 09:46:07', NULL),
(36, 101, NULL, NULL, 8, 300.0000, 'debit', 'sell', 'deposit_to', 1, '2025-06-29 12:45:00', '', '2025-06-29 09:46:07', '2025-06-29 09:46:07', NULL),
(37, 32, NULL, NULL, 10, 300.0000, 'credit', 'sell', 'payment_account', 1, '2025-06-29 12:52:00', '', '2025-06-29 09:57:13', '2025-06-29 09:57:13', NULL),
(38, 101, NULL, NULL, 10, 300.0000, 'debit', 'sell', 'deposit_to', 1, '2025-06-29 12:52:00', '', '2025-06-29 09:57:13', '2025-06-29 09:57:13', NULL),
(39, 32, NULL, NULL, 12, 300.0000, 'credit', 'sell', 'payment_account', 1, '2025-06-29 12:58:00', '', '2025-06-29 09:58:23', '2025-06-29 09:58:23', NULL),
(40, 101, NULL, NULL, 12, 300.0000, 'debit', 'sell', 'deposit_to', 1, '2025-06-29 12:58:00', '', '2025-06-29 09:58:23', '2025-06-29 09:58:23', NULL),
(43, 21, NULL, 17, NULL, 600.0000, 'credit', 'sell', 'payment_account', 1, '2025-07-01 03:47:00', '', '2025-07-01 00:48:09', '2025-07-01 00:49:17', NULL),
(44, 32, NULL, 17, NULL, 600.0000, 'debit', 'sell', 'deposit_to', 1, '2025-07-01 03:47:00', '', '2025-07-01 00:48:09', '2025-07-01 00:49:17', NULL),
(45, 21, NULL, 18, NULL, 500.0000, 'credit', 'sell', 'payment_account', 1, '2025-07-01 03:48:00', '', '2025-07-01 00:48:52', '2025-07-01 00:48:52', NULL),
(46, 32, NULL, 18, NULL, 500.0000, 'debit', 'sell', 'deposit_to', 1, '2025-07-01 03:48:00', '', '2025-07-01 00:48:52', '2025-07-01 00:48:52', NULL),
(69, 32, NULL, NULL, 43, 1100.0000, 'credit', 'sell', 'payment_account', 1, '2025-07-01 06:39:00', '', '2025-07-01 03:39:41', '2025-07-01 03:39:41', NULL),
(70, 101, NULL, NULL, 43, 1100.0000, 'debit', 'sell', 'deposit_to', 1, '2025-07-01 06:39:00', '', '2025-07-01 03:39:41', '2025-07-01 03:39:41', NULL),
(71, 21, NULL, 19, NULL, 500.0000, 'credit', 'sell', 'payment_account', 1, '2025-07-02 02:36:00', '', '2025-07-01 23:37:01', '2025-07-01 23:37:01', NULL),
(72, 32, NULL, 19, NULL, 500.0000, 'debit', 'sell', 'deposit_to', 1, '2025-07-02 02:36:00', '', '2025-07-01 23:37:01', '2025-07-01 23:37:01', NULL),
(77, 21, NULL, 23, NULL, 700.0000, 'credit', 'sell', 'payment_account', 1, '2025-07-02 03:03:00', '', '2025-07-02 00:03:54', '2025-07-02 00:03:54', NULL),
(78, 32, NULL, 23, NULL, 700.0000, 'debit', 'sell', 'deposit_to', 1, '2025-07-02 03:03:00', '', '2025-07-02 00:03:54', '2025-07-02 00:03:54', NULL),
(79, 32, NULL, NULL, 46, 200.0000, 'credit', 'sell_payment', 'payment_account', 1, '2025-07-05 02:24:47', '', '2025-07-03 00:42:38', '2025-07-04 23:24:47', NULL),
(80, 101, NULL, NULL, 46, 200.0000, 'debit', 'sell_payment', 'deposit_to', 1, '2025-07-05 02:24:47', '', '2025-07-03 00:42:38', '2025-07-04 23:24:47', NULL),
(81, 21, NULL, 24, NULL, 200.0000, 'credit', 'sell', 'payment_account', 1, '2025-07-03 03:41:00', '', '2025-07-03 00:42:39', '2025-07-04 23:24:47', NULL),
(82, 32, NULL, 24, NULL, 200.0000, 'debit', 'sell', 'deposit_to', 1, '2025-07-03 03:41:00', '', '2025-07-03 00:42:39', '2025-07-04 23:24:47', NULL);

-- --------------------------------------------------------

--
-- Table structure for table `accounting_account_types`
--

CREATE TABLE `accounting_account_types` (
  `id` bigint(20) UNSIGNED NOT NULL,
  `name` varchar(191) NOT NULL,
  `gl_code` varchar(191) DEFAULT NULL,
  `business_id` int(11) DEFAULT NULL,
  `created_by` int(11) DEFAULT NULL,
  `account_primary_type` varchar(191) DEFAULT NULL,
  `account_type` varchar(191) DEFAULT NULL,
  `parent_id` bigint(20) DEFAULT NULL,
  `description` text DEFAULT NULL,
  `show_balance` tinyint(1) NOT NULL DEFAULT 1,
  `created_at` timestamp NULL DEFAULT NULL,
  `updated_at` timestamp NULL DEFAULT NULL
) ENGINE=InnoDB DEFAULT CHARSET=utf8mb4 COLLATE=utf8mb4_unicode_ci;

--
-- Dumping data for table `accounting_account_types`
--

INSERT INTO `accounting_account_types` (`id`, `name`, `gl_code`, `business_id`, `created_by`, `account_primary_type`, `account_type`, `parent_id`, `description`, `show_balance`, `created_at`, `updated_at`) VALUES
(10, 'Current Assets', '11', 1, 1, 'asset', 'sub_type', NULL, NULL, 1, '2025-05-27 13:29:22', '2025-05-27 13:29:22'),
(11, 'Non-Current Assets', '12', 1, 1, 'asset', 'sub_type', NULL, NULL, 1, '2025-05-27 13:30:03', '2025-05-27 13:30:03'),
(12, 'Current Liability', '21', 1, 1, 'liability', 'sub_type', NULL, NULL, 1, '2025-05-27 13:30:19', '2025-05-27 13:30:19'),
(13, 'Non-Current Liability', '22', 1, 1, 'liability', 'sub_type', NULL, NULL, 1, '2025-05-27 13:30:34', '2025-05-27 13:30:34'),
(14, 'Owners Equity', '3', 1, 1, 'equity', 'sub_type', NULL, NULL, 1, '2025-05-27 13:30:50', '2025-05-27 13:30:50'),
(15, 'Operating income', '41', 1, 1, 'income', 'sub_type', NULL, NULL, 1, '2025-05-27 13:31:25', '2025-05-27 13:31:25'),
(16, 'Other Income', '42', 1, 1, 'income', 'sub_type', NULL, NULL, 1, '2025-05-27 13:31:36', '2025-05-27 13:31:36'),
(17, 'Operating Expense', '51', 1, 1, 'expenses', 'sub_type', NULL, NULL, 1, '2025-05-27 13:31:54', '2025-05-27 13:31:54'),
(18, 'General & Administrative Expenses', '52', 1, 1, 'expenses', 'sub_type', NULL, NULL, 1, '2025-05-27 13:32:35', '2025-05-27 13:32:35');

-- --------------------------------------------------------

--
-- Table structure for table `accounting_acc_trans_mappings`
--

CREATE TABLE `accounting_acc_trans_mappings` (
  `id` bigint(20) UNSIGNED NOT NULL,
  `business_id` int(11) NOT NULL,
  `ref_no` varchar(100) NOT NULL,
  `type` varchar(100) NOT NULL,
  `created_by` int(11) NOT NULL,
  `operation_date` datetime NOT NULL,
  `note` text DEFAULT NULL,
  `created_at` timestamp NULL DEFAULT NULL,
  `updated_at` timestamp NULL DEFAULT NULL,
  `location_id` bigint(20) UNSIGNED DEFAULT NULL
) ENGINE=InnoDB DEFAULT CHARSET=utf8mb4 COLLATE=utf8mb4_unicode_ci;

-- --------------------------------------------------------

--
-- Table structure for table `accounting_budgets`
--

CREATE TABLE `accounting_budgets` (
  `id` bigint(20) UNSIGNED NOT NULL,
  `accounting_account_id` bigint(20) UNSIGNED NOT NULL,
  `financial_year` int(11) NOT NULL,
  `jan` decimal(22,4) DEFAULT NULL,
  `feb` decimal(22,4) DEFAULT NULL,
  `mar` decimal(22,4) DEFAULT NULL,
  `apr` decimal(22,4) DEFAULT NULL,
  `may` decimal(22,4) DEFAULT NULL,
  `jun` decimal(22,4) DEFAULT NULL,
  `jul` decimal(22,4) DEFAULT NULL,
  `aug` decimal(22,4) DEFAULT NULL,
  `sep` decimal(22,4) DEFAULT NULL,
  `oct` decimal(22,4) DEFAULT NULL,
  `nov` decimal(22,4) DEFAULT NULL,
  `dec` decimal(22,4) DEFAULT NULL,
  `quarter_1` decimal(22,4) DEFAULT NULL,
  `quarter_2` decimal(22,4) DEFAULT NULL,
  `quarter_3` decimal(22,4) DEFAULT NULL,
  `quarter_4` decimal(22,4) DEFAULT NULL,
  `yearly` decimal(22,4) DEFAULT NULL,
  `created_at` timestamp NULL DEFAULT NULL,
  `updated_at` timestamp NULL DEFAULT NULL
) ENGINE=InnoDB DEFAULT CHARSET=utf8mb4 COLLATE=utf8mb4_unicode_ci;

-- --------------------------------------------------------

--
-- Table structure for table `accounts`
--

CREATE TABLE `accounts` (
  `id` int(10) UNSIGNED NOT NULL,
  `business_id` int(11) NOT NULL,
  `name` varchar(191) NOT NULL,
  `account_number` varchar(191) NOT NULL,
  `account_details` text DEFAULT NULL,
  `account_type_id` int(11) DEFAULT NULL,
  `note` text DEFAULT NULL,
  `created_by` int(11) NOT NULL,
  `is_closed` tinyint(1) NOT NULL DEFAULT 0,
  `deleted_at` timestamp NULL DEFAULT NULL,
  `created_at` timestamp NULL DEFAULT NULL,
  `updated_at` timestamp NULL DEFAULT NULL,
  `accounting_account_id` bigint(20) UNSIGNED DEFAULT NULL
) ENGINE=InnoDB DEFAULT CHARSET=utf8mb4 COLLATE=utf8mb4_unicode_ci;

--
-- Dumping data for table `accounts`
--

INSERT INTO `accounts` (`id`, `business_id`, `name`, `account_number`, `account_details`, `account_type_id`, `note`, `created_by`, `is_closed`, `deleted_at`, `created_at`, `updated_at`, `accounting_account_id`) VALUES
(1, 1, 'CIB', '0', NULL, 0, NULL, 1, 0, NULL, '2025-06-23 21:01:24', '2025-06-23 21:01:24', 101),
(2, 1, 'Banck Misr', '0', NULL, 0, NULL, 1, 0, NULL, '2025-06-23 21:01:44', '2025-06-23 21:01:44', 102);

-- --------------------------------------------------------

--
-- Table structure for table `account_transactions`
--

CREATE TABLE `account_transactions` (
  `id` int(10) UNSIGNED NOT NULL,
  `account_id` int(11) NOT NULL,
  `type` enum('debit','credit') NOT NULL,
  `sub_type` enum('opening_balance','fund_transfer','deposit') DEFAULT NULL,
  `amount` decimal(22,4) NOT NULL,
  `reff_no` varchar(191) DEFAULT NULL,
  `operation_date` datetime NOT NULL,
  `created_by` int(11) NOT NULL,
  `transaction_id` int(11) DEFAULT NULL,
  `transaction_payment_id` int(11) DEFAULT NULL,
  `transfer_transaction_id` int(11) DEFAULT NULL,
  `note` text DEFAULT NULL,
  `deleted_at` timestamp NULL DEFAULT NULL,
  `created_at` timestamp NULL DEFAULT NULL,
  `updated_at` timestamp NULL DEFAULT NULL,
  `acc_trans_mapping_id` bigint(20) UNSIGNED DEFAULT NULL
) ENGINE=InnoDB DEFAULT CHARSET=utf8mb4 COLLATE=utf8mb4_unicode_ci;

--
-- Dumping data for table `account_transactions`
--

INSERT INTO `account_transactions` (`id`, `account_id`, `type`, `sub_type`, `amount`, `reff_no`, `operation_date`, `created_by`, `transaction_id`, `transaction_payment_id`, `transfer_transaction_id`, `note`, `deleted_at`, `created_at`, `updated_at`, `acc_trans_mapping_id`) VALUES
(1, 1, 'debit', NULL, 10000.0000, NULL, '2025-06-24 00:05:00', 1, 1, 6, NULL, '', '2025-06-24 00:31:09', '2025-06-23 21:15:04', '2025-06-24 00:31:09', NULL),
(2, 1, 'credit', NULL, 500.0000, NULL, '2025-06-29 03:37:00', 1, 14, 7, NULL, '', NULL, '2025-06-29 00:56:19', '2025-06-29 00:56:19', NULL),
(18, 1, 'credit', NULL, 500.0000, NULL, '2025-07-01 06:39:00', 1, NULL, 43, NULL, '', NULL, '2025-07-01 03:39:41', '2025-07-01 03:40:20', NULL),
(19, 1, 'credit', NULL, 200.0000, NULL, '2025-07-03 03:41:00', 1, 24, 46, NULL, '', NULL, '2025-07-04 23:24:46', '2025-07-04 23:24:46', NULL);

-- --------------------------------------------------------

--
-- Table structure for table `account_types`
--

CREATE TABLE `account_types` (
  `id` int(10) UNSIGNED NOT NULL,
  `name` varchar(191) NOT NULL,
  `parent_account_type_id` int(11) DEFAULT NULL,
  `business_id` int(11) NOT NULL,
  `created_at` timestamp NULL DEFAULT NULL,
  `updated_at` timestamp NULL DEFAULT NULL
) ENGINE=InnoDB DEFAULT CHARSET=utf8mb4 COLLATE=utf8mb4_unicode_ci;

-- --------------------------------------------------------

--
-- Table structure for table `activity_log`
--

CREATE TABLE `activity_log` (
  `id` int(10) UNSIGNED NOT NULL,
  `log_name` varchar(191) DEFAULT NULL,
  `description` text NOT NULL,
  `subject_id` int(11) DEFAULT NULL,
  `subject_type` varchar(191) DEFAULT NULL,
  `event` varchar(191) DEFAULT NULL,
  `business_id` int(11) DEFAULT NULL,
  `causer_id` int(11) DEFAULT NULL,
  `causer_type` varchar(191) DEFAULT NULL,
  `properties` text DEFAULT NULL,
  `batch_uuid` char(36) DEFAULT NULL,
  `created_at` timestamp NULL DEFAULT NULL,
  `updated_at` timestamp NULL DEFAULT NULL
) ENGINE=InnoDB DEFAULT CHARSET=utf8mb4 COLLATE=utf8mb4_unicode_ci;

--
-- Dumping data for table `activity_log`
--

INSERT INTO `activity_log` (`id`, `log_name`, `description`, `subject_id`, `subject_type`, `event`, `business_id`, `causer_id`, `causer_type`, `properties`, `batch_uuid`, `created_at`, `updated_at`) VALUES
(1, 'default', 'added', 47, 'App\\User', NULL, 1, 1, 'App\\User', '{\"name\":\"Mr Sales person\"}', NULL, '2025-06-23 21:02:16', '2025-06-23 21:02:16'),
(2, 'default', 'edited', 47, 'App\\User', NULL, 1, 1, 'App\\User', '{\"name\":\"Mr Sales person\"}', NULL, '2025-06-23 21:02:57', '2025-06-23 21:02:57'),
(3, 'default', 'payment_edited', 1, 'App\\Transaction', NULL, 1, 1, 'App\\User', '[]', NULL, '2025-06-23 21:15:04', '2025-06-23 21:15:04'),
(4, 'default', 'login', 1, 'App\\User', NULL, 1, 1, 'App\\User', '[]', NULL, '2025-06-25 20:04:12', '2025-06-25 20:04:12'),
(5, 'default', 'added', 48, 'App\\User', NULL, 1, 1, 'App\\User', '{\"name\":\"MR Hsn slaes person\"}', NULL, '2025-06-25 21:30:47', '2025-06-25 21:30:47'),
(6, 'default', 'added', 1, 'App\\Contact', NULL, 1, 1, 'App\\User', '[]', NULL, '2025-06-25 21:49:06', '2025-06-25 21:49:06'),
(7, 'default', 'added', 2, 'App\\Contact', NULL, 1, 1, 'App\\User', '[]', NULL, '2025-06-25 21:49:54', '2025-06-25 21:49:54'),
(8, 'default', 'added', 3, 'App\\Contact', NULL, 1, 1, 'App\\User', '[]', NULL, '2025-06-25 22:10:49', '2025-06-25 22:10:49'),
(9, 'default', 'added', 4, 'App\\Transaction', NULL, 1, 1, 'App\\User', '{\"attributes\":{\"type\":\"sell\",\"status\":\"final\",\"payment_status\":\"due\",\"final_total\":500}}', NULL, '2025-06-25 22:19:27', '2025-06-25 22:19:27'),
(10, 'default', 'added', 10, 'App\\Transaction', NULL, 1, 1, 'App\\User', '{\"attributes\":{\"type\":\"sell\",\"status\":\"draft\",\"sub_status\":\"quotation\",\"final_total\":100}}', NULL, '2025-06-26 00:56:16', '2025-06-26 00:56:16'),
(11, 'default', 'login', 1, 'App\\User', NULL, 1, 1, 'App\\User', '[]', NULL, '2025-06-27 21:25:36', '2025-06-27 21:25:36'),
(12, 'default', 'login', 1, 'App\\User', NULL, 1, 1, 'App\\User', '[]', NULL, '2025-06-28 19:20:39', '2025-06-28 19:20:39'),
(13, 'default', 'edited', 3, 'App\\Contact', NULL, 1, 1, 'App\\User', '[]', NULL, '2025-06-28 20:31:19', '2025-06-28 20:31:19'),
(14, 'default', 'edited', 2, 'App\\Contact', NULL, 1, 1, 'App\\User', '[]', NULL, '2025-06-28 20:31:32', '2025-06-28 20:31:32'),
(15, 'default', 'login', 1, 'App\\User', NULL, 1, 1, 'App\\User', '[]', NULL, '2025-06-29 00:21:04', '2025-06-29 00:21:04'),
(16, 'default', 'added', 14, 'App\\Transaction', NULL, 1, 1, 'App\\User', '{\"attributes\":{\"type\":\"sell\",\"status\":\"final\",\"payment_status\":\"paid\",\"final_total\":500}}', NULL, '2025-06-29 00:56:20', '2025-06-29 00:56:20'),
(17, 'default', 'login', 1, 'App\\User', NULL, 1, 1, 'App\\User', '[]', NULL, '2025-06-29 05:12:31', '2025-06-29 05:12:31'),
(18, 'default', 'edited', 4, 'App\\Transaction', NULL, 1, 1, 'App\\User', '{\"attributes\":{\"type\":\"sell\",\"status\":\"final\",\"payment_status\":\"due\",\"final_total\":600},\"old\":{\"type\":\"sell\",\"status\":\"final\",\"payment_status\":\"due\",\"final_total\":\"500.0000\"}}', NULL, '2025-06-29 07:15:53', '2025-06-29 07:15:53'),
(19, 'default', 'added', 15, 'App\\Transaction', NULL, 1, 1, 'App\\User', '{\"attributes\":{\"type\":\"sell_return\",\"final_total\":200}}', NULL, '2025-06-29 07:16:55', '2025-06-29 07:16:55'),
(20, 'default', 'added', 16, 'App\\Transaction', NULL, 1, 1, 'App\\User', '{\"attributes\":{\"type\":\"sell_return\",\"final_total\":300}}', NULL, '2025-06-29 07:18:04', '2025-06-29 07:18:04'),
(21, 'default', 'payment_edited', 4, 'App\\Transaction', NULL, 1, 1, 'App\\User', '{\"attributes\":{\"type\":\"sell\",\"status\":\"final\",\"payment_status\":\"partial\",\"final_total\":\"600.0000\"},\"old\":{\"type\":\"sell\",\"status\":\"final\",\"payment_status\":\"due\",\"final_total\":\"600.0000\"}}', NULL, '2025-06-29 09:46:07', '2025-06-29 09:46:07'),
(22, 'default', 'payment_edited', 4, 'App\\Transaction', NULL, 1, 1, 'App\\User', '{\"attributes\":{\"type\":\"sell\",\"status\":\"final\",\"payment_status\":\"paid\",\"final_total\":\"600.0000\"},\"old\":{\"type\":\"sell\",\"status\":\"final\",\"payment_status\":\"partial\",\"final_total\":\"600.0000\"}}', NULL, '2025-06-29 09:57:13', '2025-06-29 09:57:13'),
(23, 'default', 'login', 1, 'App\\User', NULL, 1, 1, 'App\\User', '[]', NULL, '2025-06-29 12:59:03', '2025-06-29 12:59:03'),
(24, 'default', 'login', 1, 'App\\User', NULL, 1, 1, 'App\\User', '[]', NULL, '2025-06-30 03:03:48', '2025-06-30 03:03:48'),
(25, 'default', 'login', 1, 'App\\User', NULL, 1, 1, 'App\\User', '[]', NULL, '2025-06-30 19:31:39', '2025-06-30 19:31:39'),
(26, 'default', 'added', 4, 'App\\Contact', NULL, 1, 1, 'App\\User', '[]', NULL, '2025-07-01 00:47:03', '2025-07-01 00:47:03'),
(27, 'default', 'added', 17, 'App\\Transaction', NULL, 1, 1, 'App\\User', '{\"attributes\":{\"type\":\"sell\",\"status\":\"final\",\"payment_status\":\"paid\",\"final_total\":600}}', NULL, '2025-07-01 00:48:09', '2025-07-01 00:48:09'),
(28, 'default', 'added', 18, 'App\\Transaction', NULL, 1, 1, 'App\\User', '{\"attributes\":{\"type\":\"sell\",\"status\":\"final\",\"payment_status\":\"due\",\"final_total\":500}}', NULL, '2025-07-01 00:48:52', '2025-07-01 00:48:52'),
(29, 'default', 'edited', 17, 'App\\Transaction', NULL, 1, 1, 'App\\User', '{\"attributes\":{\"type\":\"sell\",\"status\":\"final\",\"payment_status\":\"paid\",\"final_total\":600},\"old\":{\"type\":\"sell\",\"status\":\"final\",\"payment_status\":\"paid\",\"final_total\":\"600.0000\"}}', NULL, '2025-07-01 00:49:17', '2025-07-01 00:49:17'),
(30, 'default', 'payment_edited', 17, 'App\\Transaction', NULL, 1, 1, 'App\\User', '{\"attributes\":{\"type\":\"sell\",\"status\":\"final\",\"payment_status\":\"due\",\"final_total\":\"600.0000\"},\"old\":{\"type\":\"sell\",\"status\":\"final\",\"payment_status\":\"paid\",\"final_total\":\"600.0000\"}}', NULL, '2025-07-01 00:49:39', '2025-07-01 00:49:39'),
(31, 'default', 'payment_deleted', 13, 'App\\TransactionPayment', NULL, 1, 1, 'App\\User', '{\"id\":13,\"ref_no\":\"SP2025\\/0007\"}', NULL, '2025-07-01 00:49:39', '2025-07-01 00:49:39'),
(32, 'default', 'payment_edited', 17, 'App\\Transaction', NULL, 1, 1, 'App\\User', '{\"attributes\":{\"type\":\"sell\",\"status\":\"final\",\"payment_status\":\"partial\",\"final_total\":\"600.0000\"},\"old\":{\"type\":\"sell\",\"status\":\"final\",\"payment_status\":\"due\",\"final_total\":\"600.0000\"}}', NULL, '2025-07-01 00:50:47', '2025-07-01 00:50:47'),
(33, 'default', 'payment_edited', 17, 'App\\Transaction', NULL, 1, 1, 'App\\User', '{\"attributes\":{\"type\":\"sell\",\"status\":\"final\",\"payment_status\":\"partial\",\"final_total\":\"600.0000\"},\"old\":{\"type\":\"sell\",\"status\":\"final\",\"payment_status\":\"partial\",\"final_total\":\"600.0000\"}}', NULL, '2025-07-01 00:54:44', '2025-07-01 00:54:44'),
(34, 'default', 'payment_edited', 17, 'App\\Transaction', NULL, 1, 1, 'App\\User', '{\"attributes\":{\"type\":\"sell\",\"status\":\"final\",\"payment_status\":\"partial\",\"final_total\":\"600.0000\"},\"old\":{\"type\":\"sell\",\"status\":\"final\",\"payment_status\":\"partial\",\"final_total\":\"600.0000\"}}', NULL, '2025-07-01 01:08:29', '2025-07-01 01:08:29'),
(35, 'default', 'payment_deleted', 16, 'App\\TransactionPayment', NULL, 1, 1, 'App\\User', '{\"id\":16,\"ref_no\":\"SP2025\\/0010\"}', NULL, '2025-07-01 01:08:29', '2025-07-01 01:08:29'),
(36, 'default', 'payment_edited', 17, 'App\\Transaction', NULL, 1, 1, 'App\\User', '{\"attributes\":{\"type\":\"sell\",\"status\":\"final\",\"payment_status\":\"due\",\"final_total\":\"600.0000\"},\"old\":{\"type\":\"sell\",\"status\":\"final\",\"payment_status\":\"partial\",\"final_total\":\"600.0000\"}}', NULL, '2025-07-01 01:08:35', '2025-07-01 01:08:35'),
(37, 'default', 'payment_deleted', 15, 'App\\TransactionPayment', NULL, 1, 1, 'App\\User', '{\"id\":15,\"ref_no\":\"SP2025\\/0009\"}', NULL, '2025-07-01 01:08:35', '2025-07-01 01:08:35'),
(38, 'default', 'payment_deleted', 14, 'App\\TransactionPayment', NULL, 1, 1, 'App\\User', '{\"id\":14,\"ref_no\":\"SP2025\\/0008\"}', NULL, '2025-07-01 01:08:35', '2025-07-01 01:08:35'),
(39, 'default', 'payment_edited', 17, 'App\\Transaction', NULL, 1, 1, 'App\\User', '{\"attributes\":{\"type\":\"sell\",\"status\":\"final\",\"payment_status\":\"partial\",\"final_total\":\"600.0000\"},\"old\":{\"type\":\"sell\",\"status\":\"final\",\"payment_status\":\"due\",\"final_total\":\"600.0000\"}}', NULL, '2025-07-01 02:39:28', '2025-07-01 02:39:28'),
(40, 'default', 'payment_edited', 17, 'App\\Transaction', NULL, 1, 1, 'App\\User', '{\"attributes\":{\"type\":\"sell\",\"status\":\"final\",\"payment_status\":\"due\",\"final_total\":\"600.0000\"},\"old\":{\"type\":\"sell\",\"status\":\"final\",\"payment_status\":\"partial\",\"final_total\":\"600.0000\"}}', NULL, '2025-07-01 02:41:21', '2025-07-01 02:41:21'),
(41, 'default', 'payment_deleted', 23, 'App\\TransactionPayment', NULL, 1, 1, 'App\\User', '{\"id\":23,\"ref_no\":\"SP2025\\/0012\"}', NULL, '2025-07-01 02:41:21', '2025-07-01 02:41:21'),
(42, 'default', 'payment_deleted', 22, 'App\\TransactionPayment', NULL, 1, 1, 'App\\User', '{\"id\":22,\"ref_no\":\"SP2025\\/0011\"}', NULL, '2025-07-01 02:41:21', '2025-07-01 02:41:21'),
(43, 'default', 'payment_edited', 17, 'App\\Transaction', NULL, 1, 1, 'App\\User', '{\"attributes\":{\"type\":\"sell\",\"status\":\"final\",\"payment_status\":\"paid\",\"final_total\":\"600.0000\"},\"old\":{\"type\":\"sell\",\"status\":\"final\",\"payment_status\":\"due\",\"final_total\":\"600.0000\"}}', NULL, '2025-07-01 02:43:01', '2025-07-01 02:43:01'),
(44, 'default', 'payment_edited', 18, 'App\\Transaction', NULL, 1, 1, 'App\\User', '{\"attributes\":{\"type\":\"sell\",\"status\":\"final\",\"payment_status\":\"paid\",\"final_total\":\"500.0000\"},\"old\":{\"type\":\"sell\",\"status\":\"final\",\"payment_status\":\"due\",\"final_total\":\"500.0000\"}}', NULL, '2025-07-01 02:43:01', '2025-07-01 02:43:01'),
(45, 'default', 'payment_edited', 17, 'App\\Transaction', NULL, 1, 1, 'App\\User', '{\"attributes\":{\"type\":\"sell\",\"status\":\"final\",\"payment_status\":\"due\",\"final_total\":\"600.0000\"},\"old\":{\"type\":\"sell\",\"status\":\"final\",\"payment_status\":\"paid\",\"final_total\":\"600.0000\"}}', NULL, '2025-07-01 02:47:35', '2025-07-01 02:47:35'),
(46, 'default', 'payment_deleted', 25, 'App\\TransactionPayment', NULL, 1, 1, 'App\\User', '{\"id\":25,\"ref_no\":\"SP2025\\/0014\"}', NULL, '2025-07-01 02:47:35', '2025-07-01 02:47:35'),
(47, 'default', 'payment_edited', 18, 'App\\Transaction', NULL, 1, 1, 'App\\User', '{\"attributes\":{\"type\":\"sell\",\"status\":\"final\",\"payment_status\":\"due\",\"final_total\":\"500.0000\"},\"old\":{\"type\":\"sell\",\"status\":\"final\",\"payment_status\":\"paid\",\"final_total\":\"500.0000\"}}', NULL, '2025-07-01 02:47:35', '2025-07-01 02:47:35'),
(48, 'default', 'payment_deleted', 26, 'App\\TransactionPayment', NULL, 1, 1, 'App\\User', '{\"id\":26,\"ref_no\":\"SP2025\\/0015\"}', NULL, '2025-07-01 02:47:35', '2025-07-01 02:47:35'),
(49, 'default', 'payment_deleted', 24, 'App\\TransactionPayment', NULL, 1, 1, 'App\\User', '{\"id\":24,\"ref_no\":\"SP2025\\/0013\"}', NULL, '2025-07-01 02:47:35', '2025-07-01 02:47:35'),
(50, 'default', 'payment_edited', 17, 'App\\Transaction', NULL, 1, 1, 'App\\User', '{\"attributes\":{\"type\":\"sell\",\"status\":\"final\",\"payment_status\":\"paid\",\"final_total\":\"600.0000\"},\"old\":{\"type\":\"sell\",\"status\":\"final\",\"payment_status\":\"due\",\"final_total\":\"600.0000\"}}', NULL, '2025-07-01 02:49:59', '2025-07-01 02:49:59'),
(51, 'default', 'payment_edited', 18, 'App\\Transaction', NULL, 1, 1, 'App\\User', '{\"attributes\":{\"type\":\"sell\",\"status\":\"final\",\"payment_status\":\"paid\",\"final_total\":\"500.0000\"},\"old\":{\"type\":\"sell\",\"status\":\"final\",\"payment_status\":\"due\",\"final_total\":\"500.0000\"}}', NULL, '2025-07-01 02:49:59', '2025-07-01 02:49:59'),
(52, 'default', 'payment_edited', 17, 'App\\Transaction', NULL, 1, 1, 'App\\User', '{\"attributes\":{\"type\":\"sell\",\"status\":\"final\",\"payment_status\":\"due\",\"final_total\":\"600.0000\"},\"old\":{\"type\":\"sell\",\"status\":\"final\",\"payment_status\":\"paid\",\"final_total\":\"600.0000\"}}', NULL, '2025-07-01 03:12:16', '2025-07-01 03:12:16'),
(53, 'default', 'payment_deleted', 28, 'App\\TransactionPayment', NULL, 1, 1, 'App\\User', '{\"id\":28,\"ref_no\":\"SP2025\\/0017\"}', NULL, '2025-07-01 03:12:16', '2025-07-01 03:12:16'),
(54, 'default', 'payment_edited', 18, 'App\\Transaction', NULL, 1, 1, 'App\\User', '{\"attributes\":{\"type\":\"sell\",\"status\":\"final\",\"payment_status\":\"due\",\"final_total\":\"500.0000\"},\"old\":{\"type\":\"sell\",\"status\":\"final\",\"payment_status\":\"paid\",\"final_total\":\"500.0000\"}}', NULL, '2025-07-01 03:12:16', '2025-07-01 03:12:16'),
(55, 'default', 'payment_deleted', 29, 'App\\TransactionPayment', NULL, 1, 1, 'App\\User', '{\"id\":29,\"ref_no\":\"SP2025\\/0018\"}', NULL, '2025-07-01 03:12:16', '2025-07-01 03:12:16'),
(56, 'default', 'payment_deleted', 27, 'App\\TransactionPayment', NULL, 1, 1, 'App\\User', '{\"id\":27,\"ref_no\":\"SP2025\\/0016\"}', NULL, '2025-07-01 03:12:16', '2025-07-01 03:12:16'),
(57, 'default', 'payment_edited', 17, 'App\\Transaction', NULL, 1, 1, 'App\\User', '{\"attributes\":{\"type\":\"sell\",\"status\":\"final\",\"payment_status\":\"partial\",\"final_total\":\"600.0000\"},\"old\":{\"type\":\"sell\",\"status\":\"final\",\"payment_status\":\"due\",\"final_total\":\"600.0000\"}}', NULL, '2025-07-01 03:12:37', '2025-07-01 03:12:37'),
(58, 'default', 'payment_edited', 17, 'App\\Transaction', NULL, 1, 1, 'App\\User', '{\"attributes\":{\"type\":\"sell\",\"status\":\"final\",\"payment_status\":\"partial\",\"final_total\":\"600.0000\"},\"old\":{\"type\":\"sell\",\"status\":\"final\",\"payment_status\":\"partial\",\"final_total\":\"600.0000\"}}', NULL, '2025-07-01 03:17:32', '2025-07-01 03:17:32'),
(59, 'default', 'payment_edited', 17, 'App\\Transaction', NULL, 1, 1, 'App\\User', '{\"attributes\":{\"type\":\"sell\",\"status\":\"final\",\"payment_status\":\"partial\",\"final_total\":\"600.0000\"},\"old\":{\"type\":\"sell\",\"status\":\"final\",\"payment_status\":\"partial\",\"final_total\":\"600.0000\"}}', NULL, '2025-07-01 03:18:46', '2025-07-01 03:18:46'),
(60, 'default', 'payment_deleted', 33, 'App\\TransactionPayment', NULL, 1, 1, 'App\\User', '{\"id\":33,\"ref_no\":\"SP2025\\/0022\"}', NULL, '2025-07-01 03:18:46', '2025-07-01 03:18:46'),
(61, 'default', 'payment_deleted', 32, 'App\\TransactionPayment', NULL, 1, 1, 'App\\User', '{\"id\":32,\"ref_no\":\"SP2025\\/0021\"}', NULL, '2025-07-01 03:18:46', '2025-07-01 03:18:46'),
(62, 'default', 'payment_edited', 17, 'App\\Transaction', NULL, 1, 1, 'App\\User', '{\"attributes\":{\"type\":\"sell\",\"status\":\"final\",\"payment_status\":\"paid\",\"final_total\":\"600.0000\"},\"old\":{\"type\":\"sell\",\"status\":\"final\",\"payment_status\":\"partial\",\"final_total\":\"600.0000\"}}', NULL, '2025-07-01 03:19:00', '2025-07-01 03:19:00'),
(63, 'default', 'payment_edited', 18, 'App\\Transaction', NULL, 1, 1, 'App\\User', '{\"attributes\":{\"type\":\"sell\",\"status\":\"final\",\"payment_status\":\"partial\",\"final_total\":\"500.0000\"},\"old\":{\"type\":\"sell\",\"status\":\"final\",\"payment_status\":\"due\",\"final_total\":\"500.0000\"}}', NULL, '2025-07-01 03:22:03', '2025-07-01 03:22:03'),
(64, 'default', 'payment_edited', 18, 'App\\Transaction', NULL, 1, 1, 'App\\User', '{\"attributes\":{\"type\":\"sell\",\"status\":\"final\",\"payment_status\":\"paid\",\"final_total\":\"500.0000\"},\"old\":{\"type\":\"sell\",\"status\":\"final\",\"payment_status\":\"partial\",\"final_total\":\"500.0000\"}}', NULL, '2025-07-01 03:24:21', '2025-07-01 03:24:21'),
(65, 'default', 'payment_edited', 18, 'App\\Transaction', NULL, 1, 1, 'App\\User', '{\"attributes\":{\"type\":\"sell\",\"status\":\"final\",\"payment_status\":\"partial\",\"final_total\":\"500.0000\"},\"old\":{\"type\":\"sell\",\"status\":\"final\",\"payment_status\":\"paid\",\"final_total\":\"500.0000\"}}', NULL, '2025-07-01 03:32:02', '2025-07-01 03:32:02'),
(66, 'default', 'payment_deleted', 39, 'App\\TransactionPayment', NULL, 1, 1, 'App\\User', '{\"id\":39,\"ref_no\":\"SP2025\\/0028\"}', NULL, '2025-07-01 03:32:02', '2025-07-01 03:32:02'),
(67, 'default', 'payment_deleted', 38, 'App\\TransactionPayment', NULL, 1, 1, 'App\\User', '{\"id\":38,\"ref_no\":\"SP2025\\/0027\"}', NULL, '2025-07-01 03:32:02', '2025-07-01 03:32:02'),
(68, 'default', 'payment_edited', 18, 'App\\Transaction', NULL, 1, 1, 'App\\User', '{\"attributes\":{\"type\":\"sell\",\"status\":\"final\",\"payment_status\":\"due\",\"final_total\":\"500.0000\"},\"old\":{\"type\":\"sell\",\"status\":\"final\",\"payment_status\":\"partial\",\"final_total\":\"500.0000\"}}', NULL, '2025-07-01 03:32:07', '2025-07-01 03:32:07'),
(69, 'default', 'payment_deleted', 37, 'App\\TransactionPayment', NULL, 1, 1, 'App\\User', '{\"id\":37,\"ref_no\":\"SP2025\\/0026\"}', NULL, '2025-07-01 03:32:07', '2025-07-01 03:32:07'),
(70, 'default', 'payment_deleted', 36, 'App\\TransactionPayment', NULL, 1, 1, 'App\\User', '{\"id\":36,\"ref_no\":\"SP2025\\/0025\"}', NULL, '2025-07-01 03:32:07', '2025-07-01 03:32:07'),
(71, 'default', 'payment_edited', 17, 'App\\Transaction', NULL, 1, 1, 'App\\User', '{\"attributes\":{\"type\":\"sell\",\"status\":\"final\",\"payment_status\":\"partial\",\"final_total\":\"600.0000\"},\"old\":{\"type\":\"sell\",\"status\":\"final\",\"payment_status\":\"paid\",\"final_total\":\"600.0000\"}}', NULL, '2025-07-01 03:32:09', '2025-07-01 03:32:09'),
(72, 'default', 'payment_deleted', 31, 'App\\TransactionPayment', NULL, 1, 1, 'App\\User', '{\"id\":31,\"ref_no\":\"SP2025\\/0020\"}', NULL, '2025-07-01 03:32:09', '2025-07-01 03:32:09'),
(73, 'default', 'payment_deleted', 30, 'App\\TransactionPayment', NULL, 1, 1, 'App\\User', '{\"id\":30,\"ref_no\":\"SP2025\\/0019\"}', NULL, '2025-07-01 03:32:09', '2025-07-01 03:32:09'),
(74, 'default', 'payment_edited', 17, 'App\\Transaction', NULL, 1, 1, 'App\\User', '{\"attributes\":{\"type\":\"sell\",\"status\":\"final\",\"payment_status\":\"due\",\"final_total\":\"600.0000\"},\"old\":{\"type\":\"sell\",\"status\":\"final\",\"payment_status\":\"partial\",\"final_total\":\"600.0000\"}}', NULL, '2025-07-01 03:32:16', '2025-07-01 03:32:16'),
(75, 'default', 'payment_deleted', 35, 'App\\TransactionPayment', NULL, 1, 1, 'App\\User', '{\"id\":35,\"ref_no\":\"SP2025\\/0024\"}', NULL, '2025-07-01 03:32:16', '2025-07-01 03:32:16'),
(76, 'default', 'payment_deleted', 34, 'App\\TransactionPayment', NULL, 1, 1, 'App\\User', '{\"id\":34,\"ref_no\":\"SP2025\\/0023\"}', NULL, '2025-07-01 03:32:16', '2025-07-01 03:32:16'),
(77, 'default', 'payment_edited', 17, 'App\\Transaction', NULL, 1, 1, 'App\\User', '{\"attributes\":{\"type\":\"sell\",\"status\":\"final\",\"payment_status\":\"paid\",\"final_total\":\"600.0000\"},\"old\":{\"type\":\"sell\",\"status\":\"final\",\"payment_status\":\"due\",\"final_total\":\"600.0000\"}}', NULL, '2025-07-01 03:33:00', '2025-07-01 03:33:00'),
(78, 'default', 'payment_edited', 18, 'App\\Transaction', NULL, 1, 1, 'App\\User', '{\"attributes\":{\"type\":\"sell\",\"status\":\"final\",\"payment_status\":\"paid\",\"final_total\":\"500.0000\"},\"old\":{\"type\":\"sell\",\"status\":\"final\",\"payment_status\":\"due\",\"final_total\":\"500.0000\"}}', NULL, '2025-07-01 03:33:00', '2025-07-01 03:33:00'),
(79, 'default', 'payment_edited', 17, 'App\\Transaction', NULL, 1, 1, 'App\\User', '{\"attributes\":{\"type\":\"sell\",\"status\":\"final\",\"payment_status\":\"due\",\"final_total\":\"600.0000\"},\"old\":{\"type\":\"sell\",\"status\":\"final\",\"payment_status\":\"paid\",\"final_total\":\"600.0000\"}}', NULL, '2025-07-01 03:35:34', '2025-07-01 03:35:34'),
(80, 'default', 'payment_deleted', 41, 'App\\TransactionPayment', NULL, 1, 1, 'App\\User', '{\"id\":41,\"ref_no\":\"SP2025\\/0030\"}', NULL, '2025-07-01 03:35:34', '2025-07-01 03:35:34'),
(81, 'default', 'payment_edited', 18, 'App\\Transaction', NULL, 1, 1, 'App\\User', '{\"attributes\":{\"type\":\"sell\",\"status\":\"final\",\"payment_status\":\"due\",\"final_total\":\"500.0000\"},\"old\":{\"type\":\"sell\",\"status\":\"final\",\"payment_status\":\"paid\",\"final_total\":\"500.0000\"}}', NULL, '2025-07-01 03:39:32', '2025-07-01 03:39:32'),
(82, 'default', 'payment_deleted', 42, 'App\\TransactionPayment', NULL, 1, 1, 'App\\User', '{\"id\":42,\"ref_no\":\"SP2025\\/0031\"}', NULL, '2025-07-01 03:39:32', '2025-07-01 03:39:32'),
(83, 'default', 'payment_deleted', 40, 'App\\TransactionPayment', NULL, 1, 1, 'App\\User', '{\"id\":40,\"ref_no\":\"SP2025\\/0029\"}', NULL, '2025-07-01 03:39:32', '2025-07-01 03:39:32'),
(84, 'default', 'payment_edited', 17, 'App\\Transaction', NULL, 1, 1, 'App\\User', '{\"attributes\":{\"type\":\"sell\",\"status\":\"final\",\"payment_status\":\"paid\",\"final_total\":\"600.0000\"},\"old\":{\"type\":\"sell\",\"status\":\"final\",\"payment_status\":\"due\",\"final_total\":\"600.0000\"}}', NULL, '2025-07-01 03:39:41', '2025-07-01 03:39:41'),
(85, 'default', 'payment_edited', 18, 'App\\Transaction', NULL, 1, 1, 'App\\User', '{\"attributes\":{\"type\":\"sell\",\"status\":\"final\",\"payment_status\":\"paid\",\"final_total\":\"500.0000\"},\"old\":{\"type\":\"sell\",\"status\":\"final\",\"payment_status\":\"due\",\"final_total\":\"500.0000\"}}', NULL, '2025-07-01 03:39:41', '2025-07-01 03:39:41'),
(86, 'default', 'payment_edited', 17, 'App\\Transaction', NULL, 1, 1, 'App\\User', '{\"attributes\":{\"type\":\"sell\",\"status\":\"final\",\"payment_status\":\"due\",\"final_total\":\"600.0000\"},\"old\":{\"type\":\"sell\",\"status\":\"final\",\"payment_status\":\"paid\",\"final_total\":\"600.0000\"}}', NULL, '2025-07-01 03:40:20', '2025-07-01 03:40:20'),
(87, 'default', 'payment_deleted', 44, 'App\\TransactionPayment', NULL, 1, 1, 'App\\User', '{\"id\":44,\"ref_no\":\"SP2025\\/0033\"}', NULL, '2025-07-01 03:40:20', '2025-07-01 03:40:20'),
(88, 'default', 'login', 1, 'App\\User', NULL, 1, 1, 'App\\User', '[]', NULL, '2025-07-01 22:56:52', '2025-07-01 22:56:52'),
(89, 'default', 'logout', 1, 'App\\User', NULL, 1, 1, 'App\\User', '[]', NULL, '2025-07-01 23:18:17', '2025-07-01 23:18:17'),
(90, 'default', 'login', 1, 'App\\User', NULL, 1, 1, 'App\\User', '[]', NULL, '2025-07-01 23:18:23', '2025-07-01 23:18:23'),
(91, 'default', 'added', 19, 'App\\Transaction', NULL, 1, 1, 'App\\User', '[]', NULL, '2025-07-01 23:37:00', '2025-07-01 23:37:00'),
(92, 'default', 'added', 20, 'App\\Transaction', NULL, 1, 1, 'App\\User', '[]', NULL, '2025-07-01 23:46:49', '2025-07-01 23:46:49'),
(93, 'default', 'edited', 19, 'App\\Transaction', NULL, 1, 1, 'App\\User', '[]', NULL, '2025-07-01 23:47:32', '2025-07-01 23:47:32'),
(94, 'default', 'added', 21, 'App\\Transaction', NULL, 1, 1, 'App\\User', '{\"attributes\":{\"type\":\"sell\",\"status\":\"final\",\"payment_status\":\"due\",\"final_total\":500}}', NULL, '2025-07-01 23:58:26', '2025-07-01 23:58:26'),
(95, 'default', 'added', 22, 'App\\Transaction', NULL, 1, 1, 'App\\User', '{\"attributes\":{\"type\":\"sell\",\"status\":\"final\",\"payment_status\":\"due\",\"final_total\":200}}', NULL, '2025-07-02 00:00:12', '2025-07-02 00:00:12'),
(96, 'default', 'sell_deleted', 22, 'App\\Transaction', NULL, 1, 1, 'App\\User', '{\"id\":22,\"invoice_no\":\"AS0050\",\"attributes\":{\"type\":\"sell\",\"status\":\"final\",\"payment_status\":\"due\",\"final_total\":\"200.0000\"}}', NULL, '2025-07-02 00:02:50', '2025-07-02 00:02:50'),
(97, 'default', 'sell_deleted', 21, 'App\\Transaction', NULL, 1, 1, 'App\\User', '{\"id\":21,\"invoice_no\":\"AS0049\",\"attributes\":{\"type\":\"sell\",\"status\":\"final\",\"payment_status\":\"due\",\"final_total\":\"500.0000\"}}', NULL, '2025-07-02 00:02:56', '2025-07-02 00:02:56'),
(98, 'default', 'added', 23, 'App\\Transaction', NULL, 1, 1, 'App\\User', '{\"attributes\":{\"type\":\"sell\",\"status\":\"final\",\"payment_status\":\"due\",\"final_total\":700}}', NULL, '2025-07-02 00:03:54', '2025-07-02 00:03:54'),
(99, 'default', 'login', 1, 'App\\User', NULL, 1, 1, 'App\\User', '[]', NULL, '2025-07-02 20:14:15', '2025-07-02 20:14:15'),
(100, 'default', 'edited', 3, 'App\\Contact', NULL, 1, 1, 'App\\User', '[]', NULL, '2025-07-03 00:28:12', '2025-07-03 00:28:12'),
(101, 'default', 'added', 24, 'App\\Transaction', NULL, 1, 1, 'App\\User', '{\"attributes\":{\"type\":\"sell\",\"status\":\"final\",\"payment_status\":\"paid\",\"final_total\":200}}', NULL, '2025-07-03 00:42:38', '2025-07-03 00:42:38'),
(102, 'default', 'added', 25, 'App\\Transaction', NULL, 1, 1, 'App\\User', '{\"attributes\":{\"type\":\"sell\",\"status\":\"draft\",\"sub_status\":\"quotation\",\"final_total\":300}}', NULL, '2025-07-03 00:58:08', '2025-07-03 00:58:08'),
(103, 'default', 'added', 26, 'App\\Transaction', NULL, 1, 1, 'App\\User', '{\"attributes\":{\"type\":\"sell\",\"status\":\"draft\",\"sub_status\":\"quotation\",\"final_total\":300}}', NULL, '2025-07-03 01:01:11', '2025-07-03 01:01:11'),
(104, 'default', 'login', 1, 'App\\User', NULL, 1, 1, 'App\\User', '[]', NULL, '2025-07-04 22:38:34', '2025-07-04 22:38:34'),
(105, 'default', 'edited', 24, 'App\\Transaction', NULL, 1, 1, 'App\\User', '{\"attributes\":{\"type\":\"sell\",\"status\":\"final\",\"shipping_status\":\"ordered\",\"payment_status\":\"paid\",\"final_total\":200},\"old\":{\"type\":\"sell\",\"status\":\"final\",\"payment_status\":\"paid\",\"final_total\":\"200.0000\"}}', NULL, '2025-07-04 23:24:47', '2025-07-04 23:24:47'),
(106, 'default', 'login', 1, 'App\\User', NULL, 1, 1, 'App\\User', '[]', NULL, '2025-07-06 19:53:20', '2025-07-06 19:53:20'),
(107, 'default', 'added', 27, 'App\\Transaction', NULL, 1, 1, 'App\\User', '{\"attributes\":{\"type\":\"sell\",\"status\":\"draft\",\"final_total\":100}}', NULL, '2025-07-06 21:38:13', '2025-07-06 21:38:13'),
(108, 'default', 'login', 1, 'App\\User', NULL, 1, 1, 'App\\User', '[]', NULL, '2025-07-08 02:36:15', '2025-07-08 02:36:15');

-- --------------------------------------------------------

--
-- Table structure for table `assets`
--

CREATE TABLE `assets` (
  `id` int(10) UNSIGNED NOT NULL,
  `business_id` int(10) UNSIGNED NOT NULL,
  `asset_code` varchar(191) NOT NULL,
  `name` varchar(191) NOT NULL,
  `quantity` decimal(22,4) NOT NULL,
  `model` varchar(191) DEFAULT NULL,
  `serial_no` varchar(191) DEFAULT NULL,
  `category_id` int(10) UNSIGNED DEFAULT NULL,
  `location_id` int(10) UNSIGNED DEFAULT NULL,
  `purchase_date` date DEFAULT NULL,
  `purchase_type` varchar(191) DEFAULT NULL,
  `unit_price` decimal(22,4) NOT NULL,
  `depreciation` decimal(22,4) DEFAULT NULL,
  `is_allocatable` tinyint(1) NOT NULL DEFAULT 0,
  `description` text DEFAULT NULL,
  `created_by` int(10) UNSIGNED NOT NULL,
  `created_at` timestamp NULL DEFAULT NULL,
  `updated_at` timestamp NULL DEFAULT NULL
) ENGINE=InnoDB DEFAULT CHARSET=utf8mb4 COLLATE=utf8mb4_unicode_ci;

-- --------------------------------------------------------

--
-- Table structure for table `asset_maintenances`
--

CREATE TABLE `asset_maintenances` (
  `id` bigint(20) UNSIGNED NOT NULL,
  `business_id` int(11) NOT NULL,
  `asset_id` int(11) NOT NULL,
  `maitenance_id` varchar(191) DEFAULT NULL,
  `status` varchar(191) DEFAULT NULL,
  `priority` varchar(191) DEFAULT NULL,
  `created_by` int(11) NOT NULL,
  `assigned_to` int(11) DEFAULT NULL,
  `details` text DEFAULT NULL,
  `maintenance_note` text DEFAULT NULL,
  `created_at` timestamp NULL DEFAULT NULL,
  `updated_at` timestamp NULL DEFAULT NULL
) ENGINE=InnoDB DEFAULT CHARSET=utf8mb4 COLLATE=utf8mb4_unicode_ci;

-- --------------------------------------------------------

--
-- Table structure for table `asset_transactions`
--

CREATE TABLE `asset_transactions` (
  `id` int(10) UNSIGNED NOT NULL,
  `business_id` int(10) UNSIGNED NOT NULL,
  `asset_id` int(10) UNSIGNED DEFAULT NULL,
  `transaction_type` varchar(191) NOT NULL,
  `ref_no` varchar(191) NOT NULL,
  `receiver` int(10) UNSIGNED DEFAULT NULL COMMENT 'id from users table, who receives asset',
  `quantity` decimal(22,4) NOT NULL,
  `transaction_datetime` datetime NOT NULL,
  `allocated_upto` date DEFAULT NULL,
  `reason` text DEFAULT NULL,
  `parent_id` int(10) UNSIGNED DEFAULT NULL COMMENT 'id from asset_transactions table',
  `created_by` int(10) UNSIGNED NOT NULL COMMENT 'id from users table, who allocated asset',
  `created_at` timestamp NULL DEFAULT NULL,
  `updated_at` timestamp NULL DEFAULT NULL
) ENGINE=InnoDB DEFAULT CHARSET=utf8mb4 COLLATE=utf8mb4_unicode_ci;

-- --------------------------------------------------------

--
-- Table structure for table `asset_warranties`
--

CREATE TABLE `asset_warranties` (
  `id` bigint(20) UNSIGNED NOT NULL,
  `asset_id` int(11) NOT NULL,
  `start_date` date NOT NULL,
  `end_date` date NOT NULL,
  `additional_cost` decimal(22,4) NOT NULL DEFAULT 0.0000,
  `additional_note` text DEFAULT NULL,
  `created_at` timestamp NULL DEFAULT NULL,
  `updated_at` timestamp NULL DEFAULT NULL
) ENGINE=InnoDB DEFAULT CHARSET=utf8mb4 COLLATE=utf8mb4_unicode_ci;

-- --------------------------------------------------------

--
-- Table structure for table `barcodes`
--

CREATE TABLE `barcodes` (
  `id` int(10) UNSIGNED NOT NULL,
  `name` varchar(191) NOT NULL,
  `description` text DEFAULT NULL,
  `width` double(22,4) DEFAULT NULL,
  `height` double(22,4) DEFAULT NULL,
  `paper_width` double(22,4) DEFAULT NULL,
  `paper_height` double(22,4) DEFAULT NULL,
  `top_margin` double(22,4) DEFAULT NULL,
  `left_margin` double(22,4) DEFAULT NULL,
  `row_distance` double(22,4) DEFAULT NULL,
  `col_distance` double(22,4) DEFAULT NULL,
  `stickers_in_one_row` int(11) DEFAULT NULL,
  `is_default` tinyint(1) NOT NULL DEFAULT 0,
  `is_continuous` tinyint(1) NOT NULL DEFAULT 0,
  `stickers_in_one_sheet` int(11) DEFAULT NULL,
  `business_id` int(10) UNSIGNED DEFAULT NULL,
  `created_at` timestamp NULL DEFAULT NULL,
  `updated_at` timestamp NULL DEFAULT NULL
) ENGINE=InnoDB DEFAULT CHARSET=utf8mb4 COLLATE=utf8mb4_unicode_ci;

--
-- Dumping data for table `barcodes`
--

INSERT INTO `barcodes` (`id`, `name`, `description`, `width`, `height`, `paper_width`, `paper_height`, `top_margin`, `left_margin`, `row_distance`, `col_distance`, `stickers_in_one_row`, `is_default`, `is_continuous`, `stickers_in_one_sheet`, `business_id`, `created_at`, `updated_at`) VALUES
(1, '20 Labels per Sheet', 'Sheet Size: 8.5\" x 11\", Label Size: 4\" x 1\", Labels per sheet: 20', 4.0000, 1.0000, 8.5000, 11.0000, 0.5000, 0.1250, 0.0000, 0.1875, 2, 0, 0, 20, NULL, '2017-12-18 04:13:44', '2017-12-18 04:13:44'),
(2, '30 Labels per sheet', 'Sheet Size: 8.5\" x 11\", Label Size: 2.625\" x 1\", Labels per sheet: 30', 2.6250, 1.0000, 8.5000, 11.0000, 0.5000, 0.1880, 0.0000, 0.1250, 3, 0, 0, 30, NULL, '2017-12-18 04:04:39', '2017-12-18 04:10:40'),
(3, '32 Labels per sheet', 'Sheet Size: 8.5\" x 11\", Label Size: 2\" x 1.25\", Labels per sheet: 32', 2.0000, 1.2500, 8.5000, 11.0000, 0.5000, 0.2500, 0.0000, 0.0000, 4, 0, 0, 32, NULL, '2017-12-18 03:55:40', '2017-12-18 03:55:40'),
(4, '40 Labels per sheet', 'Sheet Size: 8.5\" x 11\", Label Size: 2\" x 1\", Labels per sheet: 40', 2.0000, 1.0000, 8.5000, 11.0000, 0.5000, 0.2500, 0.0000, 0.0000, 4, 0, 0, 40, NULL, '2017-12-18 03:58:40', '2017-12-18 03:58:40'),
(5, '50 Labels per Sheet', 'Sheet Size: 8.5\" x 11\", Label Size: 1.5\" x 1\", Labels per sheet: 50', 1.5000, 1.0000, 8.5000, 11.0000, 0.5000, 0.5000, 0.0000, 0.0000, 5, 0, 0, 50, NULL, '2017-12-18 03:51:10', '2017-12-18 03:51:10'),
(6, 'Continuous Rolls - 31.75mm x 25.4mm', 'Label Size: 31.75mm x 25.4mm, Gap: 3.18mm', 1.2500, 1.0000, 1.2500, 0.0000, 0.1250, 0.0000, 0.1250, 0.0000, 1, 0, 1, NULL, NULL, '2017-12-18 03:51:10', '2017-12-18 03:51:10');

-- --------------------------------------------------------

--
-- Table structure for table `bookings`
--

CREATE TABLE `bookings` (
  `id` int(10) UNSIGNED NOT NULL,
  `contact_id` int(10) UNSIGNED NOT NULL,
  `waiter_id` int(10) UNSIGNED DEFAULT NULL,
  `table_id` int(10) UNSIGNED DEFAULT NULL,
  `correspondent_id` int(11) DEFAULT NULL,
  `business_id` int(10) UNSIGNED NOT NULL,
  `location_id` int(10) UNSIGNED NOT NULL,
  `booking_start` datetime NOT NULL,
  `booking_end` datetime NOT NULL,
  `created_by` int(10) UNSIGNED NOT NULL,
  `booking_status` varchar(191) NOT NULL,
  `booking_note` text DEFAULT NULL,
  `created_at` timestamp NULL DEFAULT NULL,
  `updated_at` timestamp NULL DEFAULT NULL
) ENGINE=InnoDB DEFAULT CHARSET=utf8mb4 COLLATE=utf8mb4_unicode_ci;

-- --------------------------------------------------------

--
-- Table structure for table `brands`
--

CREATE TABLE `brands` (
  `id` int(10) UNSIGNED NOT NULL,
  `business_id` int(10) UNSIGNED NOT NULL,
  `name` varchar(191) NOT NULL,
  `description` text DEFAULT NULL,
  `created_by` int(10) UNSIGNED NOT NULL,
  `deleted_at` timestamp NULL DEFAULT NULL,
  `created_at` timestamp NULL DEFAULT NULL,
  `updated_at` timestamp NULL DEFAULT NULL
) ENGINE=InnoDB DEFAULT CHARSET=utf8mb4 COLLATE=utf8mb4_unicode_ci;

--
-- Dumping data for table `brands`
--

INSERT INTO `brands` (`id`, `business_id`, `name`, `description`, `created_by`, `deleted_at`, `created_at`, `updated_at`) VALUES
(1, 1, 'Levis', NULL, 1, NULL, '2018-01-03 19:19:47', '2018-01-03 19:19:47'),
(2, 1, 'Espirit', NULL, 1, NULL, '2018-01-03 19:19:58', '2018-01-03 19:19:58'),
(3, 1, 'U.S. Polo Assn.', NULL, 1, NULL, '2018-01-03 19:20:26', '2018-01-03 19:20:26'),
(4, 1, 'Nike', NULL, 1, NULL, '2018-01-03 19:20:34', '2018-01-03 19:20:34'),
(5, 1, 'Puma', NULL, 1, NULL, '2018-01-03 19:20:40', '2018-01-03 19:20:40'),
(6, 1, 'Adidas', NULL, 1, NULL, '2018-01-03 19:20:46', '2018-01-03 19:20:46'),
(7, 1, 'Samsung', NULL, 1, NULL, '2018-01-06 03:40:14', '2018-01-06 03:40:14'),
(8, 1, 'Apple', NULL, 1, NULL, '2018-01-06 03:40:23', '2018-01-06 03:40:23'),
(9, 1, 'Acer', NULL, 1, NULL, '2018-01-06 04:03:37', '2018-01-06 04:03:37'),
(10, 1, 'Bowflex', NULL, 1, NULL, '2018-01-06 04:15:31', '2018-01-06 04:15:31'),
(11, 1, 'Oreo', NULL, 1, NULL, '2018-01-06 04:35:00', '2018-01-06 04:35:00'),
(12, 1, 'Sharewood', NULL, 1, NULL, '2018-01-06 04:40:52', '2018-01-06 04:40:52'),
(13, 1, 'Barilla', NULL, 1, NULL, '2018-01-06 04:44:59', '2018-01-06 04:44:59'),
(14, 1, 'Lipton', NULL, 1, NULL, '2018-01-06 04:48:12', '2018-01-06 04:48:12');

-- --------------------------------------------------------

--
-- Table structure for table `business`
--

CREATE TABLE `business` (
  `id` int(10) UNSIGNED NOT NULL,
  `name` varchar(191) NOT NULL,
  `currency_id` int(10) UNSIGNED NOT NULL,
  `start_date` date DEFAULT NULL,
  `tax_number_1` varchar(100) DEFAULT NULL,
  `tax_label_1` varchar(10) DEFAULT NULL,
  `tax_number_2` varchar(100) DEFAULT NULL,
  `tax_label_2` varchar(10) DEFAULT NULL,
  `code_label_1` varchar(191) DEFAULT NULL,
  `code_1` varchar(191) DEFAULT NULL,
  `code_label_2` varchar(191) DEFAULT NULL,
  `code_2` varchar(191) DEFAULT NULL,
  `default_sales_tax` int(10) UNSIGNED DEFAULT NULL,
  `default_profit_percent` double(5,2) NOT NULL DEFAULT 0.00,
  `owner_id` int(10) UNSIGNED NOT NULL,
  `time_zone` varchar(191) NOT NULL DEFAULT 'Asia/Kolkata',
  `fy_start_month` tinyint(4) NOT NULL DEFAULT 1,
  `fy_end_month` tinyint(3) UNSIGNED NOT NULL DEFAULT 12,
  `accounting_method` enum('fifo','lifo','avco') NOT NULL DEFAULT 'fifo',
  `default_sales_discount` decimal(5,2) DEFAULT NULL,
  `sell_price_tax` enum('includes','excludes') NOT NULL DEFAULT 'includes',
  `logo` varchar(191) DEFAULT NULL,
  `sku_prefix` varchar(191) DEFAULT NULL,
  `enable_product_expiry` tinyint(1) NOT NULL DEFAULT 0,
  `expiry_type` enum('add_expiry','add_manufacturing') NOT NULL DEFAULT 'add_expiry',
  `on_product_expiry` enum('keep_selling','stop_selling','auto_delete') NOT NULL DEFAULT 'keep_selling',
  `stop_selling_before` int(11) NOT NULL COMMENT 'Stop selling expied item n days before expiry',
  `enable_tooltip` tinyint(1) NOT NULL DEFAULT 1,
  `purchase_in_diff_currency` tinyint(1) NOT NULL DEFAULT 0 COMMENT 'Allow purchase to be in different currency then the business currency',
  `purchase_currency_id` int(10) UNSIGNED DEFAULT NULL,
  `p_exchange_rate` decimal(20,3) NOT NULL DEFAULT 1.000,
  `transaction_edit_days` int(10) UNSIGNED NOT NULL DEFAULT 30,
  `stock_expiry_alert_days` int(10) UNSIGNED NOT NULL DEFAULT 30,
  `keyboard_shortcuts` text DEFAULT NULL,
  `pos_settings` text DEFAULT NULL,
  `manufacturing_settings` text DEFAULT NULL,
  `essentials_settings` longtext DEFAULT NULL,
  `weighing_scale_setting` text NOT NULL COMMENT 'used to store the configuration of weighing scale',
  `enable_brand` tinyint(1) NOT NULL DEFAULT 1,
  `enable_category` tinyint(1) NOT NULL DEFAULT 1,
  `enable_sub_category` tinyint(1) NOT NULL DEFAULT 1,
  `enable_price_tax` tinyint(1) NOT NULL DEFAULT 1,
  `enable_purchase_status` tinyint(1) DEFAULT 1,
  `enable_lot_number` tinyint(1) NOT NULL DEFAULT 0,
  `default_unit` int(11) DEFAULT NULL,
  `enable_sub_units` tinyint(1) NOT NULL DEFAULT 0,
  `enable_racks` tinyint(1) NOT NULL DEFAULT 0,
  `enable_row` tinyint(1) NOT NULL DEFAULT 0,
  `enable_position` tinyint(1) NOT NULL DEFAULT 0,
  `enable_editing_product_from_purchase` tinyint(1) NOT NULL DEFAULT 1,
  `sales_cmsn_agnt` enum('logged_in_user','user','cmsn_agnt') DEFAULT NULL,
  `item_addition_method` tinyint(1) NOT NULL DEFAULT 1,
  `enable_inline_tax` tinyint(1) NOT NULL DEFAULT 1,
  `currency_symbol_placement` enum('before','after') NOT NULL DEFAULT 'before',
  `enabled_modules` text DEFAULT NULL,
  `date_format` varchar(191) NOT NULL DEFAULT 'm/d/Y',
  `time_format` enum('12','24') NOT NULL DEFAULT '24',
  `currency_precision` tinyint(4) NOT NULL DEFAULT 2,
  `quantity_precision` tinyint(4) NOT NULL DEFAULT 2,
  `ref_no_prefixes` text DEFAULT NULL,
  `theme_color` char(20) DEFAULT NULL,
  `created_by` int(11) DEFAULT NULL,
  `prj_setting` longtext DEFAULT NULL,
  `crm_settings` text DEFAULT NULL,
  `asset_settings` text DEFAULT NULL,
  `accounting_settings` text DEFAULT NULL,
  `enable_rp` tinyint(1) NOT NULL DEFAULT 0 COMMENT 'rp is the short form of reward points',
  `rp_name` varchar(191) DEFAULT NULL COMMENT 'rp is the short form of reward points',
  `amount_for_unit_rp` decimal(22,4) NOT NULL DEFAULT 1.0000 COMMENT 'rp is the short form of reward points',
  `min_order_total_for_rp` decimal(22,4) NOT NULL DEFAULT 1.0000 COMMENT 'rp is the short form of reward points',
  `max_rp_per_order` int(11) DEFAULT NULL COMMENT 'rp is the short form of reward points',
  `redeem_amount_per_unit_rp` decimal(22,4) NOT NULL DEFAULT 1.0000 COMMENT 'rp is the short form of reward points',
  `min_order_total_for_redeem` decimal(22,4) NOT NULL DEFAULT 1.0000 COMMENT 'rp is the short form of reward points',
  `min_redeem_point` int(11) DEFAULT NULL COMMENT 'rp is the short form of reward points',
  `max_redeem_point` int(11) DEFAULT NULL COMMENT 'rp is the short form of reward points',
  `rp_expiry_period` int(11) DEFAULT NULL COMMENT 'rp is the short form of reward points',
  `rp_expiry_type` enum('month','year') NOT NULL DEFAULT 'year' COMMENT 'rp is the short form of reward points',
  `email_settings` text DEFAULT NULL,
  `sms_settings` text DEFAULT NULL,
  `custom_labels` text DEFAULT NULL,
  `common_settings` text DEFAULT NULL,
  `is_active` tinyint(1) NOT NULL DEFAULT 1,
  `created_at` timestamp NULL DEFAULT NULL,
  `updated_at` timestamp NULL DEFAULT NULL
) ENGINE=InnoDB DEFAULT CHARSET=utf8mb4 COLLATE=utf8mb4_unicode_ci;

--
-- Dumping data for table `business`
--

INSERT INTO `business` (`id`, `name`, `currency_id`, `start_date`, `tax_number_1`, `tax_label_1`, `tax_number_2`, `tax_label_2`, `code_label_1`, `code_1`, `code_label_2`, `code_2`, `default_sales_tax`, `default_profit_percent`, `owner_id`, `time_zone`, `fy_start_month`, `fy_end_month`, `accounting_method`, `default_sales_discount`, `sell_price_tax`, `logo`, `sku_prefix`, `enable_product_expiry`, `expiry_type`, `on_product_expiry`, `stop_selling_before`, `enable_tooltip`, `purchase_in_diff_currency`, `purchase_currency_id`, `p_exchange_rate`, `transaction_edit_days`, `stock_expiry_alert_days`, `keyboard_shortcuts`, `pos_settings`, `manufacturing_settings`, `essentials_settings`, `weighing_scale_setting`, `enable_brand`, `enable_category`, `enable_sub_category`, `enable_price_tax`, `enable_purchase_status`, `enable_lot_number`, `default_unit`, `enable_sub_units`, `enable_racks`, `enable_row`, `enable_position`, `enable_editing_product_from_purchase`, `sales_cmsn_agnt`, `item_addition_method`, `enable_inline_tax`, `currency_symbol_placement`, `enabled_modules`, `date_format`, `time_format`, `currency_precision`, `quantity_precision`, `ref_no_prefixes`, `theme_color`, `created_by`, `prj_setting`, `crm_settings`, `asset_settings`, `accounting_settings`, `enable_rp`, `rp_name`, `amount_for_unit_rp`, `min_order_total_for_rp`, `max_rp_per_order`, `redeem_amount_per_unit_rp`, `min_order_total_for_redeem`, `min_redeem_point`, `max_redeem_point`, `rp_expiry_period`, `rp_expiry_type`, `email_settings`, `sms_settings`, `custom_labels`, `common_settings`, `is_active`, `created_at`, `updated_at`) VALUES
(1, 'Awesome Shop', 2, '2018-01-01', '3412569900', 'GSTIN', NULL, NULL, NULL, NULL, NULL, NULL, NULL, 25.00, 1, 'America/Phoenix', 1, 12, 'fifo', 0.00, 'includes', NULL, 'AS', 0, 'add_expiry', 'keep_selling', 0, 1, 0, NULL, 1.000, 30, 30, '{\"pos\":{\"express_checkout\":\"shift+e\",\"pay_n_ckeckout\":\"shift+p\",\"draft\":\"shift+d\",\"cancel\":\"shift+c\",\"recent_product_quantity\":\"f2\",\"weighing_scale\":null,\"edit_discount\":\"shift+i\",\"edit_order_tax\":\"shift+t\",\"add_payment_row\":\"shift+r\",\"finalize_payment\":\"shift+f\",\"add_new_product\":\"f4\"}}', '{\"amount_rounding_method\":null,\"enable_sales_order\":\"1\",\"cmmsn_calculation_type\":\"payment_received\",\"razor_pay_key_id\":null,\"razor_pay_key_secret\":null,\"stripe_public_key\":null,\"stripe_secret_key\":null,\"cash_denominations\":null,\"enable_cash_denomination_on\":\"pos_screen\",\"disable_pay_checkout\":0,\"disable_draft\":0,\"disable_express_checkout\":0,\"hide_product_suggestion\":0,\"hide_recent_trans\":0,\"disable_discount\":0,\"disable_order_tax\":0,\"is_pos_subtotal_editable\":0}', NULL, '{\"leave_ref_no_prefix\":null,\"leave_instructions\":null,\"payroll_ref_no_prefix\":null,\"essentials_todos_prefix\":null,\"grace_before_checkin\":\"50\",\"grace_after_checkin\":\"50\",\"grace_before_checkout\":\"50\",\"grace_after_checkout\":\"50\",\"is_location_required\":0,\"calculate_sales_target_commission_without_tax\":0}', '{\"label_prefix\":null,\"product_sku_length\":\"4\",\"qty_length\":\"3\",\"qty_length_decimal\":\"2\"}', 1, 1, 1, 1, 1, 0, NULL, 0, 0, 0, 0, 1, 'user', 0, 1, 'before', '[\"purchases\",\"add_sale\",\"pos_sale\",\"stock_transfers\",\"stock_adjustment\",\"expenses\",\"account\",\"modifiers\"]', 'm/d/Y', '24', 2, 2, '{\"purchase\":\"PO\",\"purchase_return\":null,\"purchase_requisition\":null,\"purchase_order\":null,\"stock_transfer\":\"ST\",\"stock_adjustment\":\"SA\",\"sell_return\":\"CN\",\"expense\":\"EP\",\"contacts\":\"CO\",\"purchase_payment\":\"PP\",\"sell_payment\":\"SP\",\"expense_payment\":null,\"business_location\":\"BL\",\"username\":null,\"subscription\":null,\"draft\":null,\"sales_order\":null}', 'sky', NULL, NULL, '{\"order_request_prefix\":\"crmord\",\"enable_order_request\":1}', NULL, '{\"journal_entry_prefix\":null,\"transfer_prefix\":null,\"accounting_default_map\":{\"1\":{\"opening_stock\":{\"payment_account\":\"50\",\"deposit_to\":\"37\"},\"sale\":{\"payment_account\":\"21\",\"deposit_to\":\"32\"},\"sales_return\":{\"payment_account\":\"32\",\"deposit_to\":\"21\"},\"sell_payment\":{\"payment_account\":\"32\",\"deposit_to\":\"3\"},\"return_payments_seles\":{\"payment_account\":\"3\",\"deposit_to\":\"32\"},\"purchases\":{\"payment_account\":\"46\",\"deposit_to\":\"29\"},\"purchase_return\":{\"payment_account\":\"29\",\"deposit_to\":\"46\"},\"purchase_payment\":{\"payment_account\":\"3\",\"deposit_to\":\"46\"},\"return_payments_purchases\":{\"payment_account\":\"46\",\"deposit_to\":\"3\"},\"return_adjustments\":{\"payment_account\":\"11\",\"deposit_to\":\"28\"},\"payroll_due\":{\"payment_account\":\"47\",\"deposit_to\":\"26\"},\"payroll_cash\":{\"payment_account\":\"3\",\"deposit_to\":\"26\"},\"expense\":{\"payment_account\":\"47\",\"deposit_to\":\"3\"}},\"7\":{\"opening_stock\":{\"payment_account\":\"50\",\"deposit_to\":\"37\"},\"sale\":{\"payment_account\":\"21\",\"deposit_to\":\"32\"},\"sales_return\":{\"payment_account\":\"32\",\"deposit_to\":\"21\"},\"sell_payment\":{\"payment_account\":\"32\",\"deposit_to\":\"3\"},\"return_payments_seles\":{\"payment_account\":\"3\",\"deposit_to\":\"32\"},\"purchases\":{\"payment_account\":\"46\",\"deposit_to\":\"29\"},\"purchase_return\":{\"payment_account\":\"29\",\"deposit_to\":\"46\"},\"purchase_payment\":{\"payment_account\":\"3\",\"deposit_to\":\"46\"},\"return_payments_purchases\":{\"payment_account\":\"46\",\"deposit_to\":\"3\"},\"return_adjustments\":{\"payment_account\":\"11\",\"deposit_to\":\"28\"},\"payroll_due\":{\"payment_account\":\"47\",\"deposit_to\":\"26\"},\"payroll_cash\":{\"payment_account\":\"3\",\"deposit_to\":\"26\"},\"expense\":{\"payment_account\":\"47\",\"deposit_to\":\"3\"}}}}', 1, NULL, 1.0000, 1.0000, NULL, 1.0000, 1.0000, NULL, NULL, NULL, 'year', '{\"mail_driver\":\"smtp\",\"mail_host\":null,\"mail_port\":null,\"mail_username\":null,\"mail_password\":null,\"mail_encryption\":null,\"mail_from_address\":null,\"mail_from_name\":null}', '{\"sms_service\":\"other\",\"nexmo_key\":null,\"nexmo_secret\":null,\"nexmo_from\":null,\"twilio_sid\":null,\"twilio_token\":null,\"twilio_from\":null,\"url\":null,\"send_to_param_name\":\"to\",\"msg_param_name\":\"text\",\"request_method\":\"post\",\"header_1\":null,\"header_val_1\":null,\"header_2\":null,\"header_val_2\":null,\"header_3\":null,\"header_val_3\":null,\"param_1\":null,\"param_val_1\":null,\"param_2\":null,\"param_val_2\":null,\"param_3\":null,\"param_val_3\":null,\"param_4\":null,\"param_val_4\":null,\"param_5\":null,\"param_val_5\":null,\"param_6\":null,\"param_val_6\":null,\"param_7\":null,\"param_val_7\":null,\"param_8\":null,\"param_val_8\":null,\"param_9\":null,\"param_val_9\":null,\"param_10\":null,\"param_val_10\":null}', '{\"payments\":{\"custom_pay_1\":null,\"custom_pay_2\":null,\"custom_pay_3\":null,\"custom_pay_4\":null,\"custom_pay_5\":null,\"custom_pay_6\":null,\"custom_pay_7\":null},\"contact\":{\"custom_field_1\":null,\"custom_field_2\":null,\"custom_field_3\":null,\"custom_field_4\":null,\"custom_field_5\":null,\"custom_field_6\":null,\"custom_field_7\":null,\"custom_field_8\":null,\"custom_field_9\":null,\"custom_field_10\":null},\"product\":{\"custom_field_1\":null,\"custom_field_2\":null,\"custom_field_3\":null,\"custom_field_4\":null,\"custom_field_5\":null,\"custom_field_6\":null,\"custom_field_7\":null,\"custom_field_8\":null,\"custom_field_9\":null,\"custom_field_10\":null,\"custom_field_11\":null,\"custom_field_12\":null,\"custom_field_13\":null,\"custom_field_14\":null,\"custom_field_15\":null,\"custom_field_16\":null,\"custom_field_17\":null,\"custom_field_18\":null,\"custom_field_19\":null,\"custom_field_20\":null},\"product_cf_details\":{\"1\":{\"type\":null,\"dropdown_options\":null},\"2\":{\"type\":null,\"dropdown_options\":null},\"3\":{\"type\":null,\"dropdown_options\":null},\"4\":{\"type\":null,\"dropdown_options\":null},\"5\":{\"type\":null,\"dropdown_options\":null},\"6\":{\"type\":null,\"dropdown_options\":null},\"7\":{\"type\":null,\"dropdown_options\":null},\"8\":{\"type\":null,\"dropdown_options\":null},\"9\":{\"type\":null,\"dropdown_options\":null},\"10\":{\"type\":null,\"dropdown_options\":null},\"11\":{\"type\":null,\"dropdown_options\":null},\"12\":{\"type\":null,\"dropdown_options\":null},\"13\":{\"type\":null,\"dropdown_options\":null},\"14\":{\"type\":null,\"dropdown_options\":null},\"15\":{\"type\":null,\"dropdown_options\":null},\"16\":{\"type\":null,\"dropdown_options\":null},\"17\":{\"type\":null,\"dropdown_options\":null},\"18\":{\"type\":null,\"dropdown_options\":null},\"19\":{\"type\":null,\"dropdown_options\":null},\"20\":{\"type\":null,\"dropdown_options\":null}},\"location\":{\"custom_field_1\":null,\"custom_field_2\":null,\"custom_field_3\":null,\"custom_field_4\":null},\"user\":{\"custom_field_1\":null,\"custom_field_2\":null,\"custom_field_3\":null,\"custom_field_4\":null},\"purchase\":{\"custom_field_1\":null,\"custom_field_2\":null,\"custom_field_3\":null,\"custom_field_4\":null},\"purchase_shipping\":{\"custom_field_1\":null,\"custom_field_2\":null,\"custom_field_3\":null,\"custom_field_4\":null,\"custom_field_5\":null},\"sell\":{\"custom_field_1\":null,\"custom_field_2\":null,\"custom_field_3\":null,\"custom_field_4\":null},\"shipping\":{\"custom_field_1\":null,\"custom_field_2\":null,\"custom_field_3\":null,\"custom_field_4\":null,\"custom_field_5\":null},\"types_of_service\":{\"custom_field_1\":null,\"custom_field_2\":null,\"custom_field_3\":null,\"custom_field_4\":null,\"custom_field_5\":null,\"custom_field_6\":null}}', '{\"default_credit_limit\":null,\"default_datatable_page_entries\":\"25\"}', 1, '2018-01-04 00:15:19', '2025-07-01 23:30:01');

-- --------------------------------------------------------

--
-- Table structure for table `business_locations`
--

CREATE TABLE `business_locations` (
  `id` int(10) UNSIGNED NOT NULL,
  `business_id` int(10) UNSIGNED NOT NULL,
  `location_id` varchar(191) DEFAULT NULL,
  `name` varchar(256) NOT NULL,
  `landmark` text DEFAULT NULL,
  `country` varchar(100) NOT NULL,
  `state` varchar(100) NOT NULL,
  `city` varchar(100) NOT NULL,
  `zip_code` char(7) NOT NULL,
  `invoice_scheme_id` int(10) UNSIGNED NOT NULL,
  `sale_invoice_scheme_id` int(11) DEFAULT NULL,
  `invoice_layout_id` int(10) UNSIGNED NOT NULL,
  `sale_invoice_layout_id` int(11) DEFAULT NULL,
  `selling_price_group_id` int(11) DEFAULT NULL,
  `print_receipt_on_invoice` tinyint(1) DEFAULT 1,
  `receipt_printer_type` enum('browser','printer') NOT NULL DEFAULT 'browser',
  `printer_id` int(11) DEFAULT NULL,
  `mobile` varchar(191) DEFAULT NULL,
  `alternate_number` varchar(191) DEFAULT NULL,
  `email` varchar(191) DEFAULT NULL,
  `website` varchar(191) DEFAULT NULL,
  `featured_products` text DEFAULT NULL,
  `is_active` tinyint(1) NOT NULL DEFAULT 1,
  `default_payment_accounts` text DEFAULT NULL,
  `custom_field1` varchar(191) DEFAULT NULL,
  `custom_field2` varchar(191) DEFAULT NULL,
  `custom_field3` varchar(191) DEFAULT NULL,
  `custom_field4` varchar(191) DEFAULT NULL,
  `accounting_default_map` text DEFAULT NULL COMMENT 'Default transactions mapping of accounting module',
  `deleted_at` timestamp NULL DEFAULT NULL,
  `created_at` timestamp NULL DEFAULT NULL,
  `updated_at` timestamp NULL DEFAULT NULL
) ENGINE=InnoDB DEFAULT CHARSET=utf8mb4 COLLATE=utf8mb4_unicode_ci;

--
-- Dumping data for table `business_locations`
--

INSERT INTO `business_locations` (`id`, `business_id`, `location_id`, `name`, `landmark`, `country`, `state`, `city`, `zip_code`, `invoice_scheme_id`, `sale_invoice_scheme_id`, `invoice_layout_id`, `sale_invoice_layout_id`, `selling_price_group_id`, `print_receipt_on_invoice`, `receipt_printer_type`, `printer_id`, `mobile`, `alternate_number`, `email`, `website`, `featured_products`, `is_active`, `default_payment_accounts`, `custom_field1`, `custom_field2`, `custom_field3`, `custom_field4`, `accounting_default_map`, `deleted_at`, `created_at`, `updated_at`) VALUES
(1, 1, NULL, 'Awesome Shop', 'Linking Street', 'USA', 'Arizona', 'Phoenix', '85001', 1, NULL, 1, 1, NULL, 1, 'browser', NULL, NULL, NULL, NULL, NULL, NULL, 1, '{\"cash\":{\"is_enabled\":\"1\",\"account\":null},\"card\":{\"is_enabled\":\"1\",\"account\":null},\"cheque\":{\"is_enabled\":\"1\",\"account\":null},\"bank_transfer\":{\"is_enabled\":\"1\",\"account\":null},\"other\":{\"is_enabled\":\"1\",\"account\":null},\"custom_pay_1\":{\"is_enabled\":\"1\",\"account\":null},\"custom_pay_2\":{\"is_enabled\":\"1\",\"account\":null},\"custom_pay_3\":{\"is_enabled\":\"1\",\"account\":null}}', NULL, NULL, NULL, NULL, '{\"opening_stock\":{\"payment_account\":\"50\",\"deposit_to\":\"37\"},\"sale\":{\"payment_account\":\"21\",\"deposit_to\":\"32\"},\"sales_return\":{\"payment_account\":\"32\",\"deposit_to\":\"21\"},\"sell_payment\":{\"payment_account\":\"32\",\"deposit_to\":\"3\"},\"return_payments_seles\":{\"payment_account\":\"3\",\"deposit_to\":\"32\"},\"purchases\":{\"payment_account\":\"46\",\"deposit_to\":\"29\"},\"purchase_return\":{\"payment_account\":\"29\",\"deposit_to\":\"46\"},\"purchase_payment\":{\"payment_account\":\"3\",\"deposit_to\":\"46\"},\"return_payments_purchases\":{\"payment_account\":\"46\",\"deposit_to\":\"3\"},\"return_adjustments\":{\"payment_account\":\"11\",\"deposit_to\":\"28\"},\"payroll_due\":{\"payment_account\":\"47\",\"deposit_to\":\"26\"},\"payroll_cash\":{\"payment_account\":\"3\",\"deposit_to\":\"26\"},\"expense\":{\"payment_account\":\"47\",\"deposit_to\":\"3\"}}', NULL, '2018-01-04 00:15:20', '2025-06-05 03:18:50'),
(7, 1, 'BL0001', 'فرع شيراتون', NULL, 'Egypt', 'Ad Daqahlīyah', 'maady', '01', 1, 1, 1, 1, NULL, 1, 'browser', NULL, '8763129', '8763129', 'ahmedhamad9576@gmail.com', NULL, NULL, 1, '{\"cash\":{\"is_enabled\":\"1\",\"account\":null},\"card\":{\"is_enabled\":\"1\",\"account\":null},\"cheque\":{\"is_enabled\":\"1\",\"account\":null},\"bank_transfer\":{\"is_enabled\":\"1\",\"account\":null},\"other\":{\"is_enabled\":\"1\",\"account\":null},\"custom_pay_1\":{\"is_enabled\":\"1\",\"account\":null},\"custom_pay_2\":{\"is_enabled\":\"1\",\"account\":null},\"custom_pay_3\":{\"is_enabled\":\"1\",\"account\":null},\"custom_pay_4\":{\"is_enabled\":\"1\",\"account\":null},\"custom_pay_5\":{\"is_enabled\":\"1\",\"account\":null},\"custom_pay_6\":{\"is_enabled\":\"1\",\"account\":null},\"custom_pay_7\":{\"is_enabled\":\"1\",\"account\":null}}', NULL, NULL, NULL, NULL, '{\"opening_stock\":{\"payment_account\":\"50\",\"deposit_to\":\"37\"},\"sale\":{\"payment_account\":\"21\",\"deposit_to\":\"32\"},\"sales_return\":{\"payment_account\":\"32\",\"deposit_to\":\"21\"},\"sell_payment\":{\"payment_account\":\"32\",\"deposit_to\":\"3\"},\"return_payments_seles\":{\"payment_account\":\"3\",\"deposit_to\":\"32\"},\"purchases\":{\"payment_account\":\"46\",\"deposit_to\":\"29\"},\"purchase_return\":{\"payment_account\":\"29\",\"deposit_to\":\"46\"},\"purchase_payment\":{\"payment_account\":\"3\",\"deposit_to\":\"46\"},\"return_payments_purchases\":{\"payment_account\":\"46\",\"deposit_to\":\"3\"},\"return_adjustments\":{\"payment_account\":\"11\",\"deposit_to\":\"28\"},\"payroll_due\":{\"payment_account\":\"47\",\"deposit_to\":\"26\"},\"payroll_cash\":{\"payment_account\":\"3\",\"deposit_to\":\"26\"},\"expense\":{\"payment_account\":\"47\",\"deposit_to\":\"3\"}}', NULL, '2025-05-12 03:30:36', '2025-06-05 03:18:50');

-- --------------------------------------------------------

--
-- Table structure for table `cash_denominations`
--

CREATE TABLE `cash_denominations` (
  `id` bigint(20) UNSIGNED NOT NULL,
  `business_id` int(11) NOT NULL,
  `amount` decimal(22,4) NOT NULL,
  `total_count` int(11) NOT NULL,
  `model_type` varchar(191) NOT NULL,
  `model_id` bigint(20) UNSIGNED NOT NULL,
  `created_at` timestamp NULL DEFAULT NULL,
  `updated_at` timestamp NULL DEFAULT NULL
) ENGINE=InnoDB DEFAULT CHARSET=utf8mb4 COLLATE=utf8mb4_unicode_ci;

-- --------------------------------------------------------

--
-- Table structure for table `cash_registers`
--

CREATE TABLE `cash_registers` (
  `id` int(10) UNSIGNED NOT NULL,
  `business_id` int(10) UNSIGNED NOT NULL,
  `location_id` int(11) DEFAULT NULL,
  `user_id` int(10) UNSIGNED DEFAULT NULL,
  `status` enum('close','open') NOT NULL DEFAULT 'open',
  `closed_at` datetime DEFAULT NULL,
  `closing_amount` decimal(22,4) NOT NULL DEFAULT 0.0000,
  `total_card_slips` int(11) NOT NULL DEFAULT 0,
  `total_cheques` int(11) NOT NULL DEFAULT 0,
  `denominations` text DEFAULT NULL,
  `closing_note` text DEFAULT NULL,
  `created_at` timestamp NULL DEFAULT NULL,
  `updated_at` timestamp NULL DEFAULT NULL
) ENGINE=InnoDB DEFAULT CHARSET=utf8mb4 COLLATE=utf8mb4_unicode_ci;

--
-- Dumping data for table `cash_registers`
--

INSERT INTO `cash_registers` (`id`, `business_id`, `location_id`, `user_id`, `status`, `closed_at`, `closing_amount`, `total_card_slips`, `total_cheques`, `denominations`, `closing_note`, `created_at`, `updated_at`) VALUES
(2, 1, 1, 1, 'open', NULL, 0.0000, 0, 0, NULL, NULL, '2025-05-15 03:32:00', '2025-05-15 03:32:35'),
(3, 1, 1, 41, 'open', NULL, 0.0000, 0, 0, NULL, NULL, '2025-05-18 01:36:00', '2025-05-18 01:36:22');

-- --------------------------------------------------------

--
-- Table structure for table `cash_register_transactions`
--

CREATE TABLE `cash_register_transactions` (
  `id` int(10) UNSIGNED NOT NULL,
  `cash_register_id` int(10) UNSIGNED NOT NULL,
  `amount` decimal(22,4) NOT NULL DEFAULT 0.0000,
  `pay_method` varchar(191) DEFAULT NULL,
  `type` enum('debit','credit') NOT NULL,
  `transaction_type` varchar(191) DEFAULT NULL,
  `transaction_id` int(11) DEFAULT NULL,
  `created_at` timestamp NULL DEFAULT NULL,
  `updated_at` timestamp NULL DEFAULT NULL
) ENGINE=InnoDB DEFAULT CHARSET=utf8mb4 COLLATE=utf8mb4_unicode_ci;

-- --------------------------------------------------------

--
-- Table structure for table `categories`
--

CREATE TABLE `categories` (
  `id` int(10) UNSIGNED NOT NULL,
  `name` varchar(191) NOT NULL,
  `business_id` int(10) UNSIGNED NOT NULL,
  `short_code` varchar(191) DEFAULT NULL,
  `parent_id` int(11) NOT NULL,
  `created_by` int(10) UNSIGNED NOT NULL,
  `category_type` varchar(191) DEFAULT NULL,
  `description` text DEFAULT NULL,
  `slug` varchar(191) DEFAULT NULL,
  `deleted_at` timestamp NULL DEFAULT NULL,
  `created_at` timestamp NULL DEFAULT NULL,
  `updated_at` timestamp NULL DEFAULT NULL
) ENGINE=InnoDB DEFAULT CHARSET=utf8mb4 COLLATE=utf8mb4_unicode_ci;

--
-- Dumping data for table `categories`
--

INSERT INTO `categories` (`id`, `name`, `business_id`, `short_code`, `parent_id`, `created_by`, `category_type`, `description`, `slug`, `deleted_at`, `created_at`, `updated_at`) VALUES
(1, 'Men\'s', 1, NULL, 0, 1, 'product', NULL, NULL, NULL, '2018-01-03 19:06:34', '2018-01-03 19:06:34'),
(2, 'Women\'s', 1, NULL, 0, 1, 'product', NULL, NULL, NULL, '2018-01-03 19:06:46', '2018-01-03 19:06:46'),
(3, 'Accessories', 1, NULL, 0, 1, 'product', NULL, NULL, NULL, '2018-01-03 19:07:03', '2018-01-03 19:07:03'),
(4, 'Jeans', 1, NULL, 1, 1, 'product', NULL, NULL, NULL, '2018-01-03 19:07:34', '2018-01-03 19:07:34'),
(5, 'Shirts', 1, NULL, 1, 1, 'product', NULL, NULL, NULL, '2018-01-03 19:08:18', '2018-01-03 19:08:18'),
(6, 'Belts', 1, NULL, 3, 1, 'product', NULL, NULL, NULL, '2018-01-03 19:08:41', '2018-01-03 19:08:41'),
(8, 'Shoes', 1, NULL, 3, 1, 'product', NULL, NULL, NULL, '2018-01-03 19:09:04', '2018-01-03 19:09:04'),
(10, 'Sandal', 1, NULL, 3, 1, 'product', NULL, NULL, NULL, '2018-01-03 19:09:23', '2018-01-03 19:09:23'),
(11, 'Wallets', 1, NULL, 3, 1, 'product', NULL, NULL, NULL, '2018-01-03 21:05:50', '2018-01-03 21:05:50'),
(12, 'Electronics', 1, NULL, 0, 1, 'product', NULL, NULL, NULL, '2018-01-06 03:24:34', '2018-01-06 03:24:34'),
(13, 'Cell Phones', 1, NULL, 12, 1, 'product', NULL, NULL, NULL, '2018-01-06 03:24:57', '2018-01-06 03:24:57'),
(14, 'Computers', 1, NULL, 12, 1, 'product', NULL, NULL, NULL, '2018-01-06 03:25:55', '2018-01-06 03:25:55'),
(15, 'Sports', 1, NULL, 0, 1, 'product', NULL, NULL, NULL, '2018-01-06 03:27:33', '2018-01-06 03:27:33'),
(16, 'Athletic Clothing', 1, NULL, 15, 1, 'product', NULL, NULL, NULL, '2018-01-06 03:28:40', '2018-01-06 03:28:40'),
(17, 'Exercise & Fitness', 1, NULL, 15, 1, 'product', NULL, NULL, NULL, '2018-01-06 03:29:19', '2018-01-06 03:29:19'),
(18, 'Books', 1, NULL, 0, 1, 'product', NULL, NULL, NULL, '2018-01-06 03:29:59', '2018-01-06 03:29:59'),
(19, 'Autobiography', 1, NULL, 18, 1, 'product', NULL, NULL, NULL, '2018-01-06 03:30:16', '2018-01-06 03:30:16'),
(20, 'Children\'s books', 1, NULL, 18, 1, 'product', NULL, NULL, NULL, '2018-01-06 03:30:58', '2018-01-06 03:30:58'),
(21, 'Food & Grocery', 1, NULL, 0, 1, 'product', NULL, NULL, NULL, '2018-01-06 03:31:35', '2018-01-06 03:31:35');

-- --------------------------------------------------------

--
-- Table structure for table `categorizables`
--

CREATE TABLE `categorizables` (
  `category_id` int(11) NOT NULL,
  `categorizable_type` varchar(191) NOT NULL,
  `categorizable_id` bigint(20) UNSIGNED NOT NULL
) ENGINE=InnoDB DEFAULT CHARSET=utf8mb4 COLLATE=utf8mb4_unicode_ci;

-- --------------------------------------------------------

--
-- Table structure for table `contacts`
--

CREATE TABLE `contacts` (
  `id` int(10) UNSIGNED NOT NULL,
  `business_id` int(10) UNSIGNED NOT NULL,
  `type` varchar(191) NOT NULL,
  `contact_type` varchar(191) DEFAULT NULL,
  `supplier_business_name` varchar(191) DEFAULT NULL,
  `name` varchar(191) DEFAULT NULL,
  `prefix` varchar(191) DEFAULT NULL,
  `first_name` varchar(191) DEFAULT NULL,
  `middle_name` varchar(191) DEFAULT NULL,
  `last_name` varchar(191) DEFAULT NULL,
  `email` varchar(191) DEFAULT NULL,
  `contact_id` varchar(191) DEFAULT NULL,
  `contact_status` varchar(191) NOT NULL DEFAULT 'active',
  `tax_number` varchar(191) DEFAULT NULL,
  `city` varchar(191) DEFAULT NULL,
  `state` varchar(191) DEFAULT NULL,
  `country` varchar(191) DEFAULT NULL,
  `address_line_1` text DEFAULT NULL,
  `address_line_2` text DEFAULT NULL,
  `zip_code` varchar(191) DEFAULT NULL,
  `dob` date DEFAULT NULL,
  `mobile` varchar(191) NOT NULL,
  `landline` varchar(191) DEFAULT NULL,
  `alternate_number` varchar(191) DEFAULT NULL,
  `pay_term_number` int(11) DEFAULT NULL,
  `pay_term_type` enum('days','months') DEFAULT NULL,
  `credit_limit` decimal(22,4) DEFAULT NULL,
  `created_by` int(10) UNSIGNED NOT NULL,
  `converted_by` int(11) DEFAULT NULL,
  `converted_on` datetime DEFAULT NULL,
  `balance` decimal(22,4) NOT NULL DEFAULT 0.0000,
  `total_rp` int(11) NOT NULL DEFAULT 0 COMMENT 'rp is the short form of reward points',
  `total_rp_used` int(11) NOT NULL DEFAULT 0 COMMENT 'rp is the short form of reward points',
  `total_rp_expired` int(11) NOT NULL DEFAULT 0 COMMENT 'rp is the short form of reward points',
  `is_default` tinyint(1) NOT NULL DEFAULT 0,
  `shipping_address` text DEFAULT NULL,
  `shipping_custom_field_details` longtext DEFAULT NULL,
  `is_export` tinyint(1) NOT NULL DEFAULT 0,
  `export_custom_field_1` varchar(191) DEFAULT NULL,
  `export_custom_field_2` varchar(191) DEFAULT NULL,
  `export_custom_field_3` varchar(191) DEFAULT NULL,
  `export_custom_field_4` varchar(191) DEFAULT NULL,
  `export_custom_field_5` varchar(191) DEFAULT NULL,
  `export_custom_field_6` varchar(191) DEFAULT NULL,
  `position` varchar(191) DEFAULT NULL,
  `customer_group_id` int(11) DEFAULT NULL,
  `crm_source` varchar(191) DEFAULT NULL,
  `crm_life_stage` varchar(191) DEFAULT NULL,
  `custom_field1` varchar(191) DEFAULT NULL,
  `custom_field2` varchar(191) DEFAULT NULL,
  `custom_field3` varchar(191) DEFAULT NULL,
  `custom_field4` varchar(191) DEFAULT NULL,
  `custom_field5` varchar(191) DEFAULT NULL,
  `custom_field6` varchar(191) DEFAULT NULL,
  `custom_field7` varchar(191) DEFAULT NULL,
  `custom_field8` varchar(191) DEFAULT NULL,
  `custom_field9` varchar(191) DEFAULT NULL,
  `custom_field10` varchar(191) DEFAULT NULL,
  `deleted_at` timestamp NULL DEFAULT NULL,
  `created_at` timestamp NULL DEFAULT NULL,
  `updated_at` timestamp NULL DEFAULT NULL,
  `latitude` varchar(191) DEFAULT NULL,
  `longitude` varchar(191) DEFAULT NULL
) ENGINE=InnoDB DEFAULT CHARSET=utf8mb4 COLLATE=utf8mb4_unicode_ci;

--
-- Dumping data for table `contacts`
--

INSERT INTO `contacts` (`id`, `business_id`, `type`, `contact_type`, `supplier_business_name`, `name`, `prefix`, `first_name`, `middle_name`, `last_name`, `email`, `contact_id`, `contact_status`, `tax_number`, `city`, `state`, `country`, `address_line_1`, `address_line_2`, `zip_code`, `dob`, `mobile`, `landline`, `alternate_number`, `pay_term_number`, `pay_term_type`, `credit_limit`, `created_by`, `converted_by`, `converted_on`, `balance`, `total_rp`, `total_rp_used`, `total_rp_expired`, `is_default`, `shipping_address`, `shipping_custom_field_details`, `is_export`, `export_custom_field_1`, `export_custom_field_2`, `export_custom_field_3`, `export_custom_field_4`, `export_custom_field_5`, `export_custom_field_6`, `position`, `customer_group_id`, `crm_source`, `crm_life_stage`, `custom_field1`, `custom_field2`, `custom_field3`, `custom_field4`, `custom_field5`, `custom_field6`, `custom_field7`, `custom_field8`, `custom_field9`, `custom_field10`, `deleted_at`, `created_at`, `updated_at`, `latitude`, `longitude`) VALUES
(1, 1, 'supplier', 'business', 'supplier', '', NULL, NULL, NULL, NULL, 'supplier@gmail.com', 'CO0001', 'active', NULL, NULL, NULL, 'maday', NULL, NULL, NULL, NULL, '907987987897', NULL, NULL, NULL, NULL, NULL, 1, NULL, NULL, 0.0000, 0, 0, 0, 0, NULL, NULL, 0, NULL, NULL, NULL, NULL, NULL, NULL, NULL, NULL, NULL, NULL, NULL, NULL, NULL, NULL, NULL, NULL, NULL, NULL, NULL, NULL, NULL, '2025-06-25 21:49:05', '2025-06-25 21:49:05', '30.057728678575067', '31.22883354492187'),
(2, 1, 'customer', 'business', 'Cust.test', '', NULL, NULL, NULL, NULL, 'custtest@gmail.com', 'CO0002', 'active', NULL, 'Giza', NULL, NULL, NULL, NULL, NULL, NULL, '907079789', NULL, NULL, NULL, NULL, NULL, 1, NULL, NULL, 0.0000, 1700, 0, 0, 0, NULL, NULL, 0, NULL, NULL, NULL, NULL, NULL, NULL, NULL, NULL, NULL, NULL, NULL, NULL, NULL, NULL, NULL, NULL, NULL, NULL, NULL, NULL, NULL, '2025-06-25 21:49:54', '2025-07-03 00:42:38', '30.044355885387557', '31.23329674072265'),
(3, 1, 'customer', 'business', 'ahmed customer', '', NULL, NULL, NULL, NULL, 'ahmedcustomer@gmail.com', 'CO0003', 'active', NULL, NULL, '3arab', NULL, NULL, NULL, NULL, NULL, '09797987899', NULL, NULL, NULL, NULL, NULL, 1, NULL, NULL, 300.0000, 400, 0, 0, 0, NULL, NULL, 0, NULL, NULL, NULL, NULL, NULL, NULL, NULL, NULL, NULL, NULL, NULL, NULL, NULL, NULL, NULL, NULL, NULL, NULL, NULL, NULL, NULL, '2025-06-25 22:10:49', '2025-06-29 09:58:23', '30.040046489611502', '31.23329674072265'),
(4, 1, 'customer', 'business', 'cust.test123', '', NULL, NULL, NULL, NULL, 'cust.test123@gmail.com', 'CO0004', 'active', NULL, NULL, NULL, NULL, NULL, NULL, NULL, NULL, '9878978979', NULL, NULL, NULL, NULL, NULL, 1, NULL, NULL, 0.0000, 500, 0, 0, 0, NULL, NULL, 0, NULL, NULL, NULL, NULL, NULL, NULL, NULL, NULL, NULL, NULL, NULL, NULL, NULL, NULL, NULL, NULL, NULL, NULL, NULL, NULL, NULL, '2025-07-01 00:47:03', '2025-07-01 03:32:02', '30.038114630657518', '31.24651466674804');

-- --------------------------------------------------------

--
-- Table structure for table `contact_tags`
--

CREATE TABLE `contact_tags` (
  `id` bigint(20) UNSIGNED NOT NULL,
  `contact_id` bigint(20) UNSIGNED NOT NULL,
  `tag_id` bigint(20) UNSIGNED NOT NULL,
  `created_at` timestamp NULL DEFAULT NULL,
  `updated_at` timestamp NULL DEFAULT NULL
) ENGINE=InnoDB DEFAULT CHARSET=utf8mb4 COLLATE=utf8mb4_unicode_ci;

--
-- Dumping data for table `contact_tags`
--

INSERT INTO `contact_tags` (`id`, `contact_id`, `tag_id`, `created_at`, `updated_at`) VALUES
(10, 3, 4, NULL, NULL),
(11, 2, 2, NULL, NULL),
(12, 4, 1, NULL, NULL),
(13, 4, 2, NULL, NULL);

-- --------------------------------------------------------

--
-- Table structure for table `crm_call_logs`
--

CREATE TABLE `crm_call_logs` (
  `id` bigint(20) UNSIGNED NOT NULL,
  `business_id` int(11) NOT NULL,
  `user_id` int(11) DEFAULT NULL,
  `call_type` varchar(191) DEFAULT NULL,
  `mobile_number` varchar(191) NOT NULL,
  `mobile_name` varchar(191) DEFAULT NULL,
  `contact_id` int(11) DEFAULT NULL,
  `start_time` datetime DEFAULT NULL,
  `end_time` datetime DEFAULT NULL,
  `duration` int(11) DEFAULT NULL,
  `created_by` int(11) NOT NULL,
  `created_at` timestamp NULL DEFAULT NULL,
  `updated_at` timestamp NULL DEFAULT NULL
) ENGINE=InnoDB DEFAULT CHARSET=utf8mb4 COLLATE=utf8mb4_unicode_ci;

-- --------------------------------------------------------

--
-- Table structure for table `crm_campaigns`
--

CREATE TABLE `crm_campaigns` (
  `id` bigint(20) UNSIGNED NOT NULL,
  `business_id` int(10) UNSIGNED NOT NULL,
  `name` varchar(191) NOT NULL,
  `campaign_type` enum('sms','email') NOT NULL DEFAULT 'email',
  `subject` varchar(191) DEFAULT NULL,
  `email_body` text DEFAULT NULL,
  `sms_body` text DEFAULT NULL,
  `sent_on` datetime DEFAULT NULL,
  `contact_ids` text NOT NULL,
  `additional_info` text DEFAULT NULL,
  `created_by` int(11) NOT NULL,
  `created_at` timestamp NULL DEFAULT NULL,
  `updated_at` timestamp NULL DEFAULT NULL
) ENGINE=InnoDB DEFAULT CHARSET=utf8mb4 COLLATE=utf8mb4_unicode_ci;

-- --------------------------------------------------------

--
-- Table structure for table `crm_contact_person_commissions`
--

CREATE TABLE `crm_contact_person_commissions` (
  `id` bigint(20) UNSIGNED NOT NULL,
  `contact_person_id` int(11) NOT NULL,
  `transaction_id` int(11) DEFAULT NULL,
  `commission_amount` decimal(22,4) NOT NULL DEFAULT 0.0000,
  `created_at` timestamp NULL DEFAULT NULL,
  `updated_at` timestamp NULL DEFAULT NULL
) ENGINE=InnoDB DEFAULT CHARSET=utf8mb4 COLLATE=utf8mb4_unicode_ci;

-- --------------------------------------------------------

--
-- Table structure for table `crm_followup_invoices`
--

CREATE TABLE `crm_followup_invoices` (
  `follow_up_id` int(11) NOT NULL,
  `transaction_id` int(11) NOT NULL
) ENGINE=InnoDB DEFAULT CHARSET=utf8mb4 COLLATE=utf8mb4_unicode_ci;

-- --------------------------------------------------------

--
-- Table structure for table `crm_lead_users`
--

CREATE TABLE `crm_lead_users` (
  `id` bigint(20) UNSIGNED NOT NULL,
  `contact_id` int(10) UNSIGNED NOT NULL,
  `user_id` int(11) NOT NULL
) ENGINE=InnoDB DEFAULT CHARSET=utf8mb4 COLLATE=utf8mb4_unicode_ci;

-- --------------------------------------------------------

--
-- Table structure for table `crm_marketplaces`
--

CREATE TABLE `crm_marketplaces` (
  `id` bigint(20) UNSIGNED NOT NULL,
  `business_id` int(11) NOT NULL,
  `marketplace` varchar(191) DEFAULT NULL,
  `site_key` varchar(191) DEFAULT NULL,
  `site_id` varchar(191) DEFAULT NULL,
  `assigned_users` text DEFAULT NULL,
  `crm_source_id` int(11) DEFAULT NULL,
  `created_at` timestamp NULL DEFAULT NULL,
  `updated_at` timestamp NULL DEFAULT NULL
) ENGINE=InnoDB DEFAULT CHARSET=utf8mb4 COLLATE=utf8mb4_unicode_ci;

-- --------------------------------------------------------

--
-- Table structure for table `crm_proposals`
--

CREATE TABLE `crm_proposals` (
  `id` bigint(20) UNSIGNED NOT NULL,
  `business_id` int(10) UNSIGNED NOT NULL,
  `contact_id` int(10) UNSIGNED NOT NULL,
  `subject` text NOT NULL,
  `body` longtext NOT NULL,
  `cc` text DEFAULT NULL,
  `bcc` text DEFAULT NULL,
  `sent_by` int(11) NOT NULL,
  `created_at` timestamp NULL DEFAULT NULL,
  `updated_at` timestamp NULL DEFAULT NULL
) ENGINE=InnoDB DEFAULT CHARSET=utf8mb4 COLLATE=utf8mb4_unicode_ci;

-- --------------------------------------------------------

--
-- Table structure for table `crm_proposal_templates`
--

CREATE TABLE `crm_proposal_templates` (
  `id` bigint(20) UNSIGNED NOT NULL,
  `business_id` int(10) UNSIGNED NOT NULL,
  `subject` text NOT NULL,
  `body` longtext NOT NULL,
  `cc` text DEFAULT NULL,
  `bcc` text DEFAULT NULL,
  `created_by` int(11) NOT NULL,
  `created_at` timestamp NULL DEFAULT NULL,
  `updated_at` timestamp NULL DEFAULT NULL
) ENGINE=InnoDB DEFAULT CHARSET=utf8mb4 COLLATE=utf8mb4_unicode_ci;

-- --------------------------------------------------------

--
-- Table structure for table `crm_schedules`
--

CREATE TABLE `crm_schedules` (
  `id` bigint(20) UNSIGNED NOT NULL,
  `business_id` int(10) UNSIGNED NOT NULL,
  `contact_id` int(10) DEFAULT NULL,
  `title` varchar(191) NOT NULL,
  `status` varchar(191) DEFAULT NULL,
  `start_datetime` datetime DEFAULT NULL,
  `end_datetime` datetime DEFAULT NULL,
  `description` text DEFAULT NULL,
  `schedule_type` enum('call','sms','meeting','email') NOT NULL DEFAULT 'email',
  `followup_category_id` int(11) DEFAULT NULL,
  `allow_notification` tinyint(1) NOT NULL DEFAULT 1,
  `notify_via` text DEFAULT NULL,
  `notify_before` int(11) DEFAULT NULL,
  `notify_type` enum('minute','hour','day') NOT NULL DEFAULT 'hour',
  `created_by` int(11) NOT NULL,
  `is_recursive` tinyint(1) NOT NULL DEFAULT 0,
  `recursion_days` int(11) DEFAULT NULL,
  `followup_additional_info` text DEFAULT NULL,
  `follow_up_by` varchar(191) DEFAULT NULL,
  `follow_up_by_value` varchar(191) DEFAULT NULL,
  `created_at` timestamp NULL DEFAULT NULL,
  `updated_at` timestamp NULL DEFAULT NULL
) ENGINE=InnoDB DEFAULT CHARSET=utf8mb4 COLLATE=utf8mb4_unicode_ci;

-- --------------------------------------------------------

--
-- Table structure for table `crm_schedule_logs`
--

CREATE TABLE `crm_schedule_logs` (
  `id` bigint(20) UNSIGNED NOT NULL,
  `schedule_id` bigint(20) UNSIGNED NOT NULL,
  `log_type` enum('call','sms','meeting','email') NOT NULL DEFAULT 'email',
  `start_datetime` datetime NOT NULL,
  `end_datetime` datetime NOT NULL,
  `subject` varchar(191) NOT NULL,
  `description` text DEFAULT NULL,
  `created_by` int(11) NOT NULL,
  `created_at` timestamp NULL DEFAULT NULL,
  `updated_at` timestamp NULL DEFAULT NULL
) ENGINE=InnoDB DEFAULT CHARSET=utf8mb4 COLLATE=utf8mb4_unicode_ci;

-- --------------------------------------------------------

--
-- Table structure for table `crm_schedule_users`
--

CREATE TABLE `crm_schedule_users` (
  `id` bigint(20) UNSIGNED NOT NULL,
  `schedule_id` bigint(20) UNSIGNED NOT NULL,
  `user_id` int(11) NOT NULL,
  `created_at` timestamp NULL DEFAULT NULL,
  `updated_at` timestamp NULL DEFAULT NULL
) ENGINE=InnoDB DEFAULT CHARSET=utf8mb4 COLLATE=utf8mb4_unicode_ci;

-- --------------------------------------------------------

--
-- Table structure for table `currencies`
--

CREATE TABLE `currencies` (
  `id` int(10) UNSIGNED NOT NULL,
  `country` varchar(100) NOT NULL,
  `currency` varchar(100) NOT NULL,
  `code` varchar(25) NOT NULL,
  `symbol` varchar(25) NOT NULL,
  `thousand_separator` varchar(10) NOT NULL,
  `decimal_separator` varchar(10) NOT NULL,
  `created_at` timestamp NULL DEFAULT NULL,
  `updated_at` timestamp NULL DEFAULT NULL
) ENGINE=InnoDB DEFAULT CHARSET=utf8mb4 COLLATE=utf8mb4_unicode_ci;

--
-- Dumping data for table `currencies`
--

INSERT INTO `currencies` (`id`, `country`, `currency`, `code`, `symbol`, `thousand_separator`, `decimal_separator`, `created_at`, `updated_at`) VALUES
(1, 'Albania', 'Leke', 'ALL', 'Lek', ',', '.', NULL, NULL),
(2, 'America', 'Dollars', 'USD', '$', ',', '.', NULL, NULL),
(3, 'Afghanistan', 'Afghanis', 'AF', '؋', ',', '.', NULL, NULL),
(4, 'Argentina', 'Pesos', 'ARS', '$', ',', '.', NULL, NULL),
(5, 'Aruba', 'Guilders', 'AWG', 'ƒ', ',', '.', NULL, NULL),
(6, 'Australia', 'Dollars', 'AUD', '$', ',', '.', NULL, NULL),
(7, 'Azerbaijan', 'New Manats', 'AZ', 'ман', ',', '.', NULL, NULL),
(8, 'Bahamas', 'Dollars', 'BSD', '$', ',', '.', NULL, NULL),
(9, 'Barbados', 'Dollars', 'BBD', '$', ',', '.', NULL, NULL),
(10, 'Belarus', 'Rubles', 'BYR', 'p.', ',', '.', NULL, NULL),
(11, 'Belgium', 'Euro', 'EUR', '€', ',', '.', NULL, NULL),
(12, 'Beliz', 'Dollars', 'BZD', 'BZ$', ',', '.', NULL, NULL),
(13, 'Bermuda', 'Dollars', 'BMD', '$', ',', '.', NULL, NULL),
(14, 'Bolivia', 'Bolivianos', 'BOB', '$b', ',', '.', NULL, NULL),
(15, 'Bosnia and Herzegovina', 'Convertible Marka', 'BAM', 'KM', ',', '.', NULL, NULL),
(16, 'Botswana', 'Pula\'s', 'BWP', 'P', ',', '.', NULL, NULL),
(17, 'Bulgaria', 'Leva', 'BG', 'лв', ',', '.', NULL, NULL),
(18, 'Brazil', 'Reais', 'BRL', 'R$', ',', '.', NULL, NULL),
(19, 'Britain [United Kingdom]', 'Pounds', 'GBP', '£', ',', '.', NULL, NULL),
(20, 'Brunei Darussalam', 'Dollars', 'BND', '$', ',', '.', NULL, NULL),
(21, 'Cambodia', 'Riels', 'KHR', '៛', ',', '.', NULL, NULL),
(22, 'Canada', 'Dollars', 'CAD', '$', ',', '.', NULL, NULL),
(23, 'Cayman Islands', 'Dollars', 'KYD', '$', ',', '.', NULL, NULL),
(24, 'Chile', 'Pesos', 'CLP', '$', ',', '.', NULL, NULL),
(25, 'China', 'Yuan Renminbi', 'CNY', '¥', ',', '.', NULL, NULL),
(26, 'Colombia', 'Pesos', 'COP', '$', ',', '.', NULL, NULL),
(27, 'Costa Rica', 'Colón', 'CRC', '₡', ',', '.', NULL, NULL),
(28, 'Croatia', 'Kuna', 'HRK', 'kn', ',', '.', NULL, NULL),
(29, 'Cuba', 'Pesos', 'CUP', '₱', ',', '.', NULL, NULL),
(30, 'Cyprus', 'Euro', 'EUR', '€', '.', ',', NULL, NULL),
(31, 'Czech Republic', 'Koruny', 'CZK', 'Kč', ',', '.', NULL, NULL),
(32, 'Denmark', 'Kroner', 'DKK', 'kr', ',', '.', NULL, NULL),
(33, 'Dominican Republic', 'Pesos', 'DOP ', 'RD$', ',', '.', NULL, NULL),
(34, 'East Caribbean', 'Dollars', 'XCD', '$', ',', '.', NULL, NULL),
(35, 'Egypt', 'Pounds', 'EGP', '£', ',', '.', NULL, NULL),
(36, 'El Salvador', 'Colones', 'SVC', '$', ',', '.', NULL, NULL),
(37, 'England [United Kingdom]', 'Pounds', 'GBP', '£', ',', '.', NULL, NULL),
(38, 'Euro', 'Euro', 'EUR', '€', '.', ',', NULL, NULL),
(39, 'Falkland Islands', 'Pounds', 'FKP', '£', ',', '.', NULL, NULL),
(40, 'Fiji', 'Dollars', 'FJD', '$', ',', '.', NULL, NULL),
(41, 'France', 'Euro', 'EUR', '€', '.', ',', NULL, NULL),
(42, 'Ghana', 'Cedis', 'GHS', '¢', ',', '.', NULL, NULL),
(43, 'Gibraltar', 'Pounds', 'GIP', '£', ',', '.', NULL, NULL),
(44, 'Greece', 'Euro', 'EUR', '€', '.', ',', NULL, NULL),
(45, 'Guatemala', 'Quetzales', 'GTQ', 'Q', ',', '.', NULL, NULL),
(46, 'Guernsey', 'Pounds', 'GGP', '£', ',', '.', NULL, NULL),
(47, 'Guyana', 'Dollars', 'GYD', '$', ',', '.', NULL, NULL),
(48, 'Holland [Netherlands]', 'Euro', 'EUR', '€', '.', ',', NULL, NULL),
(49, 'Honduras', 'Lempiras', 'HNL', 'L', ',', '.', NULL, NULL),
(50, 'Hong Kong', 'Dollars', 'HKD', '$', ',', '.', NULL, NULL),
(51, 'Hungary', 'Forint', 'HUF', 'Ft', ',', '.', NULL, NULL),
(52, 'Iceland', 'Kronur', 'ISK', 'kr', ',', '.', NULL, NULL),
(53, 'India', 'Rupees', 'INR', '₹', ',', '.', NULL, NULL),
(54, 'Indonesia', 'Rupiahs', 'IDR', 'Rp', ',', '.', NULL, NULL),
(55, 'Iran', 'Rials', 'IRR', '﷼', ',', '.', NULL, NULL),
(56, 'Ireland', 'Euro', 'EUR', '€', '.', ',', NULL, NULL),
(57, 'Isle of Man', 'Pounds', 'IMP', '£', ',', '.', NULL, NULL),
(58, 'Israel', 'New Shekels', 'ILS', '₪', ',', '.', NULL, NULL),
(59, 'Italy', 'Euro', 'EUR', '€', '.', ',', NULL, NULL),
(60, 'Jamaica', 'Dollars', 'JMD', 'J$', ',', '.', NULL, NULL),
(61, 'Japan', 'Yen', 'JPY', '¥', ',', '.', NULL, NULL),
(62, 'Jersey', 'Pounds', 'JEP', '£', ',', '.', NULL, NULL),
(63, 'Kazakhstan', 'Tenge', 'KZT', 'лв', ',', '.', NULL, NULL),
(64, 'Korea [North]', 'Won', 'KPW', '₩', ',', '.', NULL, NULL),
(65, 'Korea [South]', 'Won', 'KRW', '₩', ',', '.', NULL, NULL),
(66, 'Kyrgyzstan', 'Soms', 'KGS', 'лв', ',', '.', NULL, NULL),
(67, 'Laos', 'Kips', 'LAK', '₭', ',', '.', NULL, NULL),
(68, 'Latvia', 'Lati', 'LVL', 'Ls', ',', '.', NULL, NULL),
(69, 'Lebanon', 'Pounds', 'LBP', '£', ',', '.', NULL, NULL),
(70, 'Liberia', 'Dollars', 'LRD', '$', ',', '.', NULL, NULL),
(71, 'Liechtenstein', 'Switzerland Francs', 'CHF', 'CHF', ',', '.', NULL, NULL),
(72, 'Lithuania', 'Litai', 'LTL', 'Lt', ',', '.', NULL, NULL),
(73, 'Luxembourg', 'Euro', 'EUR', '€', '.', ',', NULL, NULL),
(74, 'Macedonia', 'Denars', 'MKD', 'ден', ',', '.', NULL, NULL),
(75, 'Malaysia', 'Ringgits', 'MYR', 'RM', ',', '.', NULL, NULL),
(76, 'Malta', 'Euro', 'EUR', '€', '.', ',', NULL, NULL),
(77, 'Mauritius', 'Rupees', 'MUR', '₨', ',', '.', NULL, NULL),
(78, 'Mexico', 'Pesos', 'MXN', '$', ',', '.', NULL, NULL),
(79, 'Mongolia', 'Tugriks', 'MNT', '₮', ',', '.', NULL, NULL),
(80, 'Mozambique', 'Meticais', 'MZ', 'MT', ',', '.', NULL, NULL),
(81, 'Namibia', 'Dollars', 'NAD', '$', ',', '.', NULL, NULL),
(82, 'Nepal', 'Rupees', 'NPR', '₨', ',', '.', NULL, NULL),
(83, 'Netherlands Antilles', 'Guilders', 'ANG', 'ƒ', ',', '.', NULL, NULL),
(84, 'Netherlands', 'Euro', 'EUR', '€', '.', ',', NULL, NULL),
(85, 'New Zealand', 'Dollars', 'NZD', '$', ',', '.', NULL, NULL),
(86, 'Nicaragua', 'Cordobas', 'NIO', 'C$', ',', '.', NULL, NULL),
(87, 'Nigeria', 'Nairas', 'NGN', '₦', ',', '.', NULL, NULL),
(88, 'North Korea', 'Won', 'KPW', '₩', ',', '.', NULL, NULL),
(89, 'Norway', 'Krone', 'NOK', 'kr', ',', '.', NULL, NULL),
(90, 'Oman', 'Rials', 'OMR', '﷼', ',', '.', NULL, NULL),
(91, 'Pakistan', 'Rupees', 'PKR', '₨', ',', '.', NULL, NULL),
(92, 'Panama', 'Balboa', 'PAB', 'B/.', ',', '.', NULL, NULL),
(93, 'Paraguay', 'Guarani', 'PYG', 'Gs', ',', '.', NULL, NULL),
(94, 'Peru', 'Nuevos Soles', 'PE', 'S/.', ',', '.', NULL, NULL),
(95, 'Philippines', 'Pesos', 'PHP', 'Php', ',', '.', NULL, NULL),
(96, 'Poland', 'Zlotych', 'PL', 'zł', ',', '.', NULL, NULL),
(97, 'Qatar', 'Rials', 'QAR', '﷼', ',', '.', NULL, NULL),
(98, 'Romania', 'New Lei', 'RO', 'lei', ',', '.', NULL, NULL),
(99, 'Russia', 'Rubles', 'RUB', 'руб', ',', '.', NULL, NULL),
(100, 'Saint Helena', 'Pounds', 'SHP', '£', ',', '.', NULL, NULL),
(101, 'Saudi Arabia', 'Riyals', 'SAR', '﷼', ',', '.', NULL, NULL),
(102, 'Serbia', 'Dinars', 'RSD', 'Дин.', ',', '.', NULL, NULL),
(103, 'Seychelles', 'Rupees', 'SCR', '₨', ',', '.', NULL, NULL),
(104, 'Singapore', 'Dollars', 'SGD', '$', ',', '.', NULL, NULL),
(105, 'Slovenia', 'Euro', 'EUR', '€', '.', ',', NULL, NULL),
(106, 'Solomon Islands', 'Dollars', 'SBD', '$', ',', '.', NULL, NULL),
(107, 'Somalia', 'Shillings', 'SOS', 'S', ',', '.', NULL, NULL),
(108, 'South Africa', 'Rand', 'ZAR', 'R', ',', '.', NULL, NULL),
(109, 'South Korea', 'Won', 'KRW', '₩', ',', '.', NULL, NULL),
(110, 'Spain', 'Euro', 'EUR', '€', '.', ',', NULL, NULL),
(111, 'Sri Lanka', 'Rupees', 'LKR', '₨', ',', '.', NULL, NULL),
(112, 'Sweden', 'Kronor', 'SEK', 'kr', ',', '.', NULL, NULL),
(113, 'Switzerland', 'Francs', 'CHF', 'CHF', ',', '.', NULL, NULL),
(114, 'Suriname', 'Dollars', 'SRD', '$', ',', '.', NULL, NULL),
(115, 'Syria', 'Pounds', 'SYP', '£', ',', '.', NULL, NULL),
(116, 'Taiwan', 'New Dollars', 'TWD', 'NT$', ',', '.', NULL, NULL),
(117, 'Thailand', 'Baht', 'THB', '฿', ',', '.', NULL, NULL),
(118, 'Trinidad and Tobago', 'Dollars', 'TTD', 'TT$', ',', '.', NULL, NULL),
(119, 'Turkey', 'Lira', 'TRY', 'TL', ',', '.', NULL, NULL),
(120, 'Turkey', 'Liras', 'TRL', '£', ',', '.', NULL, NULL),
(121, 'Tuvalu', 'Dollars', 'TVD', '$', ',', '.', NULL, NULL),
(122, 'Ukraine', 'Hryvnia', 'UAH', '₴', ',', '.', NULL, NULL),
(123, 'United Kingdom', 'Pounds', 'GBP', '£', ',', '.', NULL, NULL),
(124, 'United States of America', 'Dollars', 'USD', '$', ',', '.', NULL, NULL),
(125, 'Uruguay', 'Pesos', 'UYU', '$U', ',', '.', NULL, NULL),
(126, 'Uzbekistan', 'Sums', 'UZS', 'лв', ',', '.', NULL, NULL),
(127, 'Vatican City', 'Euro', 'EUR', '€', '.', ',', NULL, NULL),
(128, 'Venezuela', 'Bolivares Fuertes', 'VEF', 'Bs', ',', '.', NULL, NULL),
(129, 'Vietnam', 'Dong', 'VND', '₫', ',', '.', NULL, NULL),
(130, 'Yemen', 'Rials', 'YER', '﷼', ',', '.', NULL, NULL),
(131, 'Zimbabwe', 'Zimbabwe Dollars', 'ZWD', 'Z$', ',', '.', NULL, NULL),
(132, 'Iraq', 'Iraqi dinar', 'IQD', 'د.ع', ',', '.', NULL, NULL),
(133, 'Kenya', 'Kenyan shilling', 'KES', 'KSh', ',', '.', NULL, NULL),
(134, 'Bangladesh', 'Taka', 'BDT', '৳', ',', '.', NULL, NULL),
(135, 'Algerie', 'Algerian dinar', 'DZD', 'د.ج', ' ', '.', NULL, NULL),
(136, 'United Arab Emirates', 'United Arab Emirates dirham', 'AED', 'د.إ', ',', '.', NULL, NULL),
(137, 'Uganda', 'Uganda shillings', 'UGX', 'USh', ',', '.', NULL, NULL),
(138, 'Tanzania', 'Tanzanian shilling', 'TZS', 'TSh', ',', '.', NULL, NULL),
(139, 'Angola', 'Kwanza', 'AOA', 'Kz', ',', '.', NULL, NULL),
(140, 'Kuwait', 'Kuwaiti dinar', 'KWD', 'KD', ',', '.', NULL, NULL),
(141, 'Bahrain', 'Bahraini dinar', 'BHD', 'BD', ',', '.', NULL, NULL);

-- --------------------------------------------------------

--
-- Table structure for table `customer_groups`
--

CREATE TABLE `customer_groups` (
  `id` int(10) UNSIGNED NOT NULL,
  `business_id` int(10) UNSIGNED NOT NULL,
  `name` varchar(191) NOT NULL,
  `amount` double(5,2) NOT NULL,
  `price_calculation_type` varchar(191) DEFAULT 'percentage',
  `selling_price_group_id` int(11) DEFAULT NULL,
  `created_by` int(10) UNSIGNED NOT NULL,
  `created_at` timestamp NULL DEFAULT NULL,
  `updated_at` timestamp NULL DEFAULT NULL
) ENGINE=InnoDB DEFAULT CHARSET=utf8mb4 COLLATE=utf8mb4_unicode_ci;

--
-- Dumping data for table `customer_groups`
--

INSERT INTO `customer_groups` (`id`, `business_id`, `name`, `amount`, `price_calculation_type`, `selling_price_group_id`, `created_by`, `created_at`, `updated_at`) VALUES
(1, 1, 'محموعه العملاء', 10.00, 'percentage', NULL, 1, '2025-06-28 19:34:44', '2025-06-28 19:34:44');

-- --------------------------------------------------------

--
-- Table structure for table `dashboard_configurations`
--

CREATE TABLE `dashboard_configurations` (
  `id` int(10) UNSIGNED NOT NULL,
  `business_id` int(10) UNSIGNED NOT NULL,
  `created_by` int(11) NOT NULL,
  `name` varchar(191) NOT NULL,
  `color` varchar(191) NOT NULL,
  `configuration` text DEFAULT NULL,
  `created_at` timestamp NULL DEFAULT NULL,
  `updated_at` timestamp NULL DEFAULT NULL
) ENGINE=InnoDB DEFAULT CHARSET=utf8mb4 COLLATE=utf8mb4_unicode_ci;

-- --------------------------------------------------------

--
-- Table structure for table `discounts`
--

CREATE TABLE `discounts` (
  `id` int(10) UNSIGNED NOT NULL,
  `name` varchar(191) NOT NULL,
  `business_id` int(11) NOT NULL,
  `brand_id` int(11) DEFAULT NULL,
  `category_id` int(11) DEFAULT NULL,
  `location_id` int(11) DEFAULT NULL,
  `priority` int(11) DEFAULT NULL,
  `discount_type` varchar(191) DEFAULT NULL,
  `discount_amount` decimal(22,4) NOT NULL DEFAULT 0.0000,
  `starts_at` datetime DEFAULT NULL,
  `ends_at` datetime DEFAULT NULL,
  `is_active` tinyint(1) NOT NULL DEFAULT 1,
  `spg` varchar(100) DEFAULT NULL COMMENT 'Applicable in specified selling price group only. Use of applicable_in_spg column is discontinued',
  `applicable_in_cg` tinyint(1) DEFAULT 0,
  `created_at` timestamp NULL DEFAULT NULL,
  `updated_at` timestamp NULL DEFAULT NULL
) ENGINE=InnoDB DEFAULT CHARSET=utf8mb4 COLLATE=utf8mb4_unicode_ci;

-- --------------------------------------------------------

--
-- Table structure for table `discount_variations`
--

CREATE TABLE `discount_variations` (
  `discount_id` int(11) NOT NULL,
  `variation_id` int(11) NOT NULL
) ENGINE=InnoDB DEFAULT CHARSET=utf8mb4 COLLATE=utf8mb4_unicode_ci;

-- --------------------------------------------------------

--
-- Table structure for table `document_and_notes`
--

CREATE TABLE `document_and_notes` (
  `id` int(10) UNSIGNED NOT NULL,
  `business_id` int(11) NOT NULL,
  `notable_id` int(11) NOT NULL,
  `notable_type` varchar(191) NOT NULL,
  `heading` text DEFAULT NULL,
  `description` text DEFAULT NULL,
  `is_private` tinyint(1) NOT NULL DEFAULT 0,
  `created_by` int(11) NOT NULL,
  `created_at` timestamp NULL DEFAULT NULL,
  `updated_at` timestamp NULL DEFAULT NULL
) ENGINE=InnoDB DEFAULT CHARSET=utf8mb4 COLLATE=utf8mb4_unicode_ci;

-- --------------------------------------------------------

--
-- Table structure for table `essentials_allowances_and_deductions`
--

CREATE TABLE `essentials_allowances_and_deductions` (
  `id` int(10) UNSIGNED NOT NULL,
  `business_id` int(11) NOT NULL,
  `description` varchar(191) NOT NULL,
  `type` enum('allowance','deduction') NOT NULL,
  `amount` decimal(22,4) NOT NULL,
  `amount_type` enum('fixed','percent') NOT NULL,
  `applicable_date` date DEFAULT NULL,
  `created_at` timestamp NULL DEFAULT NULL,
  `updated_at` timestamp NULL DEFAULT NULL
) ENGINE=InnoDB DEFAULT CHARSET=utf8mb4 COLLATE=utf8mb4_unicode_ci;

-- --------------------------------------------------------

--
-- Table structure for table `essentials_attendances`
--

CREATE TABLE `essentials_attendances` (
  `id` int(10) UNSIGNED NOT NULL,
  `user_id` int(11) NOT NULL,
  `business_id` int(11) NOT NULL,
  `clock_in_time` datetime DEFAULT NULL,
  `clock_out_time` datetime DEFAULT NULL,
  `essentials_shift_id` int(11) DEFAULT NULL,
  `ip_address` varchar(191) DEFAULT NULL,
  `clock_in_note` text DEFAULT NULL,
  `clock_out_note` text DEFAULT NULL,
  `clock_in_location` text DEFAULT NULL,
  `clock_out_location` text DEFAULT NULL,
  `created_at` timestamp NULL DEFAULT NULL,
  `updated_at` timestamp NULL DEFAULT NULL
) ENGINE=InnoDB DEFAULT CHARSET=utf8mb4 COLLATE=utf8mb4_unicode_ci;

-- --------------------------------------------------------

--
-- Table structure for table `essentials_documents`
--

CREATE TABLE `essentials_documents` (
  `id` int(10) UNSIGNED NOT NULL,
  `business_id` int(11) NOT NULL,
  `user_id` int(11) NOT NULL,
  `type` varchar(191) DEFAULT NULL,
  `name` varchar(191) NOT NULL,
  `description` varchar(191) DEFAULT NULL,
  `created_at` timestamp NULL DEFAULT NULL,
  `updated_at` timestamp NULL DEFAULT NULL
) ENGINE=InnoDB DEFAULT CHARSET=utf8mb4 COLLATE=utf8mb4_unicode_ci;

-- --------------------------------------------------------

--
-- Table structure for table `essentials_document_shares`
--

CREATE TABLE `essentials_document_shares` (
  `id` int(10) UNSIGNED NOT NULL,
  `document_id` int(11) NOT NULL,
  `value_type` enum('user','role') NOT NULL,
  `value` int(11) NOT NULL,
  `created_at` timestamp NULL DEFAULT NULL,
  `updated_at` timestamp NULL DEFAULT NULL
) ENGINE=InnoDB DEFAULT CHARSET=utf8mb4 COLLATE=utf8mb4_unicode_ci;

-- --------------------------------------------------------

--
-- Table structure for table `essentials_holidays`
--

CREATE TABLE `essentials_holidays` (
  `id` int(10) UNSIGNED NOT NULL,
  `name` varchar(191) DEFAULT NULL,
  `start_date` date NOT NULL,
  `end_date` date NOT NULL,
  `business_id` int(11) NOT NULL,
  `location_id` int(11) DEFAULT NULL,
  `note` text DEFAULT NULL,
  `created_at` timestamp NULL DEFAULT NULL,
  `updated_at` timestamp NULL DEFAULT NULL
) ENGINE=InnoDB DEFAULT CHARSET=utf8mb4 COLLATE=utf8mb4_unicode_ci;

-- --------------------------------------------------------

--
-- Table structure for table `essentials_kb`
--

CREATE TABLE `essentials_kb` (
  `id` bigint(20) UNSIGNED NOT NULL,
  `business_id` bigint(20) UNSIGNED NOT NULL,
  `title` varchar(191) NOT NULL,
  `content` longtext DEFAULT NULL,
  `status` varchar(191) NOT NULL,
  `kb_type` varchar(191) NOT NULL,
  `parent_id` bigint(20) UNSIGNED DEFAULT NULL COMMENT 'id from essentials_kb table',
  `share_with` varchar(191) DEFAULT NULL COMMENT 'public, private, only_with',
  `created_by` bigint(20) UNSIGNED NOT NULL,
  `created_at` timestamp NULL DEFAULT NULL,
  `updated_at` timestamp NULL DEFAULT NULL
) ENGINE=InnoDB DEFAULT CHARSET=utf8mb4 COLLATE=utf8mb4_unicode_ci;

-- --------------------------------------------------------

--
-- Table structure for table `essentials_kb_users`
--

CREATE TABLE `essentials_kb_users` (
  `id` bigint(20) UNSIGNED NOT NULL,
  `kb_id` int(11) NOT NULL,
  `user_id` int(11) NOT NULL
) ENGINE=InnoDB DEFAULT CHARSET=utf8mb4 COLLATE=utf8mb4_unicode_ci;

-- --------------------------------------------------------

--
-- Table structure for table `essentials_leaves`
--

CREATE TABLE `essentials_leaves` (
  `id` int(10) UNSIGNED NOT NULL,
  `essentials_leave_type_id` int(11) DEFAULT NULL,
  `business_id` int(11) NOT NULL,
  `user_id` int(11) NOT NULL,
  `start_date` date NOT NULL,
  `end_date` date NOT NULL,
  `ref_no` varchar(191) DEFAULT NULL,
  `status` enum('pending','approved','cancelled') DEFAULT NULL,
  `reason` text DEFAULT NULL,
  `status_note` text DEFAULT NULL,
  `is_additional` tinyint(1) NOT NULL DEFAULT 0,
  `created_at` timestamp NULL DEFAULT NULL,
  `updated_at` timestamp NULL DEFAULT NULL
) ENGINE=InnoDB DEFAULT CHARSET=utf8mb4 COLLATE=utf8mb4_unicode_ci;

-- --------------------------------------------------------

--
-- Table structure for table `essentials_leave_types`
--

CREATE TABLE `essentials_leave_types` (
  `id` int(10) UNSIGNED NOT NULL,
  `leave_type` varchar(191) NOT NULL,
  `max_leave_count` int(11) DEFAULT NULL,
  `leave_count_interval` enum('month','year') DEFAULT NULL,
  `business_id` int(11) NOT NULL,
  `created_at` timestamp NULL DEFAULT NULL,
  `updated_at` timestamp NULL DEFAULT NULL
) ENGINE=InnoDB DEFAULT CHARSET=utf8mb4 COLLATE=utf8mb4_unicode_ci;

-- --------------------------------------------------------

--
-- Table structure for table `essentials_messages`
--

CREATE TABLE `essentials_messages` (
  `id` int(10) UNSIGNED NOT NULL,
  `business_id` int(11) NOT NULL,
  `user_id` int(11) NOT NULL,
  `message` text NOT NULL,
  `location_id` int(11) DEFAULT NULL,
  `created_at` timestamp NULL DEFAULT NULL,
  `updated_at` timestamp NULL DEFAULT NULL
) ENGINE=InnoDB DEFAULT CHARSET=utf8mb4 COLLATE=utf8mb4_unicode_ci;

-- --------------------------------------------------------

--
-- Table structure for table `essentials_payroll_groups`
--

CREATE TABLE `essentials_payroll_groups` (
  `id` bigint(20) UNSIGNED NOT NULL,
  `business_id` int(11) NOT NULL,
  `location_id` int(11) DEFAULT NULL COMMENT 'payroll for work location',
  `name` varchar(191) NOT NULL,
  `status` varchar(191) NOT NULL,
  `payment_status` varchar(191) NOT NULL DEFAULT 'due',
  `gross_total` decimal(22,4) NOT NULL DEFAULT 0.0000,
  `created_by` int(11) NOT NULL,
  `created_at` timestamp NULL DEFAULT NULL,
  `updated_at` timestamp NULL DEFAULT NULL
) ENGINE=InnoDB DEFAULT CHARSET=utf8mb4 COLLATE=utf8mb4_unicode_ci;

-- --------------------------------------------------------

--
-- Table structure for table `essentials_payroll_group_transactions`
--

CREATE TABLE `essentials_payroll_group_transactions` (
  `payroll_group_id` bigint(20) UNSIGNED NOT NULL,
  `transaction_id` int(11) NOT NULL
) ENGINE=InnoDB DEFAULT CHARSET=utf8mb4 COLLATE=utf8mb4_unicode_ci;

-- --------------------------------------------------------

--
-- Table structure for table `essentials_reminders`
--

CREATE TABLE `essentials_reminders` (
  `id` int(10) UNSIGNED NOT NULL,
  `business_id` int(11) NOT NULL,
  `user_id` int(11) NOT NULL,
  `name` varchar(191) NOT NULL,
  `date` date NOT NULL,
  `time` time NOT NULL,
  `end_time` time DEFAULT NULL,
  `repeat` enum('one_time','every_day','every_week','every_month') NOT NULL,
  `created_at` timestamp NULL DEFAULT NULL,
  `updated_at` timestamp NULL DEFAULT NULL
) ENGINE=InnoDB DEFAULT CHARSET=utf8mb4 COLLATE=utf8mb4_unicode_ci;

-- --------------------------------------------------------

--
-- Table structure for table `essentials_shifts`
--

CREATE TABLE `essentials_shifts` (
  `id` int(10) UNSIGNED NOT NULL,
  `name` varchar(191) NOT NULL,
  `type` enum('fixed_shift','flexible_shift') NOT NULL DEFAULT 'fixed_shift',
  `business_id` int(11) NOT NULL,
  `start_time` time DEFAULT NULL,
  `end_time` time DEFAULT NULL,
  `is_allowed_auto_clockout` tinyint(1) NOT NULL DEFAULT 0,
  `auto_clockout_time` time DEFAULT NULL,
  `holidays` text DEFAULT NULL,
  `created_at` timestamp NULL DEFAULT NULL,
  `updated_at` timestamp NULL DEFAULT NULL
) ENGINE=InnoDB DEFAULT CHARSET=utf8mb4 COLLATE=utf8mb4_unicode_ci;

-- --------------------------------------------------------

--
-- Table structure for table `essentials_todos_users`
--

CREATE TABLE `essentials_todos_users` (
  `todo_id` int(11) NOT NULL,
  `user_id` int(11) NOT NULL
) ENGINE=InnoDB DEFAULT CHARSET=utf8mb4 COLLATE=utf8mb4_unicode_ci;

-- --------------------------------------------------------

--
-- Table structure for table `essentials_todo_comments`
--

CREATE TABLE `essentials_todo_comments` (
  `id` int(10) UNSIGNED NOT NULL,
  `comment` text NOT NULL,
  `task_id` int(11) NOT NULL,
  `comment_by` int(11) NOT NULL,
  `created_at` timestamp NULL DEFAULT NULL,
  `updated_at` timestamp NULL DEFAULT NULL
) ENGINE=InnoDB DEFAULT CHARSET=utf8mb4 COLLATE=utf8mb4_unicode_ci;

-- --------------------------------------------------------

--
-- Table structure for table `essentials_to_dos`
--

CREATE TABLE `essentials_to_dos` (
  `id` int(10) UNSIGNED NOT NULL,
  `business_id` int(11) NOT NULL,
  `task` text NOT NULL,
  `date` datetime DEFAULT NULL,
  `end_date` datetime DEFAULT NULL,
  `task_id` varchar(191) DEFAULT NULL,
  `description` text DEFAULT NULL,
  `status` varchar(191) DEFAULT NULL,
  `estimated_hours` varchar(191) DEFAULT NULL,
  `priority` varchar(191) DEFAULT NULL,
  `created_by` int(11) DEFAULT NULL,
  `created_at` timestamp NULL DEFAULT NULL,
  `updated_at` timestamp NULL DEFAULT NULL
) ENGINE=InnoDB DEFAULT CHARSET=utf8mb4 COLLATE=utf8mb4_unicode_ci;

-- --------------------------------------------------------

--
-- Table structure for table `essentials_user_allowance_and_deductions`
--

CREATE TABLE `essentials_user_allowance_and_deductions` (
  `user_id` int(11) NOT NULL,
  `allowance_deduction_id` int(11) NOT NULL
) ENGINE=InnoDB DEFAULT CHARSET=utf8mb4 COLLATE=utf8mb4_unicode_ci;

-- --------------------------------------------------------

--
-- Table structure for table `essentials_user_sales_targets`
--

CREATE TABLE `essentials_user_sales_targets` (
  `id` bigint(20) UNSIGNED NOT NULL,
  `user_id` int(11) NOT NULL,
  `target_start` decimal(22,4) NOT NULL DEFAULT 0.0000,
  `target_end` decimal(22,4) NOT NULL DEFAULT 0.0000,
  `commission_percent` decimal(22,4) NOT NULL DEFAULT 0.0000,
  `created_at` timestamp NULL DEFAULT NULL,
  `updated_at` timestamp NULL DEFAULT NULL
) ENGINE=InnoDB DEFAULT CHARSET=utf8mb4 COLLATE=utf8mb4_unicode_ci;

-- --------------------------------------------------------

--
-- Table structure for table `essentials_user_shifts`
--

CREATE TABLE `essentials_user_shifts` (
  `id` int(10) UNSIGNED NOT NULL,
  `user_id` int(11) NOT NULL,
  `essentials_shift_id` int(11) NOT NULL,
  `start_date` date DEFAULT NULL,
  `end_date` date DEFAULT NULL,
  `created_at` timestamp NULL DEFAULT NULL,
  `updated_at` timestamp NULL DEFAULT NULL
) ENGINE=InnoDB DEFAULT CHARSET=utf8mb4 COLLATE=utf8mb4_unicode_ci;

-- --------------------------------------------------------

--
-- Table structure for table `expense_categories`
--

CREATE TABLE `expense_categories` (
  `id` int(10) UNSIGNED NOT NULL,
  `name` varchar(191) NOT NULL,
  `business_id` int(10) UNSIGNED NOT NULL,
  `code` varchar(191) DEFAULT NULL,
  `parent_id` int(11) DEFAULT NULL,
  `deleted_at` timestamp NULL DEFAULT NULL,
  `created_at` timestamp NULL DEFAULT NULL,
  `updated_at` timestamp NULL DEFAULT NULL
) ENGINE=InnoDB DEFAULT CHARSET=utf8mb4 COLLATE=utf8mb4_unicode_ci;

-- --------------------------------------------------------

--
-- Table structure for table `group_sub_taxes`
--

CREATE TABLE `group_sub_taxes` (
  `group_tax_id` int(10) UNSIGNED NOT NULL,
  `tax_id` int(10) UNSIGNED NOT NULL
) ENGINE=InnoDB DEFAULT CHARSET=utf8mb4 COLLATE=utf8mb4_unicode_ci;

-- --------------------------------------------------------

--
-- Table structure for table `invoice_layouts`
--

CREATE TABLE `invoice_layouts` (
  `id` int(10) UNSIGNED NOT NULL,
  `name` varchar(191) NOT NULL,
  `header_text` text DEFAULT NULL,
  `invoice_no_prefix` varchar(191) DEFAULT NULL,
  `quotation_no_prefix` varchar(191) DEFAULT NULL,
  `invoice_heading` varchar(191) DEFAULT NULL,
  `sub_heading_line1` varchar(191) DEFAULT NULL,
  `sub_heading_line2` varchar(191) DEFAULT NULL,
  `sub_heading_line3` varchar(191) DEFAULT NULL,
  `sub_heading_line4` varchar(191) DEFAULT NULL,
  `sub_heading_line5` varchar(191) DEFAULT NULL,
  `invoice_heading_not_paid` varchar(191) DEFAULT NULL,
  `invoice_heading_paid` varchar(191) DEFAULT NULL,
  `quotation_heading` varchar(191) DEFAULT NULL,
  `sub_total_label` varchar(191) DEFAULT NULL,
  `discount_label` varchar(191) DEFAULT NULL,
  `tax_label` varchar(191) DEFAULT NULL,
  `total_label` varchar(191) DEFAULT NULL,
  `round_off_label` varchar(191) DEFAULT NULL,
  `total_due_label` varchar(191) DEFAULT NULL,
  `paid_label` varchar(191) DEFAULT NULL,
  `show_client_id` tinyint(1) NOT NULL DEFAULT 0,
  `client_id_label` varchar(191) DEFAULT NULL,
  `client_tax_label` varchar(191) DEFAULT NULL,
  `date_label` varchar(191) DEFAULT NULL,
  `date_time_format` varchar(191) DEFAULT NULL,
  `show_time` tinyint(1) NOT NULL DEFAULT 1,
  `show_brand` tinyint(1) NOT NULL DEFAULT 0,
  `show_sku` tinyint(1) NOT NULL DEFAULT 1,
  `show_cat_code` tinyint(1) NOT NULL DEFAULT 1,
  `show_expiry` tinyint(1) NOT NULL DEFAULT 0,
  `show_lot` tinyint(1) NOT NULL DEFAULT 0,
  `show_image` tinyint(1) NOT NULL DEFAULT 0,
  `show_sale_description` tinyint(1) NOT NULL DEFAULT 0,
  `sales_person_label` varchar(191) DEFAULT NULL,
  `show_sales_person` tinyint(1) NOT NULL DEFAULT 0,
  `table_product_label` varchar(191) DEFAULT NULL,
  `table_qty_label` varchar(191) DEFAULT NULL,
  `table_unit_price_label` varchar(191) DEFAULT NULL,
  `table_subtotal_label` varchar(191) DEFAULT NULL,
  `cat_code_label` varchar(191) DEFAULT NULL,
  `logo` varchar(191) DEFAULT NULL,
  `show_logo` tinyint(1) NOT NULL DEFAULT 0,
  `show_business_name` tinyint(1) NOT NULL DEFAULT 0,
  `show_location_name` tinyint(1) NOT NULL DEFAULT 1,
  `show_landmark` tinyint(1) NOT NULL DEFAULT 1,
  `show_city` tinyint(1) NOT NULL DEFAULT 1,
  `show_state` tinyint(1) NOT NULL DEFAULT 1,
  `show_zip_code` tinyint(1) NOT NULL DEFAULT 1,
  `show_country` tinyint(1) NOT NULL DEFAULT 1,
  `show_mobile_number` tinyint(1) NOT NULL DEFAULT 1,
  `show_alternate_number` tinyint(1) NOT NULL DEFAULT 0,
  `show_email` tinyint(1) NOT NULL DEFAULT 0,
  `show_tax_1` tinyint(1) NOT NULL DEFAULT 1,
  `show_tax_2` tinyint(1) NOT NULL DEFAULT 0,
  `show_barcode` tinyint(1) NOT NULL DEFAULT 0,
  `show_payments` tinyint(1) NOT NULL DEFAULT 0,
  `show_customer` tinyint(1) NOT NULL DEFAULT 0,
  `customer_label` varchar(191) DEFAULT NULL,
  `commission_agent_label` varchar(191) DEFAULT NULL,
  `show_commission_agent` tinyint(1) NOT NULL DEFAULT 0,
  `show_reward_point` tinyint(1) NOT NULL DEFAULT 0,
  `highlight_color` varchar(10) DEFAULT NULL,
  `footer_text` text DEFAULT NULL,
  `module_info` text DEFAULT NULL,
  `common_settings` text DEFAULT NULL,
  `is_default` tinyint(1) NOT NULL DEFAULT 0,
  `business_id` int(10) UNSIGNED NOT NULL,
  `show_letter_head` tinyint(1) NOT NULL DEFAULT 0,
  `letter_head` varchar(191) DEFAULT NULL,
  `show_qr_code` tinyint(1) NOT NULL DEFAULT 0,
  `qr_code_fields` text DEFAULT NULL,
  `design` varchar(190) DEFAULT 'classic',
  `cn_heading` varchar(191) DEFAULT NULL COMMENT 'cn = credit note',
  `cn_no_label` varchar(191) DEFAULT NULL,
  `cn_amount_label` varchar(191) DEFAULT NULL,
  `table_tax_headings` text DEFAULT NULL,
  `show_previous_bal` tinyint(1) NOT NULL DEFAULT 0,
  `prev_bal_label` varchar(191) DEFAULT NULL,
  `change_return_label` varchar(191) DEFAULT NULL,
  `product_custom_fields` text DEFAULT NULL,
  `contact_custom_fields` text DEFAULT NULL,
  `location_custom_fields` text DEFAULT NULL,
  `created_at` timestamp NULL DEFAULT NULL,
  `updated_at` timestamp NULL DEFAULT NULL
) ENGINE=InnoDB DEFAULT CHARSET=utf8mb4 COLLATE=utf8mb4_unicode_ci;

--
-- Dumping data for table `invoice_layouts`
--

INSERT INTO `invoice_layouts` (`id`, `name`, `header_text`, `invoice_no_prefix`, `quotation_no_prefix`, `invoice_heading`, `sub_heading_line1`, `sub_heading_line2`, `sub_heading_line3`, `sub_heading_line4`, `sub_heading_line5`, `invoice_heading_not_paid`, `invoice_heading_paid`, `quotation_heading`, `sub_total_label`, `discount_label`, `tax_label`, `total_label`, `round_off_label`, `total_due_label`, `paid_label`, `show_client_id`, `client_id_label`, `client_tax_label`, `date_label`, `date_time_format`, `show_time`, `show_brand`, `show_sku`, `show_cat_code`, `show_expiry`, `show_lot`, `show_image`, `show_sale_description`, `sales_person_label`, `show_sales_person`, `table_product_label`, `table_qty_label`, `table_unit_price_label`, `table_subtotal_label`, `cat_code_label`, `logo`, `show_logo`, `show_business_name`, `show_location_name`, `show_landmark`, `show_city`, `show_state`, `show_zip_code`, `show_country`, `show_mobile_number`, `show_alternate_number`, `show_email`, `show_tax_1`, `show_tax_2`, `show_barcode`, `show_payments`, `show_customer`, `customer_label`, `commission_agent_label`, `show_commission_agent`, `show_reward_point`, `highlight_color`, `footer_text`, `module_info`, `common_settings`, `is_default`, `business_id`, `show_letter_head`, `letter_head`, `show_qr_code`, `qr_code_fields`, `design`, `cn_heading`, `cn_no_label`, `cn_amount_label`, `table_tax_headings`, `show_previous_bal`, `prev_bal_label`, `change_return_label`, `product_custom_fields`, `contact_custom_fields`, `location_custom_fields`, `created_at`, `updated_at`) VALUES
(1, 'Default', NULL, 'Invoice No.', NULL, 'Invoice', NULL, NULL, NULL, NULL, NULL, '', '', NULL, 'Subtotal', 'Discount', 'Tax', 'Total', NULL, 'Total Due', 'Total Paid', 0, NULL, NULL, 'Date', NULL, 1, 0, 1, 1, 0, 0, 0, 0, NULL, 0, 'Product', 'Quantity', 'Unit Price', 'Subtotal', NULL, NULL, 0, 0, 1, 1, 1, 1, 1, 1, 1, 0, 0, 1, 0, 0, 1, 1, 'Customer', NULL, 0, 0, '#000000', '', NULL, NULL, 1, 1, 0, NULL, 0, NULL, 'classic', NULL, NULL, NULL, NULL, 0, NULL, NULL, NULL, NULL, NULL, '2018-04-03 21:35:32', '2018-04-03 21:35:32');

-- --------------------------------------------------------

--
-- Table structure for table `invoice_schemes`
--

CREATE TABLE `invoice_schemes` (
  `id` int(10) UNSIGNED NOT NULL,
  `business_id` int(10) UNSIGNED NOT NULL,
  `name` varchar(191) NOT NULL,
  `scheme_type` enum('blank','year') NOT NULL,
  `number_type` varchar(100) NOT NULL DEFAULT 'sequential',
  `prefix` varchar(191) DEFAULT NULL,
  `start_number` int(11) DEFAULT NULL,
  `invoice_count` int(11) NOT NULL DEFAULT 0,
  `total_digits` int(11) DEFAULT NULL,
  `is_default` tinyint(1) NOT NULL DEFAULT 0,
  `created_at` timestamp NULL DEFAULT NULL,
  `updated_at` timestamp NULL DEFAULT NULL
) ENGINE=InnoDB DEFAULT CHARSET=utf8mb4 COLLATE=utf8mb4_unicode_ci;

--
-- Dumping data for table `invoice_schemes`
--

INSERT INTO `invoice_schemes` (`id`, `business_id`, `name`, `scheme_type`, `number_type`, `prefix`, `start_number`, `invoice_count`, `total_digits`, `is_default`, `created_at`, `updated_at`) VALUES
(1, 1, 'Default', 'blank', 'sequential', 'AS', 1, 52, 4, 1, '2018-01-04 00:15:20', '2025-07-03 00:42:38');

-- --------------------------------------------------------

--
-- Table structure for table `media`
--

CREATE TABLE `media` (
  `id` int(10) UNSIGNED NOT NULL,
  `business_id` int(11) NOT NULL,
  `file_name` varchar(191) NOT NULL,
  `description` text DEFAULT NULL,
  `uploaded_by` int(11) DEFAULT NULL,
  `model_type` varchar(191) NOT NULL,
  `model_media_type` varchar(191) DEFAULT NULL,
  `model_id` bigint(20) UNSIGNED NOT NULL,
  `created_at` timestamp NULL DEFAULT NULL,
  `updated_at` timestamp NULL DEFAULT NULL
) ENGINE=InnoDB DEFAULT CHARSET=utf8mb4 COLLATE=utf8mb4_unicode_ci;

-- --------------------------------------------------------

--
-- Table structure for table `mfg_ingredient_groups`
--

CREATE TABLE `mfg_ingredient_groups` (
  `id` int(10) UNSIGNED NOT NULL,
  `name` varchar(191) NOT NULL,
  `business_id` int(11) NOT NULL,
  `description` text DEFAULT NULL,
  `created_at` timestamp NULL DEFAULT NULL,
  `updated_at` timestamp NULL DEFAULT NULL
) ENGINE=InnoDB DEFAULT CHARSET=utf8mb4 COLLATE=utf8mb4_unicode_ci;

--
-- Dumping data for table `mfg_ingredient_groups`
--

INSERT INTO `mfg_ingredient_groups` (`id`, `name`, `business_id`, `description`, `created_at`, `updated_at`) VALUES
(1, 'خطوه 1', 1, 'test tes', '2025-05-14 04:59:15', '2025-05-14 04:59:15');

-- --------------------------------------------------------

--
-- Table structure for table `mfg_recipes`
--

CREATE TABLE `mfg_recipes` (
  `id` int(10) UNSIGNED NOT NULL,
  `product_id` int(11) NOT NULL,
  `variation_id` int(11) NOT NULL,
  `instructions` text DEFAULT NULL,
  `waste_percent` decimal(10,2) NOT NULL DEFAULT 0.00,
  `ingredients_cost` decimal(22,4) NOT NULL DEFAULT 0.0000,
  `extra_cost` decimal(22,4) NOT NULL DEFAULT 0.0000,
  `production_cost_type` varchar(191) DEFAULT 'percentage',
  `total_quantity` decimal(22,4) NOT NULL DEFAULT 0.0000,
  `final_price` decimal(22,4) NOT NULL,
  `sub_unit_id` int(11) DEFAULT NULL,
  `created_at` timestamp NULL DEFAULT NULL,
  `updated_at` timestamp NULL DEFAULT NULL
) ENGINE=InnoDB DEFAULT CHARSET=utf8mb4 COLLATE=utf8mb4_unicode_ci;

-- --------------------------------------------------------

--
-- Table structure for table `mfg_recipe_ingredients`
--

CREATE TABLE `mfg_recipe_ingredients` (
  `id` int(10) UNSIGNED NOT NULL,
  `mfg_recipe_id` int(10) UNSIGNED NOT NULL,
  `variation_id` int(11) NOT NULL,
  `mfg_ingredient_group_id` int(11) DEFAULT NULL,
  `quantity` decimal(22,4) NOT NULL DEFAULT 0.0000,
  `waste_percent` decimal(22,4) NOT NULL DEFAULT 0.0000,
  `sub_unit_id` int(11) DEFAULT NULL,
  `sort_order` int(11) DEFAULT NULL,
  `created_at` timestamp NULL DEFAULT NULL,
  `updated_at` timestamp NULL DEFAULT NULL
) ENGINE=InnoDB DEFAULT CHARSET=utf8mb4 COLLATE=utf8mb4_unicode_ci;

-- --------------------------------------------------------

--
-- Table structure for table `migrations`
--

CREATE TABLE `migrations` (
  `id` int(10) UNSIGNED NOT NULL,
  `migration` varchar(191) NOT NULL,
  `batch` int(11) NOT NULL
) ENGINE=InnoDB DEFAULT CHARSET=utf8mb4 COLLATE=utf8mb4_unicode_ci;

--
-- Dumping data for table `migrations`
--

INSERT INTO `migrations` (`id`, `migration`, `batch`) VALUES
(1, '2014_10_12_000000_create_users_table', 1),
(2, '2014_10_12_100000_create_password_resets_table', 1),
(3, '2016_06_01_000001_create_oauth_auth_codes_table', 1),
(4, '2016_06_01_000002_create_oauth_access_tokens_table', 1),
(5, '2016_06_01_000003_create_oauth_refresh_tokens_table', 1),
(6, '2016_06_01_000004_create_oauth_clients_table', 1),
(7, '2016_06_01_000005_create_oauth_personal_access_clients_table', 1),
(8, '2017_07_05_071953_create_currencies_table', 1),
(9, '2017_07_05_073658_create_business_table', 1),
(10, '2017_07_22_075923_add_business_id_users_table', 1),
(11, '2017_07_23_113209_create_brands_table', 1),
(12, '2017_07_26_083429_create_permission_tables', 1),
(13, '2017_07_26_110000_create_tax_rates_table', 1),
(14, '2017_07_26_122313_create_units_table', 1),
(15, '2017_07_27_075706_create_contacts_table', 1),
(16, '2017_08_04_071038_create_categories_table', 1),
(17, '2017_08_08_115903_create_products_table', 1),
(18, '2017_08_09_061616_create_variation_templates_table', 1),
(19, '2017_08_09_061638_create_variation_value_templates_table', 1),
(20, '2017_08_10_061146_create_product_variations_table', 1),
(21, '2017_08_10_061216_create_variations_table', 1),
(22, '2017_08_19_054827_create_transactions_table', 1),
(23, '2017_08_31_073533_create_purchase_lines_table', 1),
(24, '2017_10_15_064638_create_transaction_payments_table', 1),
(25, '2017_10_31_065621_add_default_sales_tax_to_business_table', 1),
(26, '2017_11_20_051930_create_table_group_sub_taxes', 1),
(27, '2017_11_20_063603_create_transaction_sell_lines', 1),
(28, '2017_11_21_064540_create_barcodes_table', 1),
(29, '2017_11_23_181237_create_invoice_schemes_table', 1),
(30, '2017_12_25_122822_create_business_locations_table', 1),
(31, '2017_12_25_160253_add_location_id_to_transactions_table', 1),
(32, '2017_12_25_163227_create_variation_location_details_table', 1),
(33, '2018_01_04_115627_create_sessions_table', 1),
(34, '2018_01_05_112817_create_invoice_layouts_table', 1),
(35, '2018_01_06_112303_add_invoice_scheme_id_and_invoice_layout_id_to_business_locations', 1),
(36, '2018_01_08_104124_create_expense_categories_table', 1),
(37, '2018_01_08_123327_modify_transactions_table_for_expenses', 1),
(38, '2018_01_09_111005_modify_payment_status_in_transactions_table', 1),
(39, '2018_01_09_111109_add_paid_on_column_to_transaction_payments_table', 1),
(40, '2018_01_25_172439_add_printer_related_fields_to_business_locations_table', 1),
(41, '2018_01_27_184322_create_printers_table', 1),
(42, '2018_01_30_181442_create_cash_registers_table', 1),
(43, '2018_01_31_125836_create_cash_register_transactions_table', 1),
(44, '2018_02_07_173326_modify_business_table', 1),
(45, '2018_02_08_105425_add_enable_product_expiry_column_to_business_table', 1),
(46, '2018_02_08_111027_add_expiry_period_and_expiry_period_type_columns_to_products_table', 1),
(47, '2018_02_08_131118_add_mfg_date_and_exp_date_purchase_lines_table', 1),
(48, '2018_02_08_155348_add_exchange_rate_to_transactions_table', 1),
(49, '2018_02_09_124945_modify_transaction_payments_table_for_contact_payments', 1),
(50, '2018_02_12_113640_create_transaction_sell_lines_purchase_lines_table', 1),
(51, '2018_02_12_114605_add_quantity_sold_in_purchase_lines_table', 1),
(52, '2018_02_13_183323_alter_decimal_fields_size', 1),
(53, '2018_02_14_161928_add_transaction_edit_days_to_business_table', 1),
(54, '2018_02_15_161032_add_document_column_to_transactions_table', 1),
(55, '2018_02_17_124709_add_more_options_to_invoice_layouts', 1),
(56, '2018_02_19_111517_add_keyboard_shortcut_column_to_business_table', 1),
(57, '2018_02_19_121537_stock_adjustment_move_to_transaction_table', 1),
(58, '2018_02_20_165505_add_is_direct_sale_column_to_transactions_table', 1),
(59, '2018_02_21_105329_create_system_table', 1),
(60, '2018_02_23_100549_version_1_2', 1),
(61, '2018_02_23_125648_add_enable_editing_sp_from_purchase_column_to_business_table', 1),
(62, '2018_02_26_103612_add_sales_commission_agent_column_to_business_table', 1),
(63, '2018_02_26_130519_modify_users_table_for_sales_cmmsn_agnt', 1),
(64, '2018_02_26_134500_add_commission_agent_to_transactions_table', 1),
(65, '2018_02_27_121422_add_item_addition_method_to_business_table', 1),
(66, '2018_02_27_170232_modify_transactions_table_for_stock_transfer', 1),
(67, '2018_03_05_153510_add_enable_inline_tax_column_to_business_table', 1),
(68, '2018_03_06_210206_modify_product_barcode_types', 1),
(69, '2018_03_13_181541_add_expiry_type_to_business_table', 1),
(70, '2018_03_16_113446_product_expiry_setting_for_business', 1),
(71, '2018_03_19_113601_add_business_settings_options', 1),
(72, '2018_03_26_125334_add_pos_settings_to_business_table', 1),
(73, '2018_03_26_165350_create_customer_groups_table', 1),
(74, '2018_03_27_122720_customer_group_related_changes_in_tables', 1),
(75, '2018_03_29_110138_change_tax_field_to_nullable_in_business_table', 1),
(76, '2018_03_29_115502_add_changes_for_sr_number_in_products_and_sale_lines_table', 1),
(77, '2018_03_29_134340_add_inline_discount_fields_in_purchase_lines', 1),
(78, '2018_03_31_140921_update_transactions_table_exchange_rate', 1),
(79, '2018_04_03_103037_add_contact_id_to_contacts_table', 1),
(80, '2018_04_03_122709_add_changes_to_invoice_layouts_table', 1),
(81, '2018_04_09_135320_change_exchage_rate_size_in_business_table', 1),
(82, '2018_04_17_123122_add_lot_number_to_business', 1),
(83, '2018_04_17_160845_add_product_racks_table', 1),
(84, '2018_04_20_182015_create_res_tables_table', 1),
(85, '2018_04_24_105246_restaurant_fields_in_transaction_table', 1),
(86, '2018_04_24_114149_add_enabled_modules_business_table', 1),
(87, '2018_04_24_133704_add_modules_fields_in_invoice_layout_table', 1),
(88, '2018_04_27_132653_quotation_related_change', 1),
(89, '2018_05_02_104439_add_date_format_and_time_format_to_business', 1),
(90, '2018_05_02_111939_add_sell_return_to_transaction_payments', 1),
(91, '2018_05_14_114027_add_rows_positions_for_products', 1),
(92, '2018_05_14_125223_add_weight_to_products_table', 1),
(93, '2018_05_14_164754_add_opening_stock_permission', 1),
(94, '2018_05_15_134729_add_design_to_invoice_layouts', 1),
(95, '2018_05_16_183307_add_tax_fields_invoice_layout', 1),
(96, '2018_05_18_191956_add_sell_return_to_transaction_table', 1),
(97, '2018_05_21_131349_add_custom_fileds_to_contacts_table', 1),
(98, '2018_05_21_131607_invoice_layout_fields_for_sell_return', 1),
(99, '2018_05_21_131949_add_custom_fileds_and_website_to_business_locations_table', 1),
(100, '2018_05_22_123527_create_reference_counts_table', 1),
(101, '2018_05_22_154540_add_ref_no_prefixes_column_to_business_table', 1),
(102, '2018_05_24_132620_add_ref_no_column_to_transaction_payments_table', 1),
(103, '2018_05_24_161026_add_location_id_column_to_business_location_table', 1),
(104, '2018_05_25_180603_create_modifiers_related_table', 1),
(105, '2018_05_29_121714_add_purchase_line_id_to_stock_adjustment_line_table', 1),
(106, '2018_05_31_114645_add_res_order_status_column_to_transactions_table', 1),
(107, '2018_06_05_103530_rename_purchase_line_id_in_stock_adjustment_lines_table', 1),
(108, '2018_06_05_111905_modify_products_table_for_modifiers', 1),
(109, '2018_06_06_110524_add_parent_sell_line_id_column_to_transaction_sell_lines_table', 1),
(110, '2018_06_07_152443_add_is_service_staff_to_roles_table', 1),
(111, '2018_06_07_182258_add_image_field_to_products_table', 1),
(112, '2018_06_13_133705_create_bookings_table', 1),
(113, '2018_06_15_173636_add_email_column_to_contacts_table', 1),
(114, '2018_06_27_182835_add_superadmin_related_fields_business', 1),
(115, '2018_07_10_101913_add_custom_fields_to_products_table', 1),
(116, '2018_07_17_103434_add_sales_person_name_label_to_invoice_layouts_table', 1),
(117, '2018_07_17_163920_add_theme_skin_color_column_to_business_table', 1),
(118, '2018_07_24_160319_add_lot_no_line_id_to_transaction_sell_lines_table', 1),
(119, '2018_07_25_110004_add_show_expiry_and_show_lot_colums_to_invoice_layouts_table', 1),
(120, '2018_07_25_172004_add_discount_columns_to_transaction_sell_lines_table', 1),
(121, '2018_07_26_124720_change_design_column_type_in_invoice_layouts_table', 1),
(122, '2018_07_26_170424_add_unit_price_before_discount_column_to_transaction_sell_line_table', 1),
(123, '2018_07_28_103614_add_credit_limit_column_to_contacts_table', 1),
(124, '2018_08_08_110755_add_new_payment_methods_to_transaction_payments_table', 1),
(125, '2018_08_08_122225_modify_cash_register_transactions_table_for_new_payment_methods', 1),
(126, '2018_08_14_104036_add_opening_balance_type_to_transactions_table', 1),
(127, '2018_09_04_155900_create_accounts_table', 1),
(128, '2018_09_06_114438_create_selling_price_groups_table', 1),
(129, '2018_09_06_154057_create_variation_group_prices_table', 1),
(130, '2018_09_07_102413_add_permission_to_access_default_selling_price', 1),
(131, '2018_09_07_134858_add_selling_price_group_id_to_transactions_table', 1),
(132, '2018_09_10_112448_update_product_type_to_single_if_null_in_products_table', 1),
(133, '2018_09_10_152703_create_account_transactions_table', 1),
(134, '2018_09_10_173656_add_account_id_column_to_transaction_payments_table', 1),
(135, '2018_09_19_123914_create_notification_templates_table', 1),
(136, '2018_09_22_110504_add_sms_and_email_settings_columns_to_business_table', 1),
(137, '2018_09_24_134942_add_lot_no_line_id_to_stock_adjustment_lines_table', 1),
(138, '2018_09_26_105557_add_transaction_payments_for_existing_expenses', 1),
(139, '2018_09_27_111609_modify_transactions_table_for_purchase_return', 1),
(140, '2018_09_27_131154_add_quantity_returned_column_to_purchase_lines_table', 1),
(141, '2018_10_02_131401_add_return_quantity_column_to_transaction_sell_lines_table', 1),
(142, '2018_10_03_104918_add_qty_returned_column_to_transaction_sell_lines_purchase_lines_table', 1),
(143, '2018_10_03_185947_add_default_notification_templates_to_database', 1),
(144, '2018_10_09_153105_add_business_id_to_transaction_payments_table', 1),
(145, '2018_10_16_135229_create_permission_for_sells_and_purchase', 1),
(146, '2018_10_22_114441_add_columns_for_variable_product_modifications', 1),
(147, '2018_10_22_134428_modify_variable_product_data', 1),
(148, '2018_10_30_181558_add_table_tax_headings_to_invoice_layout', 1),
(149, '2018_10_31_122619_add_pay_terms_field_transactions_table', 1),
(150, '2018_10_31_161328_add_new_permissions_for_pos_screen', 1),
(151, '2018_10_31_174752_add_access_selected_contacts_only_to_users_table', 1),
(152, '2018_10_31_175627_add_user_contact_access', 1),
(153, '2018_10_31_180559_add_auto_send_sms_column_to_notification_templates_table', 1),
(154, '2018_11_02_171949_change_card_type_column_to_varchar_in_transaction_payments_table', 1),
(155, '2018_11_08_105621_add_role_permissions', 1),
(156, '2018_11_26_114135_add_is_suspend_column_to_transactions_table', 1),
(157, '2018_11_28_104410_modify_units_table_for_multi_unit', 1),
(158, '2018_11_28_170952_add_sub_unit_id_to_purchase_lines_and_sell_lines', 1),
(159, '2018_11_29_115918_add_primary_key_in_system_table', 1),
(160, '2018_12_03_185546_add_product_description_column_to_products_table', 1),
(161, '2018_12_06_114937_modify_system_table_and_users_table', 1),
(162, '2018_12_13_160007_add_custom_fields_display_options_to_invoice_layouts_table', 1),
(163, '2018_12_14_103307_modify_system_table', 1),
(164, '2018_12_18_133837_add_prev_balance_due_columns_to_invoice_layouts_table', 1),
(165, '2018_12_18_170656_add_invoice_token_column_to_transaction_table', 1),
(166, '2018_12_20_133639_add_date_time_format_column_to_invoice_layouts_table', 1),
(167, '2018_12_21_120659_add_recurring_invoice_fields_to_transactions_table', 1),
(168, '2018_12_24_154933_create_notifications_table', 1),
(169, '2019_01_08_112015_add_document_column_to_transaction_payments_table', 1),
(170, '2019_01_10_124645_add_account_permission', 1),
(171, '2019_01_16_125825_add_subscription_no_column_to_transactions_table', 1),
(172, '2019_01_28_111647_add_order_addresses_column_to_transactions_table', 1),
(173, '2019_02_13_173821_add_is_inactive_column_to_products_table', 1),
(174, '2019_02_19_103118_create_discounts_table', 1),
(175, '2019_02_21_120324_add_discount_id_column_to_transaction_sell_lines_table', 1),
(176, '2019_02_21_134324_add_permission_for_discount', 1),
(177, '2019_03_04_170832_add_service_staff_columns_to_transaction_sell_lines_table', 1),
(178, '2019_03_09_102425_add_sub_type_column_to_transactions_table', 1),
(179, '2019_03_09_124457_add_indexing_transaction_sell_lines_purchase_lines_table', 1),
(180, '2019_03_12_120336_create_activity_log_table', 1),
(181, '2019_03_15_132925_create_media_table', 1),
(182, '2019_05_08_130339_add_indexing_to_parent_id_in_transaction_payments_table', 1),
(183, '2019_05_10_132311_add_missing_column_indexing', 1),
(184, '2019_05_14_091812_add_show_image_column_to_invoice_layouts_table', 1),
(185, '2019_05_25_104922_add_view_purchase_price_permission', 1),
(186, '2019_06_17_103515_add_profile_informations_columns_to_users_table', 1),
(187, '2019_06_18_135524_add_permission_to_view_own_sales_only', 1),
(188, '2019_06_19_112058_add_database_changes_for_reward_points', 1),
(189, '2019_06_28_133732_change_type_column_to_string_in_transactions_table', 1),
(190, '2019_07_13_111420_add_is_created_from_api_column_to_transactions_table', 1),
(191, '2019_07_15_165136_add_fields_for_combo_product', 1),
(192, '2019_07_19_103446_add_mfg_quantity_used_column_to_purchase_lines_table', 1),
(193, '2019_07_22_152649_add_not_for_selling_in_product_table', 1),
(194, '2019_07_29_185351_add_show_reward_point_column_to_invoice_layouts_table', 1),
(195, '2019_08_08_162302_add_sub_units_related_fields', 1),
(196, '2019_08_26_133419_update_price_fields_decimal_point', 1),
(197, '2019_09_02_160054_remove_location_permissions_from_roles', 1),
(198, '2019_09_03_185259_add_permission_for_pos_screen', 1),
(199, '2019_09_04_163141_add_location_id_to_cash_registers_table', 1),
(200, '2019_09_04_184008_create_types_of_services_table', 1),
(201, '2019_09_06_131445_add_types_of_service_fields_to_transactions_table', 1),
(202, '2019_09_09_134810_add_default_selling_price_group_id_column_to_business_locations_table', 1),
(203, '2019_09_12_105616_create_product_locations_table', 1),
(204, '2019_09_17_122522_add_custom_labels_column_to_business_table', 1),
(205, '2019_09_18_164319_add_shipping_fields_to_transactions_table', 1),
(206, '2019_09_19_170927_close_all_active_registers', 1),
(207, '2019_09_23_161906_add_media_description_cloumn_to_media_table', 1),
(208, '2019_10_18_155633_create_account_types_table', 1),
(209, '2019_10_22_163335_add_common_settings_column_to_business_table', 1),
(210, '2019_10_29_132521_add_update_purchase_status_permission', 1),
(211, '2019_11_09_110522_add_indexing_to_lot_number', 1),
(212, '2019_11_19_170824_add_is_active_column_to_business_locations_table', 1),
(213, '2019_11_21_162913_change_quantity_field_types_to_decimal', 1),
(214, '2019_11_25_160340_modify_categories_table_for_polymerphic_relationship', 1),
(215, '2019_12_02_105025_create_warranties_table', 1),
(216, '2019_12_03_180342_add_common_settings_field_to_invoice_layouts_table', 1),
(217, '2019_12_05_183955_add_more_fields_to_users_table', 1),
(218, '2019_12_06_174904_add_change_return_label_column_to_invoice_layouts_table', 1),
(219, '2019_12_11_121307_add_draft_and_quotation_list_permissions', 1),
(220, '2019_12_12_180126_copy_expense_total_to_total_before_tax', 1),
(221, '2019_12_19_181412_make_alert_quantity_field_nullable_on_products_table', 1),
(222, '2019_12_25_173413_create_dashboard_configurations_table', 1),
(223, '2020_01_08_133506_create_document_and_notes_table', 1),
(224, '2020_01_09_113252_add_cc_bcc_column_to_notification_templates_table', 1),
(225, '2020_01_16_174818_add_round_off_amount_field_to_transactions_table', 1),
(226, '2020_01_28_162345_add_weighing_scale_settings_in_business_settings_table', 1),
(227, '2020_02_18_172447_add_import_fields_to_transactions_table', 1),
(228, '2020_03_13_135844_add_is_active_column_to_selling_price_groups_table', 1),
(229, '2020_03_16_115449_add_contact_status_field_to_contacts_table', 1),
(230, '2020_03_26_124736_add_allow_login_column_in_users_table', 1),
(231, '2020_04_13_154150_add_feature_products_column_to_business_loactions', 1),
(232, '2020_04_15_151802_add_user_type_to_users_table', 1),
(233, '2020_04_22_153905_add_subscription_repeat_on_column_to_transactions_table', 1),
(234, '2020_04_28_111436_add_shipping_address_to_contacts_table', 1),
(235, '2020_06_01_094654_add_max_sale_discount_column_to_users_table', 1),
(236, '2020_06_12_162245_modify_contacts_table', 1),
(237, '2020_06_22_103104_change_recur_interval_default_to_one', 1),
(238, '2020_07_09_174621_add_balance_field_to_contacts_table', 1),
(239, '2020_07_23_104933_change_status_column_to_varchar_in_transaction_table', 1),
(240, '2020_09_07_171059_change_completed_stock_transfer_status_to_final', 1),
(241, '2020_09_21_123224_modify_booking_status_column_in_bookings_table', 1),
(242, '2020_09_22_121639_create_discount_variations_table', 1),
(243, '2020_10_05_121550_modify_business_location_table_for_invoice_layout', 1),
(244, '2020_10_16_175726_set_status_as_received_for_opening_stock', 1),
(245, '2020_10_23_170823_add_for_group_tax_column_to_tax_rates_table', 1),
(246, '2020_11_04_130940_add_more_custom_fields_to_contacts_table', 1),
(247, '2020_11_10_152841_add_cash_register_permissions', 1),
(248, '2020_11_17_164041_modify_type_column_to_varchar_in_contacts_table', 1),
(249, '2020_12_18_181447_add_shipping_custom_fields_to_transactions_table', 1),
(250, '2020_12_22_164303_add_sub_status_column_to_transactions_table', 1),
(251, '2020_12_24_153050_add_custom_fields_to_transactions_table', 1),
(252, '2020_12_28_105403_add_whatsapp_text_column_to_notification_templates_table', 1),
(253, '2020_12_29_165925_add_model_document_type_to_media_table', 1),
(254, '2021_02_08_175632_add_contact_number_fields_to_users_table', 1),
(255, '2021_02_11_172217_add_indexing_for_multiple_columns', 1),
(256, '2021_02_23_122043_add_more_columns_to_customer_groups_table', 1),
(257, '2021_02_24_175551_add_print_invoice_permission_to_all_roles', 1),
(258, '2021_03_03_162021_add_purchase_order_columns_to_purchase_lines_and_transactions_table', 1),
(259, '2021_03_11_120229_add_sales_order_columns', 1),
(260, '2021_03_16_120705_add_business_id_to_activity_log_table', 1),
(261, '2021_03_16_153427_add_code_columns_to_business_table', 1),
(262, '2021_03_18_173308_add_account_details_column_to_accounts_table', 1),
(263, '2021_03_18_183119_add_prefer_payment_account_columns_to_transactions_table', 1),
(264, '2021_03_22_120810_add_more_types_of_service_custom_fields', 1),
(265, '2021_03_24_183132_add_shipping_export_custom_field_details_to_contacts_table', 1),
(266, '2021_03_25_170715_add_export_custom_fields_info_to_transactions_table', 1),
(267, '2021_04_15_063449_add_denominations_column_to_cash_registers_table', 1),
(268, '2021_05_22_083426_add_indexing_to_account_transactions_table', 1),
(269, '2021_07_08_065808_add_additional_expense_columns_to_transaction_table', 1),
(270, '2021_07_13_082918_add_qr_code_columns_to_invoice_layouts_table', 1),
(271, '2021_07_21_061615_add_fields_to_show_commission_agent_in_invoice_layout', 1),
(272, '2021_08_13_105549_add_crm_contact_id_to_users_table', 1),
(273, '2021_08_25_114932_add_payment_link_fields_to_transaction_payments_table', 1),
(274, '2021_09_01_063110_add_spg_column_to_discounts_table', 1),
(275, '2021_09_03_061528_modify_cash_register_transactions_table', 1),
(276, '2021_10_05_061658_add_source_column_to_transactions_table', 1),
(277, '2021_12_16_121851_add_parent_id_column_to_expense_categories_table', 1),
(278, '2022_04_14_075120_add_payment_type_column_to_transaction_payments_table', 1),
(279, '2022_04_21_083327_create_cash_denominations_table', 1),
(280, '2022_05_10_055307_add_delivery_date_column_to_transactions_table', 1),
(281, '2022_06_13_123135_add_currency_precision_and_quantity_precision_fields_to_business_table', 1),
(282, '2022_06_28_133342_add_secondary_unit_columns_to_products_sell_line_purchase_lines_tables', 1),
(283, '2022_07_13_114307_create_purchase_requisition_related_columns', 1),
(284, '2022_08_25_132707_add_service_staff_timer_fields_to_products_and_users_table', 1),
(285, '2023_01_28_114255_add_letter_head_column_to_invoice_layouts_table', 1),
(286, '2023_02_11_161510_add_event_column_to_activity_log_table', 1),
(287, '2023_02_11_161511_add_batch_uuid_column_to_activity_log_table', 1),
(288, '2023_03_02_170312_add_provider_to_oauth_clients_table', 1),
(289, '2023_03_21_122731_add_sale_invoice_scheme_id_business_table', 1),
(290, '2023_03_21_170446_add_number_type_to_invoice_scheme', 1),
(291, '2023_04_17_155216_add_custom_fields_to_products', 1),
(292, '2023_04_28_130247_add_price_type_to_group_price_table', 1),
(293, '2023_06_21_033923_add_delivery_person_in_transactions', 1),
(294, '2023_09_13_153555_add_service_staff_pin_columns_in_users', 1),
(295, '2023_09_15_154404_add_is_kitchen_order_in_transactions', 1),
(296, '2023_12_06_152840_add_contact_type_in_contacts', 1),
(297, '2025_03_12_180552_add_latitude_longitude_to_contacts_table', 1),
(298, '2025_03_20_154634_add_sales_person_to_users_table', 1),
(299, '2025_04_19_145324_create_stocks_table', 1),
(300, '2025_04_19_191006_add_stock_id_to_purchase_lines_table', 1),
(301, '2025_04_20_164440_add_stock_id_to_transactions_table', 1),
(302, '2025_04_26_125150_add_stock_id_to_variation_location_details_table', 1),
(303, '2025_05_03_140847_add_acc_trans_mapping_id_to_account_transactions_table', 1),
(304, '2025_05_04_141927_add_fy_end_month_to_business_table', 1),
(305, '2025_05_07_112338_add_accounting_account_id_to_accounts_table', 1),
(306, '2022_10_31_115725_create_accounting_account_types_table', 2),
(307, '2022_11_01_104108_create_accounting_accounts_table', 2),
(308, '2022_11_10_135427_create_accounts_transactions_table', 2),
(309, '2022_11_14_171948_create_accounting_acc_trans_mapping', 2),
(310, '2022_12_02_133536_create_accounting_budgets_table', 2),
(311, '2022_12_19_124743_add_accounting_settings_column_to_business_table', 2),
(312, '2022_12_26_182821_AddAccountingModuleVersionToSystemTable', 2),
(313, '2023_05_25_131005_add_default_map_transactions_fields', 2),
(314, '2020_08_19_175842_add_asset_management_module_version_to_system_table', 3),
(315, '2020_08_20_114339_create_assets_table', 3),
(316, '2020_08_20_173031_create_asset_transactions_table', 3),
(317, '2020_08_21_180138_add_asset_settings_column_to_business_table', 3),
(318, '2021_10_29_110841_create_asset_warranties_table', 3),
(319, '2022_03_26_062215_create_asset_maintenances_table', 3),
(320, '2022_05_11_070711_add_maintenance_note_column_to_asset_maintenances_table', 3),
(321, '2020_08_18_123107_add_connector_module_version_to_system_table', 4),
(322, '2020_03_19_130231_add_contact_id_to_users_table', 5),
(323, '2020_03_27_133605_create_schedules_table', 5),
(324, '2020_03_27_133628_create_schedule_users_table', 5),
(325, '2020_03_30_112834_create_schedule_logs_table', 5),
(326, '2020_04_02_182331_add_crm_module_version_to_system_table', 5),
(327, '2020_04_08_153231_modify_cloumn_in_contacts_table', 5),
(328, '2020_04_09_101052_create_lead_users_table', 5),
(329, '2020_04_16_114747_create_crm_campaigns_table', 5),
(330, '2021_01_07_155757_add_followup_additional_info_column_to_crm_schedules_table', 5),
(331, '2021_02_02_140021_add_additional_info_to_crm_campaigns_table', 5),
(332, '2021_02_02_173651_add_new_columns_to_contacts_table', 5),
(333, '2021_02_04_120439_create_call_logs_table', 5),
(334, '2021_02_08_172047_add_mobile_name_column_to_crm_call_logs_table', 5),
(335, '2021_02_16_190038_add_crm_module_indexing', 5),
(336, '2021_02_19_120846_create_crm_followup_invoices', 5),
(337, '2021_02_22_132125_add_follow_up_by_to_crm_schedules_table', 5),
(338, '2021_03_24_160736_add_department_and_designation_to_users_table', 5),
(339, '2021_06_15_152924_create_proposal_templates_table', 5),
(340, '2021_06_16_114448_add_recursive_fields_to_crm_schedules_table', 5),
(341, '2021_06_16_125740_create_proposals_table', 5),
(342, '2021_09_24_065738_add_crm_settings_column_to_business_table', 5),
(343, '2022_02_09_055012_create_crm_marketplaces_table', 5),
(344, '2022_02_17_113045_add_source_id_to_marketplace', 5),
(345, '2022_03_02_180929_add_followup_category_id', 5),
(346, '2022_05_26_061553_create_crm_contact_person_commissions_table', 5),
(347, '2022_06_06_073006_add_cc_and_bcc_columns_to_crm_proposals_table', 5),
(348, '2018_10_01_151252_create_documents_table', 6),
(349, '2018_10_02_151803_create_document_shares_table', 6),
(350, '2018_10_09_134558_create_reminders_table', 6),
(351, '2018_11_16_170756_create_to_dos_table', 6),
(352, '2019_02_22_120329_essentials_messages', 6),
(353, '2019_02_22_161513_add_message_permissions', 6),
(354, '2019_03_29_164339_add_essentials_version_to_system_table', 6),
(355, '2019_05_17_153306_create_essentials_leave_types_table', 6),
(356, '2019_05_17_175921_create_essentials_leaves_table', 6),
(357, '2019_05_21_154517_add_essentials_settings_columns_to_business_table', 6),
(358, '2019_05_21_181653_create_table_essentials_attendance', 6),
(359, '2019_05_30_110049_create_essentials_payrolls_table', 6),
(360, '2019_06_04_105723_create_essentials_holidays_table', 6),
(361, '2019_06_28_134217_add_payroll_columns_to_transactions_table', 6),
(362, '2019_08_26_103520_add_approve_leave_permission', 6),
(363, '2019_08_27_103724_create_essentials_allowance_and_deduction_table', 6),
(364, '2019_08_27_105236_create_essentials_user_allowances_and_deductions', 6),
(365, '2019_09_20_115906_add_more_columns_to_essentials_to_dos_table', 6),
(366, '2019_09_23_120439_create_essentials_todo_comments_table', 6),
(367, '2019_12_05_170724_add_hrm_columns_to_users_table', 6),
(368, '2019_12_09_105809_add_allowance_and_deductions_permission', 6),
(369, '2020_03_28_152838_create_essentials_shift_table', 6),
(370, '2020_03_30_162029_create_user_shifts_table', 6),
(371, '2020_03_31_134558_add_shift_id_to_attendance_table', 6),
(372, '2020_11_05_105157_modify_todos_date_column_type', 6),
(373, '2020_11_11_174852_add_end_time_column_to_essentials_reminders_table', 6),
(374, '2020_11_26_170527_create_essentials_kb_table', 6),
(375, '2020_11_30_112615_create_essentials_kb_users_table', 6),
(376, '2021_02_12_185514_add_clock_in_location_to_essentials_attendances_table', 6),
(377, '2021_02_16_190203_add_essentials_module_indexing', 6),
(378, '2021_02_27_133448_add_columns_to_users_table', 6),
(379, '2021_03_04_174857_create_payroll_groups_table', 6),
(380, '2021_03_04_175025_create_payroll_group_transactions_table', 6),
(381, '2021_03_09_123914_add_auto_clockout_to_essentials_shifts', 6),
(382, '2021_06_17_121451_add_location_id_to_table', 6),
(383, '2021_09_28_091541_create_essentials_user_sales_targets_table', 6),
(384, '2024_11_01_105811_add_is_addition_in_leave_table', 6),
(385, '2019_11_12_163135_create_projects_table', 7),
(386, '2019_11_12_164431_create_project_members_table', 7),
(387, '2019_11_14_112230_create_project_tasks_table', 7),
(388, '2019_11_14_112258_create_project_task_members_table', 7),
(389, '2019_11_18_154617_create_project_task_comments_table', 7),
(390, '2019_11_19_134807_create_project_time_logs_table', 7),
(391, '2019_12_11_102549_add_more_fields_in_transactions_table', 7),
(392, '2019_12_11_102735_create_invoice_lines_table', 7),
(393, '2020_01_07_172852_add_project_permissions', 7),
(394, '2020_01_08_115422_add_project_module_version_to_system_table', 7),
(395, '2020_07_10_114514_set_location_id_on_existing_invoice', 7),
(396, '2023_11_14_125332_prj_setting_in_business', 7),
(397, '2023_11_14_170736_add_custom_columns_pjt_projects', 7),
(398, '2020_12_23_125610_add_spreadsheet_version_to_system_table', 8),
(399, '2020_12_23_153255_create_spreadsheets_table', 8),
(400, '2021_03_12_175416_create_spreadsheet_shares_table', 8),
(401, '2023_01_16_124948_add_folder_id_column_to_sheet_spreadsheets_table', 8),
(402, '2018_06_27_185405_create_packages_table', 9),
(404, '2018_07_17_182021_add_rows_to_system_table', 9),
(405, '2018_07_19_131721_add_options_to_packages_table', 9),
(406, '2018_08_17_155534_add_min_termination_alert_days', 9),
(407, '2018_08_28_105945_add_business_based_username_settings_to_system_table', 9),
(408, '2018_08_30_105906_add_superadmin_communicator_logs_table', 9),
(409, '2018_11_02_130636_add_custom_permissions_to_packages_table', 9),
(410, '2018_11_05_161848_add_more_fields_to_packages_table', 9),
(411, '2018_12_10_124621_modify_system_table_values_null_default', 9),
(412, '2019_05_10_135434_add_missing_database_column_indexes', 9),
(413, '2019_08_16_115300_create_superadmin_frontend_pages_table', 9),
(414, '2023_06_10_132121_create_coupons_table', 9),
(416, '2023_06_29_183442_add_mark_package_as_popular', 9),
(417, '2023_07_04_151432_add_column_business', 9),
(418, '2023_07_13_191306_add_businesses_column_in_coupons', 9),
(419, '2025_03_08_174653_create_vehicle_table', 10),
(420, '2025_03_08_200349_create_device_table', 10),
(421, '2025_03_09_174056_create_trip_schedules_table', 10),
(422, '2025_03_09_174057_create_trip_table', 10),
(423, '2025_03_10_153206_create_countries_table', 10),
(424, '2025_03_10_165011_create_states_table', 10),
(425, '2025_03_10_181605_create_cities_table', 10),
(426, '2025_03_11_170903_create_positions_table', 10),
(427, '2025_03_11_170904_add_tracker_module_version_to_system_table', 10),
(428, '2025_03_11_170905_add_tracker_permissions', 10),
(429, '2025_05_11_190409_update_note_column_in_accounting_accounts_transactions_table', 11),
(430, '2019_07_15_114211_add_manufacturing_module_version_to_system_table', 12),
(431, '2019_07_15_114403_create_mfg_recipes_table', 12),
(432, '2019_07_18_180217_add_production_columns_to_transactions_table', 12),
(433, '2019_07_26_110753_add_manufacturing_settings_column_to_business_table', 12),
(434, '2019_07_26_170450_add_manufacturing_permissions', 12),
(435, '2019_08_08_110035_create_mfg_recipe_ingredients_table', 12),
(436, '2019_08_08_172837_add_recipe_add_edit_permissions', 12),
(437, '2019_08_12_114610_add_ingredient_waste_percent_columns', 12),
(438, '2019_11_05_115136_create_ingredient_groups_table', 12),
(439, '2020_02_22_120303_add_column_to_mfg_recipe_ingredients_table', 12),
(440, '2020_08_19_103831_add_production_cost_type_to_recipe_and_transaction_table', 12),
(441, '2021_02_16_190302_add_manufacturing_module_indexing', 12),
(442, '2021_04_07_154331_add_mfg_ingredient_group_id_to_transaction_sell_lines_table', 12),
(443, '2019_12_14_000001_create_personal_access_tokens_table', 13),
(444, '2018_06_28_182803_create_subscriptions_table', 14),
(445, '2023_06_16_141928_add_column_in_subscriptions', 14),
(446, '2025_05_25_190807_add_theme_colors_to_users_table', 15),
(448, '2025_05_27_175856_add_gl_account_to_accounting_account_types_table', 16),
(449, '2025_05_28_130224_add_location_id_to_accounting_acc_trans_mappings_table', 17),
(450, '2025_05_28_195207_add_acc_trans_mapping_id_to_transactions_table', 18),
(451, '2025_06_02_201746_add_variation_id_to_accounting_accounts_transactions_table', 19),
(452, '2025_06_16_155029_create_user_contact_allocates_table', 20),
(453, '2025_06_16_173900_create_tags_table', 21),
(454, '2025_06_16_190228_create_contact_tags_table', 22),
(455, '2025_06_17_112115_create_user_product_allocates_table', 23),
(458, '2025_06_22_114816_add_account_id_and_stock_id_to_users_table', 24);

-- --------------------------------------------------------

--
-- Table structure for table `model_has_permissions`
--

CREATE TABLE `model_has_permissions` (
  `permission_id` int(10) UNSIGNED NOT NULL,
  `model_type` varchar(191) NOT NULL,
  `model_id` bigint(20) UNSIGNED NOT NULL
) ENGINE=InnoDB DEFAULT CHARSET=utf8mb4 COLLATE=utf8mb4_unicode_ci;

--
-- Dumping data for table `model_has_permissions`
--

INSERT INTO `model_has_permissions` (`permission_id`, `model_type`, `model_id`) VALUES
(93, 'App\\User', 1),
(93, 'App\\User', 18),
(93, 'App\\User', 42),
(93, 'App\\User', 43),
(93, 'App\\User', 45),
(93, 'App\\User', 47),
(93, 'App\\User', 48),
(95, 'App\\User', 2),
(95, 'App\\User', 13),
(95, 'App\\User', 15),
(95, 'App\\User', 17),
(95, 'App\\User', 29),
(95, 'App\\User', 40),
(95, 'App\\User', 41),
(95, 'App\\User', 46),
(99, 'App\\User', 8),
(101, 'App\\User', 18),
(101, 'App\\User', 44);

-- --------------------------------------------------------

--
-- Table structure for table `model_has_roles`
--

CREATE TABLE `model_has_roles` (
  `role_id` int(10) UNSIGNED NOT NULL,
  `model_type` varchar(191) NOT NULL,
  `model_id` bigint(20) UNSIGNED NOT NULL
) ENGINE=InnoDB DEFAULT CHARSET=utf8mb4 COLLATE=utf8mb4_unicode_ci;

--
-- Dumping data for table `model_has_roles`
--

INSERT INTO `model_has_roles` (`role_id`, `model_type`, `model_id`) VALUES
(1, 'App\\User', 1),
(1, 'App\\User', 3),
(1, 'App\\User', 9),
(1, 'App\\User', 10),
(1, 'App\\User', 11),
(1, 'App\\User', 13),
(1, 'App\\User', 15),
(1, 'App\\User', 16),
(1, 'App\\User', 18),
(1, 'App\\User', 20),
(1, 'App\\User', 21),
(1, 'App\\User', 22),
(1, 'App\\User', 23),
(1, 'App\\User', 24),
(1, 'App\\User', 25),
(1, 'App\\User', 42),
(1, 'App\\User', 43),
(2, 'App\\User', 2),
(13, 'App\\User', 17),
(13, 'App\\User', 26),
(13, 'App\\User', 27),
(13, 'App\\User', 28),
(13, 'App\\User', 29),
(13, 'App\\User', 40),
(13, 'App\\User', 41),
(14, 'App\\User', 44),
(14, 'App\\User', 45),
(14, 'App\\User', 46),
(14, 'App\\User', 47),
(14, 'App\\User', 48);

-- --------------------------------------------------------

--
-- Table structure for table `notifications`
--

CREATE TABLE `notifications` (
  `id` char(36) NOT NULL,
  `type` varchar(191) NOT NULL,
  `notifiable_type` varchar(191) NOT NULL,
  `notifiable_id` bigint(20) UNSIGNED NOT NULL,
  `data` text NOT NULL,
  `read_at` timestamp NULL DEFAULT NULL,
  `created_at` timestamp NULL DEFAULT NULL,
  `updated_at` timestamp NULL DEFAULT NULL
) ENGINE=InnoDB DEFAULT CHARSET=utf8mb4 COLLATE=utf8mb4_unicode_ci;

-- --------------------------------------------------------

--
-- Table structure for table `notification_templates`
--

CREATE TABLE `notification_templates` (
  `id` int(10) UNSIGNED NOT NULL,
  `business_id` int(11) NOT NULL,
  `template_for` varchar(191) NOT NULL,
  `email_body` text DEFAULT NULL,
  `sms_body` text DEFAULT NULL,
  `whatsapp_text` text DEFAULT NULL,
  `subject` varchar(191) DEFAULT NULL,
  `cc` varchar(191) DEFAULT NULL,
  `bcc` varchar(191) DEFAULT NULL,
  `auto_send` tinyint(1) NOT NULL DEFAULT 0,
  `auto_send_sms` tinyint(1) NOT NULL DEFAULT 0,
  `auto_send_wa_notif` tinyint(1) NOT NULL DEFAULT 0,
  `created_at` timestamp NULL DEFAULT NULL,
  `updated_at` timestamp NULL DEFAULT NULL
) ENGINE=InnoDB DEFAULT CHARSET=utf8mb4 COLLATE=utf8mb4_unicode_ci;

--
-- Dumping data for table `notification_templates`
--

INSERT INTO `notification_templates` (`id`, `business_id`, `template_for`, `email_body`, `sms_body`, `whatsapp_text`, `subject`, `cc`, `bcc`, `auto_send`, `auto_send_sms`, `auto_send_wa_notif`, `created_at`, `updated_at`) VALUES
(1, 1, 'new_sale', '<p>Dear {contact_name},</p>\n\n                    <p>Your invoice number is {invoice_number}<br />\n                    Total amount: {total_amount}<br />\n                    Paid amount: {received_amount}</p>\n\n                    <p>Thank you for shopping with us.</p>\n\n                    <p>{business_logo}</p>\n\n                    <p>&nbsp;</p>', 'Dear {contact_name}, Thank you for shopping with us. {business_name}', NULL, 'Thank you from {business_name}', NULL, NULL, 0, 0, 0, NULL, NULL),
(2, 1, 'payment_received', '<p>Dear {contact_name},</p>\n\n                <p>We have received a payment of {received_amount}</p>\n\n                <p>{business_logo}</p>', 'Dear {contact_name}, We have received a payment of {received_amount}. {business_name}', NULL, 'Payment Received, from {business_name}', NULL, NULL, 0, 0, 0, NULL, NULL),
(3, 1, 'payment_reminder', '<p>Dear {contact_name},</p>\n\n                    <p>This is to remind you that you have pending payment of {due_amount}. Kindly pay it as soon as possible.</p>\n\n                    <p>{business_logo}</p>', 'Dear {contact_name}, You have pending payment of {due_amount}. Kindly pay it as soon as possible. {business_name}', NULL, 'Payment Reminder, from {business_name}', NULL, NULL, 0, 0, 0, NULL, NULL),
(4, 1, 'new_booking', '<p>Dear {contact_name},</p>\n\n                    <p>Your booking is confirmed</p>\n\n                    <p>Date: {start_time} to {end_time}</p>\n\n                    <p>Table: {table}</p>\n\n                    <p>Location: {location}</p>\n\n                    <p>{business_logo}</p>', 'Dear {contact_name}, Your booking is confirmed. Date: {start_time} to {end_time}, Table: {table}, Location: {location}', NULL, 'Booking Confirmed - {business_name}', NULL, NULL, 0, 0, 0, NULL, NULL),
(5, 1, 'new_order', '<p>Dear {contact_name},</p>\n\n                    <p>We have a new order with reference number {order_ref_number}. Kindly process the products as soon as possible.</p>\n\n                    <p>{business_name}<br />\n                    {business_logo}</p>', 'Dear {contact_name}, We have a new order with reference number {order_ref_number}. Kindly process the products as soon as possible. {business_name}', NULL, 'New Order, from {business_name}', NULL, NULL, 0, 0, 0, NULL, NULL),
(6, 1, 'payment_paid', '<p>Dear {contact_name},</p>\n\n                    <p>We have paid amount {paid_amount} again invoice number {order_ref_number}.<br />\n                    Kindly note it down.</p>\n\n                    <p>{business_name}<br />\n                    {business_logo}</p>', 'We have paid amount {paid_amount} again invoice number {order_ref_number}.\n                    Kindly note it down. {business_name}', NULL, 'Payment Paid, from {business_name}', NULL, NULL, 0, 0, 0, NULL, NULL),
(7, 1, 'items_received', '<p>Dear {contact_name},</p>\n\n                    <p>We have received all items from invoice reference number {order_ref_number}. Thank you for processing it.</p>\n\n                    <p>{business_name}<br />\n                    {business_logo}</p>', 'We have received all items from invoice reference number {order_ref_number}. Thank you for processing it. {business_name}', NULL, 'Items received, from {business_name}', NULL, NULL, 0, 0, 0, NULL, NULL),
(8, 1, 'items_pending', '<p>Dear {contact_name},<br />\n                    This is to remind you that we have not yet received some items from invoice reference number {order_ref_number}. Please process it as soon as possible.</p>\n\n                    <p>{business_name}<br />\n                    {business_logo}</p>', 'This is to remind you that we have not yet received some items from invoice reference number {order_ref_number} . Please process it as soon as possible.{business_name}', NULL, 'Items Pending, from {business_name}', NULL, NULL, 0, 0, 0, NULL, NULL),
(9, 1, 'new_quotation', '<p>Dear {contact_name},</p>\n\n                    <p>Your quotation number is {invoice_number}<br />\n                    Total amount: {total_amount}</p>\n\n                    <p>Thank you for shopping with us.</p>\n\n                    <p>{business_logo}</p>\n\n                    <p>&nbsp;</p>', 'Dear {contact_name}, Thank you for shopping with us. {business_name}', NULL, 'Thank you from {business_name}', NULL, NULL, 0, 0, 0, NULL, NULL),
(10, 1, 'purchase_order', '<p>Dear {contact_name},</p>\n\n                    <p>We have a new purchase order with reference number {order_ref_number}. The respective invoice is attached here with.</p>\n\n                    <p>{business_logo}</p>', 'We have a new purchase order with reference number {order_ref_number}. {business_name}', NULL, 'New Purchase Order, from {business_name}', NULL, NULL, 0, 0, 0, NULL, NULL),
(11, 2, 'new_sale', '<p>Dear {contact_name},</p>\n\n                    <p>Your invoice number is {invoice_number}<br />\n                    Total amount: {total_amount}<br />\n                    Paid amount: {received_amount}</p>\n\n                    <p>Thank you for shopping with us.</p>\n\n                    <p>{business_logo}</p>\n\n                    <p>&nbsp;</p>', 'Dear {contact_name}, Thank you for shopping with us. {business_name}', NULL, 'Thank you from {business_name}', NULL, NULL, 0, 0, 0, NULL, NULL),
(12, 2, 'payment_received', '<p>Dear {contact_name},</p>\n\n                <p>We have received a payment of {received_amount}</p>\n\n                <p>{business_logo}</p>', 'Dear {contact_name}, We have received a payment of {received_amount}. {business_name}', NULL, 'Payment Received, from {business_name}', NULL, NULL, 0, 0, 0, NULL, NULL),
(13, 2, 'payment_reminder', '<p>Dear {contact_name},</p>\n\n                    <p>This is to remind you that you have pending payment of {due_amount}. Kindly pay it as soon as possible.</p>\n\n                    <p>{business_logo}</p>', 'Dear {contact_name}, You have pending payment of {due_amount}. Kindly pay it as soon as possible. {business_name}', NULL, 'Payment Reminder, from {business_name}', NULL, NULL, 0, 0, 0, NULL, NULL),
(14, 2, 'new_booking', '<p>Dear {contact_name},</p>\n\n                    <p>Your booking is confirmed</p>\n\n                    <p>Date: {start_time} to {end_time}</p>\n\n                    <p>Table: {table}</p>\n\n                    <p>Location: {location}</p>\n\n                    <p>{business_logo}</p>', 'Dear {contact_name}, Your booking is confirmed. Date: {start_time} to {end_time}, Table: {table}, Location: {location}', NULL, 'Booking Confirmed - {business_name}', NULL, NULL, 0, 0, 0, NULL, NULL),
(15, 2, 'new_order', '<p>Dear {contact_name},</p>\n\n                    <p>We have a new order with reference number {order_ref_number}. Kindly process the products as soon as possible.</p>\n\n                    <p>{business_name}<br />\n                    {business_logo}</p>', 'Dear {contact_name}, We have a new order with reference number {order_ref_number}. Kindly process the products as soon as possible. {business_name}', NULL, 'New Order, from {business_name}', NULL, NULL, 0, 0, 0, NULL, NULL),
(16, 2, 'payment_paid', '<p>Dear {contact_name},</p>\n\n                    <p>We have paid amount {paid_amount} again invoice number {order_ref_number}.<br />\n                    Kindly note it down.</p>\n\n                    <p>{business_name}<br />\n                    {business_logo}</p>', 'We have paid amount {paid_amount} again invoice number {order_ref_number}.\n                    Kindly note it down. {business_name}', NULL, 'Payment Paid, from {business_name}', NULL, NULL, 0, 0, 0, NULL, NULL),
(17, 2, 'items_received', '<p>Dear {contact_name},</p>\n\n                    <p>We have received all items from invoice reference number {order_ref_number}. Thank you for processing it.</p>\n\n                    <p>{business_name}<br />\n                    {business_logo}</p>', 'We have received all items from invoice reference number {order_ref_number}. Thank you for processing it. {business_name}', NULL, 'Items received, from {business_name}', NULL, NULL, 0, 0, 0, NULL, NULL),
(18, 2, 'items_pending', '<p>Dear {contact_name},<br />\n                    This is to remind you that we have not yet received some items from invoice reference number {order_ref_number}. Please process it as soon as possible.</p>\n\n                    <p>{business_name}<br />\n                    {business_logo}</p>', 'This is to remind you that we have not yet received some items from invoice reference number {order_ref_number} . Please process it as soon as possible.{business_name}', NULL, 'Items Pending, from {business_name}', NULL, NULL, 0, 0, 0, NULL, NULL),
(19, 2, 'new_quotation', '<p>Dear {contact_name},</p>\n\n                    <p>Your quotation number is {invoice_number}<br />\n                    Total amount: {total_amount}</p>\n\n                    <p>Thank you for shopping with us.</p>\n\n                    <p>{business_logo}</p>\n\n                    <p>&nbsp;</p>', 'Dear {contact_name}, Thank you for shopping with us. {business_name}', NULL, 'Thank you from {business_name}', NULL, NULL, 0, 0, 0, NULL, NULL),
(20, 2, 'purchase_order', '<p>Dear {contact_name},</p>\n\n                    <p>We have a new purchase order with reference number {order_ref_number}. The respective invoice is attached here with.</p>\n\n                    <p>{business_logo}</p>', 'We have a new purchase order with reference number {order_ref_number}. {business_name}', NULL, 'New Purchase Order, from {business_name}', NULL, NULL, 0, 0, 0, NULL, NULL),
(21, 3, 'new_sale', '<p>Dear {contact_name},</p>\n\n                    <p>Your invoice number is {invoice_number}<br />\n                    Total amount: {total_amount}<br />\n                    Paid amount: {received_amount}</p>\n\n                    <p>Thank you for shopping with us.</p>\n\n                    <p>{business_logo}</p>\n\n                    <p>&nbsp;</p>', 'Dear {contact_name}, Thank you for shopping with us. {business_name}', NULL, 'Thank you from {business_name}', NULL, NULL, 0, 0, 0, NULL, NULL),
(22, 3, 'payment_received', '<p>Dear {contact_name},</p>\n\n                <p>We have received a payment of {received_amount}</p>\n\n                <p>{business_logo}</p>', 'Dear {contact_name}, We have received a payment of {received_amount}. {business_name}', NULL, 'Payment Received, from {business_name}', NULL, NULL, 0, 0, 0, NULL, NULL),
(23, 3, 'payment_reminder', '<p>Dear {contact_name},</p>\n\n                    <p>This is to remind you that you have pending payment of {due_amount}. Kindly pay it as soon as possible.</p>\n\n                    <p>{business_logo}</p>', 'Dear {contact_name}, You have pending payment of {due_amount}. Kindly pay it as soon as possible. {business_name}', NULL, 'Payment Reminder, from {business_name}', NULL, NULL, 0, 0, 0, NULL, NULL),
(24, 3, 'new_booking', '<p>Dear {contact_name},</p>\n\n                    <p>Your booking is confirmed</p>\n\n                    <p>Date: {start_time} to {end_time}</p>\n\n                    <p>Table: {table}</p>\n\n                    <p>Location: {location}</p>\n\n                    <p>{business_logo}</p>', 'Dear {contact_name}, Your booking is confirmed. Date: {start_time} to {end_time}, Table: {table}, Location: {location}', NULL, 'Booking Confirmed - {business_name}', NULL, NULL, 0, 0, 0, NULL, NULL),
(25, 3, 'new_order', '<p>Dear {contact_name},</p>\n\n                    <p>We have a new order with reference number {order_ref_number}. Kindly process the products as soon as possible.</p>\n\n                    <p>{business_name}<br />\n                    {business_logo}</p>', 'Dear {contact_name}, We have a new order with reference number {order_ref_number}. Kindly process the products as soon as possible. {business_name}', NULL, 'New Order, from {business_name}', NULL, NULL, 0, 0, 0, NULL, NULL),
(26, 3, 'payment_paid', '<p>Dear {contact_name},</p>\n\n                    <p>We have paid amount {paid_amount} again invoice number {order_ref_number}.<br />\n                    Kindly note it down.</p>\n\n                    <p>{business_name}<br />\n                    {business_logo}</p>', 'We have paid amount {paid_amount} again invoice number {order_ref_number}.\n                    Kindly note it down. {business_name}', NULL, 'Payment Paid, from {business_name}', NULL, NULL, 0, 0, 0, NULL, NULL),
(27, 3, 'items_received', '<p>Dear {contact_name},</p>\n\n                    <p>We have received all items from invoice reference number {order_ref_number}. Thank you for processing it.</p>\n\n                    <p>{business_name}<br />\n                    {business_logo}</p>', 'We have received all items from invoice reference number {order_ref_number}. Thank you for processing it. {business_name}', NULL, 'Items received, from {business_name}', NULL, NULL, 0, 0, 0, NULL, NULL),
(28, 3, 'items_pending', '<p>Dear {contact_name},<br />\n                    This is to remind you that we have not yet received some items from invoice reference number {order_ref_number}. Please process it as soon as possible.</p>\n\n                    <p>{business_name}<br />\n                    {business_logo}</p>', 'This is to remind you that we have not yet received some items from invoice reference number {order_ref_number} . Please process it as soon as possible.{business_name}', NULL, 'Items Pending, from {business_name}', NULL, NULL, 0, 0, 0, NULL, NULL),
(29, 3, 'new_quotation', '<p>Dear {contact_name},</p>\n\n                    <p>Your quotation number is {invoice_number}<br />\n                    Total amount: {total_amount}</p>\n\n                    <p>Thank you for shopping with us.</p>\n\n                    <p>{business_logo}</p>\n\n                    <p>&nbsp;</p>', 'Dear {contact_name}, Thank you for shopping with us. {business_name}', NULL, 'Thank you from {business_name}', NULL, NULL, 0, 0, 0, NULL, NULL),
(30, 3, 'purchase_order', '<p>Dear {contact_name},</p>\n\n                    <p>We have a new purchase order with reference number {order_ref_number}. The respective invoice is attached here with.</p>\n\n                    <p>{business_logo}</p>', 'We have a new purchase order with reference number {order_ref_number}. {business_name}', NULL, 'New Purchase Order, from {business_name}', NULL, NULL, 0, 0, 0, NULL, NULL),
(31, 4, 'new_sale', '<p>Dear {contact_name},</p>\n\n                    <p>Your invoice number is {invoice_number}<br />\n                    Total amount: {total_amount}<br />\n                    Paid amount: {received_amount}</p>\n\n                    <p>Thank you for shopping with us.</p>\n\n                    <p>{business_logo}</p>\n\n                    <p>&nbsp;</p>', 'Dear {contact_name}, Thank you for shopping with us. {business_name}', NULL, 'Thank you from {business_name}', NULL, NULL, 0, 0, 0, NULL, NULL),
(32, 4, 'payment_received', '<p>Dear {contact_name},</p>\n\n                <p>We have received a payment of {received_amount}</p>\n\n                <p>{business_logo}</p>', 'Dear {contact_name}, We have received a payment of {received_amount}. {business_name}', NULL, 'Payment Received, from {business_name}', NULL, NULL, 0, 0, 0, NULL, NULL),
(33, 4, 'payment_reminder', '<p>Dear {contact_name},</p>\n\n                    <p>This is to remind you that you have pending payment of {due_amount}. Kindly pay it as soon as possible.</p>\n\n                    <p>{business_logo}</p>', 'Dear {contact_name}, You have pending payment of {due_amount}. Kindly pay it as soon as possible. {business_name}', NULL, 'Payment Reminder, from {business_name}', NULL, NULL, 0, 0, 0, NULL, NULL),
(34, 4, 'new_booking', '<p>Dear {contact_name},</p>\n\n                    <p>Your booking is confirmed</p>\n\n                    <p>Date: {start_time} to {end_time}</p>\n\n                    <p>Table: {table}</p>\n\n                    <p>Location: {location}</p>\n\n                    <p>{business_logo}</p>', 'Dear {contact_name}, Your booking is confirmed. Date: {start_time} to {end_time}, Table: {table}, Location: {location}', NULL, 'Booking Confirmed - {business_name}', NULL, NULL, 0, 0, 0, NULL, NULL),
(35, 4, 'new_order', '<p>Dear {contact_name},</p>\n\n                    <p>We have a new order with reference number {order_ref_number}. Kindly process the products as soon as possible.</p>\n\n                    <p>{business_name}<br />\n                    {business_logo}</p>', 'Dear {contact_name}, We have a new order with reference number {order_ref_number}. Kindly process the products as soon as possible. {business_name}', NULL, 'New Order, from {business_name}', NULL, NULL, 0, 0, 0, NULL, NULL),
(36, 4, 'payment_paid', '<p>Dear {contact_name},</p>\n\n                    <p>We have paid amount {paid_amount} again invoice number {order_ref_number}.<br />\n                    Kindly note it down.</p>\n\n                    <p>{business_name}<br />\n                    {business_logo}</p>', 'We have paid amount {paid_amount} again invoice number {order_ref_number}.\n                    Kindly note it down. {business_name}', NULL, 'Payment Paid, from {business_name}', NULL, NULL, 0, 0, 0, NULL, NULL),
(37, 4, 'items_received', '<p>Dear {contact_name},</p>\n\n                    <p>We have received all items from invoice reference number {order_ref_number}. Thank you for processing it.</p>\n\n                    <p>{business_name}<br />\n                    {business_logo}</p>', 'We have received all items from invoice reference number {order_ref_number}. Thank you for processing it. {business_name}', NULL, 'Items received, from {business_name}', NULL, NULL, 0, 0, 0, NULL, NULL),
(38, 4, 'items_pending', '<p>Dear {contact_name},<br />\n                    This is to remind you that we have not yet received some items from invoice reference number {order_ref_number}. Please process it as soon as possible.</p>\n\n                    <p>{business_name}<br />\n                    {business_logo}</p>', 'This is to remind you that we have not yet received some items from invoice reference number {order_ref_number} . Please process it as soon as possible.{business_name}', NULL, 'Items Pending, from {business_name}', NULL, NULL, 0, 0, 0, NULL, NULL),
(39, 4, 'new_quotation', '<p>Dear {contact_name},</p>\n\n                    <p>Your quotation number is {invoice_number}<br />\n                    Total amount: {total_amount}</p>\n\n                    <p>Thank you for shopping with us.</p>\n\n                    <p>{business_logo}</p>\n\n                    <p>&nbsp;</p>', 'Dear {contact_name}, Thank you for shopping with us. {business_name}', NULL, 'Thank you from {business_name}', NULL, NULL, 0, 0, 0, NULL, NULL),
(40, 4, 'purchase_order', '<p>Dear {contact_name},</p>\n\n                    <p>We have a new purchase order with reference number {order_ref_number}. The respective invoice is attached here with.</p>\n\n                    <p>{business_logo}</p>', 'We have a new purchase order with reference number {order_ref_number}. {business_name}', NULL, 'New Purchase Order, from {business_name}', NULL, NULL, 0, 0, 0, NULL, NULL),
(41, 5, 'new_sale', '<p>Dear {contact_name},</p>\n\n                    <p>Your invoice number is {invoice_number}<br />\n                    Total amount: {total_amount}<br />\n                    Paid amount: {received_amount}</p>\n\n                    <p>Thank you for shopping with us.</p>\n\n                    <p>{business_logo}</p>\n\n                    <p>&nbsp;</p>', 'Dear {contact_name}, Thank you for shopping with us. {business_name}', NULL, 'Thank you from {business_name}', NULL, NULL, 0, 0, 0, NULL, NULL),
(42, 5, 'payment_received', '<p>Dear {contact_name},</p>\n\n                <p>We have received a payment of {received_amount}</p>\n\n                <p>{business_logo}</p>', 'Dear {contact_name}, We have received a payment of {received_amount}. {business_name}', NULL, 'Payment Received, from {business_name}', NULL, NULL, 0, 0, 0, NULL, NULL),
(43, 5, 'payment_reminder', '<p>Dear {contact_name},</p>\n\n                    <p>This is to remind you that you have pending payment of {due_amount}. Kindly pay it as soon as possible.</p>\n\n                    <p>{business_logo}</p>', 'Dear {contact_name}, You have pending payment of {due_amount}. Kindly pay it as soon as possible. {business_name}', NULL, 'Payment Reminder, from {business_name}', NULL, NULL, 0, 0, 0, NULL, NULL),
(44, 5, 'new_booking', '<p>Dear {contact_name},</p>\n\n                    <p>Your booking is confirmed</p>\n\n                    <p>Date: {start_time} to {end_time}</p>\n\n                    <p>Table: {table}</p>\n\n                    <p>Location: {location}</p>\n\n                    <p>{business_logo}</p>', 'Dear {contact_name}, Your booking is confirmed. Date: {start_time} to {end_time}, Table: {table}, Location: {location}', NULL, 'Booking Confirmed - {business_name}', NULL, NULL, 0, 0, 0, NULL, NULL),
(45, 5, 'new_order', '<p>Dear {contact_name},</p>\n\n                    <p>We have a new order with reference number {order_ref_number}. Kindly process the products as soon as possible.</p>\n\n                    <p>{business_name}<br />\n                    {business_logo}</p>', 'Dear {contact_name}, We have a new order with reference number {order_ref_number}. Kindly process the products as soon as possible. {business_name}', NULL, 'New Order, from {business_name}', NULL, NULL, 0, 0, 0, NULL, NULL),
(46, 5, 'payment_paid', '<p>Dear {contact_name},</p>\n\n                    <p>We have paid amount {paid_amount} again invoice number {order_ref_number}.<br />\n                    Kindly note it down.</p>\n\n                    <p>{business_name}<br />\n                    {business_logo}</p>', 'We have paid amount {paid_amount} again invoice number {order_ref_number}.\n                    Kindly note it down. {business_name}', NULL, 'Payment Paid, from {business_name}', NULL, NULL, 0, 0, 0, NULL, NULL),
(47, 5, 'items_received', '<p>Dear {contact_name},</p>\n\n                    <p>We have received all items from invoice reference number {order_ref_number}. Thank you for processing it.</p>\n\n                    <p>{business_name}<br />\n                    {business_logo}</p>', 'We have received all items from invoice reference number {order_ref_number}. Thank you for processing it. {business_name}', NULL, 'Items received, from {business_name}', NULL, NULL, 0, 0, 0, NULL, NULL),
(48, 5, 'items_pending', '<p>Dear {contact_name},<br />\n                    This is to remind you that we have not yet received some items from invoice reference number {order_ref_number}. Please process it as soon as possible.</p>\n\n                    <p>{business_name}<br />\n                    {business_logo}</p>', 'This is to remind you that we have not yet received some items from invoice reference number {order_ref_number} . Please process it as soon as possible.{business_name}', NULL, 'Items Pending, from {business_name}', NULL, NULL, 0, 0, 0, NULL, NULL),
(49, 5, 'new_quotation', '<p>Dear {contact_name},</p>\n\n                    <p>Your quotation number is {invoice_number}<br />\n                    Total amount: {total_amount}</p>\n\n                    <p>Thank you for shopping with us.</p>\n\n                    <p>{business_logo}</p>\n\n                    <p>&nbsp;</p>', 'Dear {contact_name}, Thank you for shopping with us. {business_name}', NULL, 'Thank you from {business_name}', NULL, NULL, 0, 0, 0, NULL, NULL),
(50, 5, 'purchase_order', '<p>Dear {contact_name},</p>\n\n                    <p>We have a new purchase order with reference number {order_ref_number}. The respective invoice is attached here with.</p>\n\n                    <p>{business_logo}</p>', 'We have a new purchase order with reference number {order_ref_number}. {business_name}', NULL, 'New Purchase Order, from {business_name}', NULL, NULL, 0, 0, 0, NULL, NULL);

-- --------------------------------------------------------

--
-- Table structure for table `oauth_auth_codes`
--

CREATE TABLE `oauth_auth_codes` (
  `id` varchar(100) NOT NULL,
  `user_id` bigint(20) NOT NULL,
  `client_id` int(10) UNSIGNED NOT NULL,
  `scopes` text DEFAULT NULL,
  `revoked` tinyint(1) NOT NULL,
  `expires_at` datetime DEFAULT NULL
) ENGINE=InnoDB DEFAULT CHARSET=utf8mb4 COLLATE=utf8mb4_unicode_ci;

-- --------------------------------------------------------

--
-- Table structure for table `oauth_personal_access_clients`
--

CREATE TABLE `oauth_personal_access_clients` (
  `id` int(10) UNSIGNED NOT NULL,
  `client_id` int(10) UNSIGNED NOT NULL,
  `created_at` timestamp NULL DEFAULT NULL,
  `updated_at` timestamp NULL DEFAULT NULL
) ENGINE=InnoDB DEFAULT CHARSET=utf8mb4 COLLATE=utf8mb4_unicode_ci;

--
-- Dumping data for table `oauth_personal_access_clients`
--

INSERT INTO `oauth_personal_access_clients` (`id`, `client_id`, `created_at`, `updated_at`) VALUES
(7, 16, '2025-06-18 15:55:53', '2025-06-18 15:55:53');

-- --------------------------------------------------------

--
-- Table structure for table `packages`
--

CREATE TABLE `packages` (
  `id` int(10) UNSIGNED NOT NULL,
  `name` varchar(191) NOT NULL,
  `description` text NOT NULL,
  `location_count` int(11) NOT NULL COMMENT 'No. of Business Locations, 0 = infinite option.',
  `user_count` int(11) NOT NULL,
  `product_count` int(11) NOT NULL,
  `bookings` tinyint(1) NOT NULL DEFAULT 0 COMMENT 'Enable/Disable bookings',
  `kitchen` tinyint(1) NOT NULL DEFAULT 0 COMMENT 'Enable/Disable kitchen',
  `order_screen` tinyint(1) NOT NULL DEFAULT 0 COMMENT 'Enable/Disable order_screen',
  `tables` tinyint(1) NOT NULL DEFAULT 0 COMMENT 'Enable/Disable tables',
  `invoice_count` int(11) NOT NULL,
  `interval` enum('days','months','years') NOT NULL,
  `interval_count` int(11) NOT NULL,
  `trial_days` int(11) NOT NULL,
  `price` decimal(22,4) NOT NULL,
  `custom_permissions` longtext NOT NULL,
  `created_by` int(11) NOT NULL,
  `sort_order` int(11) NOT NULL DEFAULT 0,
  `is_active` tinyint(1) NOT NULL,
  `mark_package_as_popular` tinyint(1) NOT NULL,
  `businesses` longtext DEFAULT NULL,
  `is_private` tinyint(1) NOT NULL DEFAULT 0,
  `is_one_time` tinyint(1) NOT NULL DEFAULT 0,
  `enable_custom_link` tinyint(1) NOT NULL DEFAULT 0,
  `custom_link` varchar(191) DEFAULT NULL,
  `custom_link_text` varchar(191) DEFAULT NULL,
  `deleted_at` timestamp NULL DEFAULT NULL,
  `created_at` timestamp NULL DEFAULT NULL,
  `updated_at` timestamp NULL DEFAULT NULL
) ENGINE=InnoDB DEFAULT CHARSET=utf8mb4 COLLATE=utf8mb4_unicode_ci;

-- --------------------------------------------------------

--
-- Table structure for table `permissions`
--

CREATE TABLE `permissions` (
  `id` int(10) UNSIGNED NOT NULL,
  `name` varchar(191) NOT NULL,
  `guard_name` varchar(191) NOT NULL,
  `created_at` timestamp NULL DEFAULT NULL,
  `updated_at` timestamp NULL DEFAULT NULL
) ENGINE=InnoDB DEFAULT CHARSET=utf8mb4 COLLATE=utf8mb4_unicode_ci;

--
-- Dumping data for table `permissions`
--

INSERT INTO `permissions` (`id`, `name`, `guard_name`, `created_at`, `updated_at`) VALUES
(1, 'profit_loss_report.view', 'web', '2025-05-07 10:19:23', NULL),
(2, 'direct_sell.access', 'web', '2025-05-07 10:19:23', NULL),
(3, 'product.opening_stock', 'web', '2025-05-07 10:19:24', '2025-05-07 10:19:24'),
(4, 'crud_all_bookings', 'web', '2025-05-07 10:19:25', '2025-05-07 10:19:25'),
(5, 'crud_own_bookings', 'web', '2025-05-07 10:19:25', '2025-05-07 10:19:25'),
(6, 'access_default_selling_price', 'web', '2025-05-07 10:19:25', '2025-05-07 10:19:25'),
(7, 'purchase.payments', 'web', '2025-05-07 10:19:26', '2025-05-07 10:19:26'),
(8, 'sell.payments', 'web', '2025-05-07 10:19:26', '2025-05-07 10:19:26'),
(9, 'edit_product_price_from_sale_screen', 'web', '2025-05-07 10:19:26', '2025-05-07 10:19:26'),
(10, 'edit_product_discount_from_sale_screen', 'web', '2025-05-07 10:19:26', '2025-05-07 10:19:26'),
(11, 'roles.view', 'web', '2025-05-07 10:19:26', '2025-05-07 10:19:26'),
(12, 'roles.create', 'web', '2025-05-07 10:19:26', '2025-05-07 10:19:26'),
(13, 'roles.update', 'web', '2025-05-07 10:19:26', '2025-05-07 10:19:26'),
(14, 'roles.delete', 'web', '2025-05-07 10:19:26', '2025-05-07 10:19:26'),
(15, 'account.access', 'web', '2025-05-07 10:19:26', '2025-05-07 10:19:26'),
(16, 'discount.access', 'web', '2025-05-07 10:19:26', '2025-05-07 10:19:26'),
(17, 'view_purchase_price', 'web', '2025-05-07 10:19:27', '2025-05-07 10:19:27'),
(18, 'view_own_sell_only', 'web', '2025-05-07 10:19:27', '2025-05-07 10:19:27'),
(19, 'edit_product_discount_from_pos_screen', 'web', '2025-05-07 10:19:27', '2025-05-07 10:19:27'),
(20, 'edit_product_price_from_pos_screen', 'web', '2025-05-07 10:19:27', '2025-05-07 10:19:27'),
(21, 'access_shipping', 'web', '2025-05-07 10:19:28', '2025-05-07 10:19:28'),
(22, 'purchase.update_status', 'web', '2025-05-07 10:19:28', '2025-05-07 10:19:28'),
(23, 'list_drafts', 'web', '2025-05-07 10:19:28', '2025-05-07 10:19:28'),
(24, 'list_quotations', 'web', '2025-05-07 10:19:28', '2025-05-07 10:19:28'),
(25, 'view_cash_register', 'web', '2025-05-07 10:19:29', '2025-05-07 10:19:29'),
(26, 'close_cash_register', 'web', '2025-05-07 10:19:29', '2025-05-07 10:19:29'),
(27, 'print_invoice', 'web', '2025-05-07 10:19:30', '2025-05-07 10:19:30'),
(28, 'essentials.create_message', 'web', '2025-05-07 10:19:34', '2025-05-07 10:19:34'),
(29, 'essentials.view_message', 'web', '2025-05-07 10:19:34', '2025-05-07 10:19:34'),
(30, 'essentials.approve_leave', 'web', '2025-05-07 10:19:35', '2025-05-07 10:19:35'),
(31, 'essentials.assign_todos', 'web', '2025-05-07 10:19:35', '2025-05-07 10:19:35'),
(32, 'essentials.add_allowance_and_deduction', 'web', '2025-05-07 10:19:35', '2025-05-07 10:19:35'),
(33, 'project.create_project', 'web', '2025-05-07 10:19:36', '2025-05-07 10:19:36'),
(34, 'project.edit_project', 'web', '2025-05-07 10:19:36', '2025-05-07 10:19:36'),
(35, 'project.delete_project', 'web', '2025-05-07 10:19:36', '2025-05-07 10:19:36'),
(36, 'tracker.dashboard', 'web', '2025-05-07 10:19:38', '2025-05-07 10:19:38'),
(37, 'tracker.trips', 'web', '2025-05-07 10:19:38', '2025-05-07 10:19:38'),
(38, 'tracker.trip_routes', 'web', '2025-05-07 10:19:38', '2025-05-07 10:19:38'),
(39, 'tracker.device', 'web', '2025-05-07 10:19:38', '2025-05-07 10:19:38'),
(40, 'tracker.location', 'web', '2025-05-07 10:19:38', '2025-05-07 10:19:38'),
(41, 'user.view', 'web', '2025-05-07 10:19:58', NULL),
(42, 'user.create', 'web', '2025-05-07 10:19:58', NULL),
(43, 'user.update', 'web', '2025-05-07 10:19:58', NULL),
(44, 'user.delete', 'web', '2025-05-07 10:19:58', NULL),
(45, 'supplier.view', 'web', '2025-05-07 10:19:58', NULL),
(46, 'supplier.create', 'web', '2025-05-07 10:19:58', NULL),
(47, 'supplier.update', 'web', '2025-05-07 10:19:58', NULL),
(48, 'supplier.delete', 'web', '2025-05-07 10:19:58', NULL),
(49, 'customer.view', 'web', '2025-05-07 10:19:58', NULL),
(50, 'customer.create', 'web', '2025-05-07 10:19:58', NULL),
(51, 'customer.update', 'web', '2025-05-07 10:19:58', NULL),
(52, 'customer.delete', 'web', '2025-05-07 10:19:58', NULL),
(53, 'product.view', 'web', '2025-05-07 10:19:58', NULL),
(54, 'product.create', 'web', '2025-05-07 10:19:58', NULL),
(55, 'product.update', 'web', '2025-05-07 10:19:58', NULL),
(56, 'product.delete', 'web', '2025-05-07 10:19:58', NULL),
(57, 'purchase.view', 'web', '2025-05-07 10:19:58', NULL),
(58, 'purchase.create', 'web', '2025-05-07 10:19:58', NULL),
(59, 'purchase.update', 'web', '2025-05-07 10:19:58', NULL),
(60, 'purchase.delete', 'web', '2025-05-07 10:19:58', NULL),
(61, 'sell.view', 'web', '2025-05-07 10:19:58', NULL),
(62, 'sell.create', 'web', '2025-05-07 10:19:58', NULL),
(63, 'sell.update', 'web', '2025-05-07 10:19:58', NULL),
(64, 'sell.delete', 'web', '2025-05-07 10:19:58', NULL),
(65, 'purchase_n_sell_report.view', 'web', '2025-05-07 10:19:58', NULL),
(66, 'contacts_report.view', 'web', '2025-05-07 10:19:58', NULL),
(67, 'stock_report.view', 'web', '2025-05-07 10:19:58', NULL),
(68, 'tax_report.view', 'web', '2025-05-07 10:19:58', NULL),
(69, 'trending_product_report.view', 'web', '2025-05-07 10:19:58', NULL),
(70, 'register_report.view', 'web', '2025-05-07 10:19:58', NULL),
(71, 'sales_representative.view', 'web', '2025-05-07 10:19:58', NULL),
(72, 'expense_report.view', 'web', '2025-05-07 10:19:58', NULL),
(73, 'business_settings.access', 'web', '2025-05-07 10:19:58', NULL),
(74, 'barcode_settings.access', 'web', '2025-05-07 10:19:58', NULL),
(75, 'invoice_settings.access', 'web', '2025-05-07 10:19:58', NULL),
(76, 'brand.view', 'web', '2025-05-07 10:19:58', NULL),
(77, 'brand.create', 'web', '2025-05-07 10:19:58', NULL),
(78, 'brand.update', 'web', '2025-05-07 10:19:58', NULL),
(79, 'brand.delete', 'web', '2025-05-07 10:19:58', NULL),
(80, 'tax_rate.view', 'web', '2025-05-07 10:19:58', NULL),
(81, 'tax_rate.create', 'web', '2025-05-07 10:19:58', NULL),
(82, 'tax_rate.update', 'web', '2025-05-07 10:19:58', NULL),
(83, 'tax_rate.delete', 'web', '2025-05-07 10:19:58', NULL),
(84, 'unit.view', 'web', '2025-05-07 10:19:58', NULL),
(85, 'unit.create', 'web', '2025-05-07 10:19:58', NULL),
(86, 'unit.update', 'web', '2025-05-07 10:19:58', NULL),
(87, 'unit.delete', 'web', '2025-05-07 10:19:58', NULL),
(88, 'category.view', 'web', '2025-05-07 10:19:58', NULL),
(89, 'category.create', 'web', '2025-05-07 10:19:58', NULL),
(90, 'category.update', 'web', '2025-05-07 10:19:58', NULL),
(91, 'category.delete', 'web', '2025-05-07 10:19:58', NULL),
(92, 'expense.access', 'web', '2025-05-07 10:19:58', NULL),
(93, 'access_all_locations', 'web', '2025-05-07 10:19:58', NULL),
(94, 'dashboard.data', 'web', '2025-05-07 10:19:58', NULL),
(95, 'location.1', 'web', '2025-05-07 10:19:59', '2025-05-07 10:19:59'),
(96, 'location.2', 'web', '2025-05-07 10:19:59', '2025-05-07 10:19:59'),
(97, 'location.3', 'web', '2025-05-07 10:19:59', '2025-05-07 10:19:59'),
(98, 'location.4', 'web', '2025-05-07 10:19:59', '2025-05-07 10:19:59'),
(99, 'location.5', 'web', '2025-05-07 10:19:59', '2025-05-07 10:19:59'),
(100, 'superadmin', 'web', '2025-05-07 10:19:59', '2025-05-07 10:19:59'),
(101, 'location.7', 'web', '2025-05-12 03:30:36', '2025-05-12 03:30:36'),
(102, 'view_export_buttons', 'web', '2025-05-12 05:09:30', '2025-05-12 05:09:30'),
(103, 'edit_purchase_payment', 'web', '2025-05-12 05:09:30', '2025-05-12 05:09:30'),
(104, 'delete_purchase_payment', 'web', '2025-05-12 05:09:30', '2025-05-12 05:09:30'),
(105, 'edit_pos_payment', 'web', '2025-05-12 05:09:30', '2025-05-12 05:09:30'),
(106, 'disable_pay_checkout', 'web', '2025-05-12 05:09:30', '2025-05-12 05:09:30'),
(107, 'disable_draft', 'web', '2025-05-12 05:09:30', '2025-05-12 05:09:30'),
(108, 'disable_express_checkout', 'web', '2025-05-12 05:09:30', '2025-05-12 05:09:30'),
(109, 'disable_discount', 'web', '2025-05-12 05:09:30', '2025-05-12 05:09:30'),
(110, 'disable_suspend_sale', 'web', '2025-05-12 05:09:30', '2025-05-12 05:09:30'),
(111, 'disable_credit_sale', 'web', '2025-05-12 05:09:30', '2025-05-12 05:09:30'),
(112, 'disable_quotation', 'web', '2025-05-12 05:09:30', '2025-05-12 05:09:30'),
(113, 'disable_card', 'web', '2025-05-12 05:09:30', '2025-05-12 05:09:30'),
(114, 'view_paid_sells_only', 'web', '2025-05-12 05:09:30', '2025-05-12 05:09:30'),
(115, 'view_due_sells_only', 'web', '2025-05-12 05:09:30', '2025-05-12 05:09:30'),
(116, 'view_partial_sells_only', 'web', '2025-05-12 05:09:30', '2025-05-12 05:09:30'),
(117, 'view_overdue_sells_only', 'web', '2025-05-12 05:09:30', '2025-05-12 05:09:30'),
(118, 'direct_sell.update', 'web', '2025-05-12 05:09:30', '2025-05-12 05:09:30'),
(119, 'direct_sell.delete', 'web', '2025-05-12 05:09:30', '2025-05-12 05:09:30'),
(120, 'view_commission_agent_sell', 'web', '2025-05-12 05:09:31', '2025-05-12 05:09:31'),
(121, 'edit_sell_payment', 'web', '2025-05-12 05:09:31', '2025-05-12 05:09:31'),
(122, 'delete_sell_payment', 'web', '2025-05-12 05:09:31', '2025-05-12 05:09:31'),
(123, 'access_sell_return', 'web', '2025-05-12 05:09:31', '2025-05-12 05:09:31'),
(124, 'access_own_sell_return', 'web', '2025-05-12 05:09:31', '2025-05-12 05:09:31'),
(125, 'edit_invoice_number', 'web', '2025-05-12 05:09:31', '2025-05-12 05:09:31'),
(126, 'draft.update', 'web', '2025-05-12 05:09:31', '2025-05-12 05:09:31'),
(127, 'draft.delete', 'web', '2025-05-12 05:09:31', '2025-05-12 05:09:31'),
(128, 'quotation.update', 'web', '2025-05-12 05:09:31', '2025-05-12 05:09:31'),
(129, 'quotation.delete', 'web', '2025-05-12 05:09:31', '2025-05-12 05:09:31'),
(130, 'access_pending_shipments_only', 'web', '2025-05-12 05:09:31', '2025-05-12 05:09:31'),
(131, 'access_commission_agent_shipping', 'web', '2025-05-12 05:09:31', '2025-05-12 05:09:31'),
(132, 'view_product_stock_value', 'web', '2025-05-12 05:09:31', '2025-05-12 05:09:31'),
(133, 'access_printers', 'web', '2025-05-12 05:09:31', '2025-05-12 05:09:31'),
(134, 'expense.add', 'web', '2025-05-12 05:09:31', '2025-05-12 05:09:31'),
(135, 'expense.edit', 'web', '2025-05-12 05:09:31', '2025-05-12 05:09:31'),
(136, 'expense.delete', 'web', '2025-05-12 05:09:31', '2025-05-12 05:09:31'),
(137, 'edit_account_transaction', 'web', '2025-05-12 05:09:31', '2025-05-12 05:09:31'),
(138, 'delete_account_transaction', 'web', '2025-05-12 05:09:31', '2025-05-12 05:09:31'),
(139, 'accounting.access_accounting_module', 'web', '2025-05-12 05:09:32', '2025-05-12 05:09:32'),
(140, 'accounting.manage_accounts', 'web', '2025-05-12 05:09:32', '2025-05-12 05:09:32'),
(141, 'accounting.view_journal', 'web', '2025-05-12 05:09:32', '2025-05-12 05:09:32'),
(142, 'accounting.add_journal', 'web', '2025-05-12 05:09:32', '2025-05-12 05:09:32'),
(143, 'accounting.edit_journal', 'web', '2025-05-12 05:09:32', '2025-05-12 05:09:32'),
(144, 'accounting.delete_journal', 'web', '2025-05-12 05:09:32', '2025-05-12 05:09:32'),
(145, 'accounting.map_transactions', 'web', '2025-05-12 05:09:32', '2025-05-12 05:09:32'),
(146, 'accounting.view_transfer', 'web', '2025-05-12 05:09:32', '2025-05-12 05:09:32'),
(147, 'accounting.add_transfer', 'web', '2025-05-12 05:09:32', '2025-05-12 05:09:32'),
(148, 'accounting.edit_transfer', 'web', '2025-05-12 05:09:32', '2025-05-12 05:09:32'),
(149, 'accounting.delete_transfer', 'web', '2025-05-12 05:09:32', '2025-05-12 05:09:32'),
(150, 'accounting.manage_budget', 'web', '2025-05-12 05:09:32', '2025-05-12 05:09:32'),
(151, 'accounting.view_reports', 'web', '2025-05-12 05:09:32', '2025-05-12 05:09:32'),
(152, 'asset.view', 'web', '2025-05-12 05:09:32', '2025-05-12 05:09:32'),
(153, 'asset.create', 'web', '2025-05-12 05:09:32', '2025-05-12 05:09:32'),
(154, 'asset.update', 'web', '2025-05-12 05:09:32', '2025-05-12 05:09:32'),
(155, 'asset.delete', 'web', '2025-05-12 05:09:32', '2025-05-12 05:09:32'),
(156, 'crm.access_contact_login', 'web', '2025-05-12 05:09:32', '2025-05-12 05:09:32'),
(157, 'crm.access_sources', 'web', '2025-05-12 05:09:32', '2025-05-12 05:09:32'),
(158, 'crm.access_life_stage', 'web', '2025-05-12 05:09:32', '2025-05-12 05:09:32'),
(159, 'crm.access_proposal', 'web', '2025-05-12 05:09:32', '2025-05-12 05:09:32'),
(160, 'essentials.crud_leave_type', 'web', '2025-05-12 05:09:32', '2025-05-12 05:09:32'),
(161, 'essentials.allow_users_for_attendance_from_web', 'web', '2025-05-12 05:09:32', '2025-05-12 05:09:32'),
(162, 'essentials.allow_users_for_attendance_from_api', 'web', '2025-05-12 05:09:32', '2025-05-12 05:09:32'),
(163, 'essentials.view_allowance_and_deduction', 'web', '2025-05-12 05:09:32', '2025-05-12 05:09:32'),
(164, 'essentials.crud_department', 'web', '2025-05-12 05:09:33', '2025-05-12 05:09:33'),
(165, 'essentials.crud_designation', 'web', '2025-05-12 05:09:33', '2025-05-12 05:09:33'),
(166, 'essentials.view_all_payroll', 'web', '2025-05-12 05:09:33', '2025-05-12 05:09:33'),
(167, 'essentials.create_payroll', 'web', '2025-05-12 05:09:33', '2025-05-12 05:09:33'),
(168, 'essentials.update_payroll', 'web', '2025-05-12 05:09:33', '2025-05-12 05:09:33'),
(169, 'essentials.delete_payroll', 'web', '2025-05-12 05:09:33', '2025-05-12 05:09:33'),
(170, 'essentials.add_todos', 'web', '2025-05-12 05:09:33', '2025-05-12 05:09:33'),
(171, 'essentials.edit_todos', 'web', '2025-05-12 05:09:33', '2025-05-12 05:09:33'),
(172, 'essentials.delete_todos', 'web', '2025-05-12 05:09:33', '2025-05-12 05:09:33'),
(173, 'essentials.access_sales_target', 'web', '2025-05-12 05:09:33', '2025-05-12 05:09:33'),
(174, 'essentials.edit_knowledge_base', 'web', '2025-05-12 05:09:33', '2025-05-12 05:09:33'),
(175, 'essentials.delete_knowledge_base', 'web', '2025-05-12 05:09:33', '2025-05-12 05:09:33'),
(176, 'superadmin.access_package_subscriptions', 'web', '2025-05-12 05:09:33', '2025-05-12 05:09:33'),
(177, 'customer_irrespective_of_sell', 'web', '2025-05-12 05:09:33', '2025-05-12 05:09:33'),
(178, 'direct_sell.view', 'web', '2025-05-12 05:09:33', '2025-05-12 05:09:33'),
(179, 'draft.view_all', 'web', '2025-05-12 05:09:33', '2025-05-12 05:09:33'),
(180, 'quotation.view_all', 'web', '2025-05-12 05:09:33', '2025-05-12 05:09:33'),
(181, 'all_expense.access', 'web', '2025-05-12 05:09:33', '2025-05-12 05:09:33'),
(182, 'asset.view_all_maintenance', 'web', '2025-05-12 05:09:33', '2025-05-12 05:09:33'),
(183, 'crm.access_all_schedule', 'web', '2025-05-12 05:09:33', '2025-05-12 05:09:33'),
(184, 'crm.access_all_leads', 'web', '2025-05-12 05:09:33', '2025-05-12 05:09:33'),
(185, 'crm.access_all_campaigns', 'web', '2025-05-12 05:09:33', '2025-05-12 05:09:33'),
(186, 'essentials.crud_all_leave', 'web', '2025-05-12 05:09:33', '2025-05-12 05:09:33'),
(187, 'essentials.crud_all_attendance', 'web', '2025-05-12 05:09:34', '2025-05-12 05:09:34'),
(188, 'supplier.view_own', 'web', '2025-05-12 22:14:16', '2025-05-12 22:14:16'),
(189, 'customer.view_own', 'web', '2025-05-12 22:16:12', '2025-05-12 22:16:12'),
(190, 'view_own_purchase', 'web', '2025-05-13 01:36:46', '2025-05-13 01:36:46'),
(191, 'draft.view_own', 'web', '2025-05-13 02:35:44', '2025-05-13 02:35:44'),
(192, 'quotation.view_own', 'web', '2025-05-13 02:35:44', '2025-05-13 02:35:44'),
(193, 'access_own_shipping', 'web', '2025-05-13 02:44:12', '2025-05-13 02:44:12'),
(194, 'view_own_expense', 'web', '2025-05-13 03:17:18', '2025-05-13 03:17:18'),
(195, 'stock.view', 'web', '2025-05-13 23:32:11', '2025-05-13 23:32:11'),
(196, 'stock.create', 'web', '2025-05-13 23:32:11', '2025-05-13 23:32:11'),
(197, 'stock.update', 'web', '2025-05-13 23:32:11', '2025-05-13 23:32:11'),
(198, 'stock.delete', 'web', '2025-05-13 23:32:11', '2025-05-13 23:32:11'),
(199, 'asset.view_own_maintenance', 'web', '2025-05-14 00:11:58', '2025-05-14 00:11:58'),
(200, 'crm.access_own_schedule', 'web', '2025-05-14 00:11:58', '2025-05-14 00:11:58'),
(201, 'crm.access_own_leads', 'web', '2025-05-14 00:11:58', '2025-05-14 00:11:58'),
(202, 'crm.access_own_campaigns', 'web', '2025-05-14 00:11:58', '2025-05-14 00:11:58'),
(203, 'essentials.crud_own_leave', 'web', '2025-05-14 00:11:58', '2025-05-14 00:11:58'),
(204, 'essentials.view_own_attendance', 'web', '2025-05-14 00:11:58', '2025-05-14 00:11:58'),
(205, 'access.spreadsheet', 'web', '2025-05-14 00:13:02', '2025-05-14 00:13:02'),
(206, 'create.spreadsheet', 'web', '2025-05-14 00:13:02', '2025-05-14 00:13:02'),
(207, 'manufacturing.access_recipe', 'web', '2025-05-14 12:59:42', '2025-05-14 12:59:42'),
(208, 'manufacturing.access_production', 'web', '2025-05-14 12:59:42', '2025-05-14 12:59:42'),
(209, 'manufacturing.add_recipe', 'web', '2025-05-14 12:59:42', '2025-05-14 12:59:42'),
(210, 'manufacturing.edit_recipe', 'web', '2025-05-14 12:59:42', '2025-05-14 12:59:42'),
(211, 'tag.view', 'web', '2025-06-16 03:04:08', '2025-06-16 03:04:08'),
(212, 'tag.create', 'web', '2025-06-16 03:04:08', '2025-06-16 03:04:08'),
(213, 'tag.update', 'web', '2025-06-16 03:04:08', '2025-06-16 03:04:08'),
(214, 'tag.delete', 'web', '2025-06-16 03:04:08', '2025-06-16 03:04:08');

-- --------------------------------------------------------

--
-- Table structure for table `pjt_invoice_lines`
--

CREATE TABLE `pjt_invoice_lines` (
  `id` int(10) UNSIGNED NOT NULL,
  `transaction_id` int(10) UNSIGNED NOT NULL,
  `task` varchar(191) NOT NULL,
  `description` text DEFAULT NULL,
  `rate` decimal(22,4) NOT NULL,
  `tax_rate_id` int(11) DEFAULT NULL,
  `quantity` decimal(22,4) NOT NULL,
  `total` decimal(22,4) NOT NULL,
  `created_at` timestamp NULL DEFAULT NULL,
  `updated_at` timestamp NULL DEFAULT NULL
) ENGINE=InnoDB DEFAULT CHARSET=utf8mb4 COLLATE=utf8mb4_unicode_ci;

-- --------------------------------------------------------

--
-- Table structure for table `pjt_projects`
--

CREATE TABLE `pjt_projects` (
  `id` int(10) UNSIGNED NOT NULL,
  `business_id` int(11) NOT NULL,
  `name` varchar(191) NOT NULL,
  `contact_id` int(11) DEFAULT NULL,
  `status` enum('not_started','in_progress','on_hold','cancelled','completed') NOT NULL,
  `lead_id` int(11) NOT NULL,
  `start_date` datetime DEFAULT NULL,
  `end_date` datetime DEFAULT NULL,
  `description` text DEFAULT NULL,
  `created_by` int(11) NOT NULL,
  `settings` text DEFAULT NULL,
  `custom_field1` varchar(191) DEFAULT NULL,
  `custom_field2` varchar(191) DEFAULT NULL,
  `custom_field3` varchar(191) DEFAULT NULL,
  `custom_field4` varchar(191) DEFAULT NULL,
  `created_at` timestamp NULL DEFAULT NULL,
  `updated_at` timestamp NULL DEFAULT NULL
) ENGINE=InnoDB DEFAULT CHARSET=utf8mb4 COLLATE=utf8mb4_unicode_ci;

-- --------------------------------------------------------

--
-- Table structure for table `pjt_project_members`
--

CREATE TABLE `pjt_project_members` (
  `id` int(10) UNSIGNED NOT NULL,
  `project_id` int(10) UNSIGNED NOT NULL,
  `user_id` int(11) NOT NULL
) ENGINE=InnoDB DEFAULT CHARSET=utf8mb4 COLLATE=utf8mb4_unicode_ci;

-- --------------------------------------------------------

--
-- Table structure for table `pjt_project_tasks`
--

CREATE TABLE `pjt_project_tasks` (
  `id` int(10) UNSIGNED NOT NULL,
  `business_id` int(11) NOT NULL,
  `project_id` int(10) UNSIGNED NOT NULL,
  `task_id` varchar(191) NOT NULL,
  `subject` varchar(191) NOT NULL,
  `start_date` datetime DEFAULT NULL,
  `due_date` datetime DEFAULT NULL,
  `priority` enum('low','medium','high','urgent') NOT NULL DEFAULT 'low',
  `description` text DEFAULT NULL,
  `created_by` int(11) NOT NULL,
  `status` enum('completed','not_started','in_progress','on_hold','cancelled') NOT NULL DEFAULT 'not_started',
  `custom_field_1` varchar(191) DEFAULT NULL,
  `custom_field_2` varchar(191) DEFAULT NULL,
  `custom_field_3` varchar(191) DEFAULT NULL,
  `custom_field_4` varchar(191) DEFAULT NULL,
  `created_at` timestamp NULL DEFAULT NULL,
  `updated_at` timestamp NULL DEFAULT NULL
) ENGINE=InnoDB DEFAULT CHARSET=utf8mb4 COLLATE=utf8mb4_unicode_ci;

-- --------------------------------------------------------

--
-- Table structure for table `pjt_project_task_comments`
--

CREATE TABLE `pjt_project_task_comments` (
  `id` int(10) UNSIGNED NOT NULL,
  `project_task_id` int(10) UNSIGNED NOT NULL,
  `comment` text NOT NULL,
  `commented_by` int(11) NOT NULL,
  `created_at` timestamp NULL DEFAULT NULL,
  `updated_at` timestamp NULL DEFAULT NULL
) ENGINE=InnoDB DEFAULT CHARSET=utf8mb4 COLLATE=utf8mb4_unicode_ci;

-- --------------------------------------------------------

--
-- Table structure for table `pjt_project_task_members`
--

CREATE TABLE `pjt_project_task_members` (
  `id` int(10) UNSIGNED NOT NULL,
  `project_task_id` int(10) UNSIGNED NOT NULL,
  `user_id` int(11) NOT NULL
) ENGINE=InnoDB DEFAULT CHARSET=utf8mb4 COLLATE=utf8mb4_unicode_ci;

-- --------------------------------------------------------

--
-- Table structure for table `pjt_project_time_logs`
--

CREATE TABLE `pjt_project_time_logs` (
  `id` int(10) UNSIGNED NOT NULL,
  `project_id` int(10) UNSIGNED NOT NULL,
  `project_task_id` int(10) UNSIGNED DEFAULT NULL,
  `user_id` int(11) NOT NULL,
  `start_datetime` datetime NOT NULL,
  `end_datetime` datetime NOT NULL,
  `note` text DEFAULT NULL,
  `created_by` int(11) NOT NULL,
  `created_at` timestamp NULL DEFAULT NULL,
  `updated_at` timestamp NULL DEFAULT NULL
) ENGINE=InnoDB DEFAULT CHARSET=utf8mb4 COLLATE=utf8mb4_unicode_ci;

-- --------------------------------------------------------

--
-- Table structure for table `printers`
--

CREATE TABLE `printers` (
  `id` int(10) UNSIGNED NOT NULL,
  `business_id` int(10) UNSIGNED NOT NULL,
  `name` varchar(191) NOT NULL,
  `connection_type` enum('network','windows','linux') NOT NULL,
  `capability_profile` enum('default','simple','SP2000','TEP-200M','P822D') NOT NULL DEFAULT 'default',
  `char_per_line` varchar(191) DEFAULT NULL,
  `ip_address` varchar(191) DEFAULT NULL,
  `port` varchar(191) DEFAULT NULL,
  `path` varchar(191) DEFAULT NULL,
  `created_by` int(10) UNSIGNED NOT NULL,
  `created_at` timestamp NULL DEFAULT NULL,
  `updated_at` timestamp NULL DEFAULT NULL
) ENGINE=InnoDB DEFAULT CHARSET=utf8mb4 COLLATE=utf8mb4_unicode_ci;

-- --------------------------------------------------------

--
-- Table structure for table `products`
--

CREATE TABLE `products` (
  `id` int(10) UNSIGNED NOT NULL,
  `name` varchar(191) NOT NULL,
  `business_id` int(10) UNSIGNED NOT NULL,
  `type` enum('single','variable','modifier','combo') DEFAULT NULL,
  `unit_id` int(11) UNSIGNED DEFAULT NULL,
  `secondary_unit_id` int(11) DEFAULT NULL,
  `sub_unit_ids` text DEFAULT NULL,
  `brand_id` int(10) UNSIGNED DEFAULT NULL,
  `category_id` int(10) UNSIGNED DEFAULT NULL,
  `sub_category_id` int(10) UNSIGNED DEFAULT NULL,
  `tax` int(10) UNSIGNED DEFAULT NULL,
  `tax_type` enum('inclusive','exclusive') NOT NULL,
  `enable_stock` tinyint(1) NOT NULL DEFAULT 0,
  `alert_quantity` decimal(22,4) DEFAULT NULL,
  `sku` varchar(191) NOT NULL,
  `barcode_type` enum('C39','C128','EAN13','EAN8','UPCA','UPCE') DEFAULT 'C128',
  `expiry_period` decimal(4,2) DEFAULT NULL,
  `expiry_period_type` enum('days','months') DEFAULT NULL,
  `enable_sr_no` tinyint(1) NOT NULL DEFAULT 0,
  `weight` varchar(191) DEFAULT NULL,
  `product_custom_field1` varchar(191) DEFAULT NULL,
  `product_custom_field2` varchar(191) DEFAULT NULL,
  `product_custom_field3` varchar(191) DEFAULT NULL,
  `product_custom_field4` varchar(191) DEFAULT NULL,
  `product_custom_field5` varchar(191) DEFAULT NULL,
  `product_custom_field6` varchar(191) DEFAULT NULL,
  `product_custom_field7` varchar(191) DEFAULT NULL,
  `product_custom_field8` varchar(191) DEFAULT NULL,
  `product_custom_field9` varchar(191) DEFAULT NULL,
  `product_custom_field10` varchar(191) DEFAULT NULL,
  `product_custom_field11` varchar(191) DEFAULT NULL,
  `product_custom_field12` varchar(191) DEFAULT NULL,
  `product_custom_field13` varchar(191) DEFAULT NULL,
  `product_custom_field14` varchar(191) DEFAULT NULL,
  `product_custom_field15` varchar(191) DEFAULT NULL,
  `product_custom_field16` varchar(191) DEFAULT NULL,
  `product_custom_field17` varchar(191) DEFAULT NULL,
  `product_custom_field18` varchar(191) DEFAULT NULL,
  `product_custom_field19` varchar(191) DEFAULT NULL,
  `product_custom_field20` varchar(191) DEFAULT NULL,
  `image` varchar(191) DEFAULT NULL,
  `product_description` text DEFAULT NULL,
  `created_by` int(10) UNSIGNED NOT NULL,
  `preparation_time_in_minutes` int(11) DEFAULT NULL,
  `warranty_id` int(11) DEFAULT NULL,
  `is_inactive` tinyint(1) NOT NULL DEFAULT 0,
  `not_for_selling` tinyint(1) NOT NULL DEFAULT 0,
  `created_at` timestamp NULL DEFAULT NULL,
  `updated_at` timestamp NULL DEFAULT NULL
) ENGINE=InnoDB DEFAULT CHARSET=utf8mb4 COLLATE=utf8mb4_unicode_ci;

--
-- Dumping data for table `products`
--

INSERT INTO `products` (`id`, `name`, `business_id`, `type`, `unit_id`, `secondary_unit_id`, `sub_unit_ids`, `brand_id`, `category_id`, `sub_category_id`, `tax`, `tax_type`, `enable_stock`, `alert_quantity`, `sku`, `barcode_type`, `expiry_period`, `expiry_period_type`, `enable_sr_no`, `weight`, `product_custom_field1`, `product_custom_field2`, `product_custom_field3`, `product_custom_field4`, `product_custom_field5`, `product_custom_field6`, `product_custom_field7`, `product_custom_field8`, `product_custom_field9`, `product_custom_field10`, `product_custom_field11`, `product_custom_field12`, `product_custom_field13`, `product_custom_field14`, `product_custom_field15`, `product_custom_field16`, `product_custom_field17`, `product_custom_field18`, `product_custom_field19`, `product_custom_field20`, `image`, `product_description`, `created_by`, `preparation_time_in_minutes`, `warranty_id`, `is_inactive`, `not_for_selling`, `created_at`, `updated_at`) VALUES
(2, 'عصير', 1, 'single', 1, NULL, NULL, NULL, NULL, NULL, NULL, 'exclusive', 1, NULL, 'AS0002', 'C128', NULL, NULL, 0, NULL, NULL, NULL, NULL, NULL, NULL, NULL, NULL, NULL, NULL, NULL, NULL, NULL, NULL, NULL, NULL, NULL, NULL, NULL, NULL, NULL, NULL, NULL, 1, NULL, NULL, 0, 0, '2025-06-26 00:21:35', '2025-06-26 00:21:35');

-- --------------------------------------------------------

--
-- Table structure for table `product_locations`
--

CREATE TABLE `product_locations` (
  `product_id` int(11) NOT NULL,
  `location_id` int(11) NOT NULL
) ENGINE=InnoDB DEFAULT CHARSET=utf8mb4 COLLATE=utf8mb4_unicode_ci;

--
-- Dumping data for table `product_locations`
--

INSERT INTO `product_locations` (`product_id`, `location_id`) VALUES
(1, 1),
(1, 7),
(2, 1),
(2, 7);

-- --------------------------------------------------------

--
-- Table structure for table `product_racks`
--

CREATE TABLE `product_racks` (
  `id` int(10) UNSIGNED NOT NULL,
  `business_id` int(10) UNSIGNED NOT NULL,
  `location_id` int(10) UNSIGNED NOT NULL,
  `product_id` int(10) UNSIGNED NOT NULL,
  `rack` varchar(191) DEFAULT NULL,
  `row` varchar(191) DEFAULT NULL,
  `position` varchar(191) DEFAULT NULL,
  `created_at` timestamp NULL DEFAULT NULL,
  `updated_at` timestamp NULL DEFAULT NULL
) ENGINE=InnoDB DEFAULT CHARSET=utf8mb4 COLLATE=utf8mb4_unicode_ci;

-- --------------------------------------------------------

--
-- Table structure for table `product_variations`
--

CREATE TABLE `product_variations` (
  `id` int(10) UNSIGNED NOT NULL,
  `variation_template_id` int(11) DEFAULT NULL,
  `name` varchar(191) NOT NULL,
  `product_id` int(10) UNSIGNED NOT NULL,
  `is_dummy` tinyint(1) NOT NULL DEFAULT 1,
  `created_at` timestamp NULL DEFAULT NULL,
  `updated_at` timestamp NULL DEFAULT NULL
) ENGINE=InnoDB DEFAULT CHARSET=utf8mb4 COLLATE=utf8mb4_unicode_ci;

--
-- Dumping data for table `product_variations`
--

INSERT INTO `product_variations` (`id`, `variation_template_id`, `name`, `product_id`, `is_dummy`, `created_at`, `updated_at`) VALUES
(2, NULL, 'DUMMY', 2, 1, '2025-06-26 00:21:36', '2025-06-26 00:21:36');

-- --------------------------------------------------------

--
-- Table structure for table `purchase_lines`
--

CREATE TABLE `purchase_lines` (
  `id` int(10) UNSIGNED NOT NULL,
  `transaction_id` int(10) UNSIGNED NOT NULL,
  `product_id` int(10) UNSIGNED NOT NULL,
  `variation_id` int(10) UNSIGNED NOT NULL,
  `quantity` decimal(22,4) NOT NULL DEFAULT 0.0000,
  `secondary_unit_quantity` decimal(22,4) NOT NULL DEFAULT 0.0000,
  `pp_without_discount` decimal(22,4) NOT NULL DEFAULT 0.0000 COMMENT 'Purchase price before inline discounts',
  `discount_percent` decimal(5,2) NOT NULL DEFAULT 0.00 COMMENT 'Inline discount percentage',
  `purchase_price` decimal(22,4) NOT NULL,
  `purchase_price_inc_tax` decimal(22,4) NOT NULL DEFAULT 0.0000,
  `item_tax` decimal(22,4) NOT NULL COMMENT 'Tax for one quantity',
  `tax_id` int(10) UNSIGNED DEFAULT NULL,
  `purchase_requisition_line_id` int(11) DEFAULT NULL,
  `purchase_order_line_id` int(11) DEFAULT NULL,
  `quantity_sold` decimal(22,4) NOT NULL DEFAULT 0.0000 COMMENT 'Quanity sold from this purchase line',
  `quantity_adjusted` decimal(22,4) NOT NULL DEFAULT 0.0000 COMMENT 'Quanity adjusted in stock adjustment from this purchase line',
  `quantity_returned` decimal(22,4) NOT NULL DEFAULT 0.0000,
  `po_quantity_purchased` decimal(22,4) NOT NULL DEFAULT 0.0000,
  `mfg_quantity_used` decimal(22,4) NOT NULL DEFAULT 0.0000,
  `mfg_date` date DEFAULT NULL,
  `exp_date` date DEFAULT NULL,
  `lot_number` varchar(191) DEFAULT NULL,
  `sub_unit_id` int(11) DEFAULT NULL,
  `created_at` timestamp NULL DEFAULT NULL,
  `updated_at` timestamp NULL DEFAULT NULL,
  `stock_id` bigint(20) UNSIGNED DEFAULT NULL
) ENGINE=InnoDB DEFAULT CHARSET=utf8mb4 COLLATE=utf8mb4_unicode_ci;

--
-- Dumping data for table `purchase_lines`
--

INSERT INTO `purchase_lines` (`id`, `transaction_id`, `product_id`, `variation_id`, `quantity`, `secondary_unit_quantity`, `pp_without_discount`, `discount_percent`, `purchase_price`, `purchase_price_inc_tax`, `item_tax`, `tax_id`, `purchase_requisition_line_id`, `purchase_order_line_id`, `quantity_sold`, `quantity_adjusted`, `quantity_returned`, `po_quantity_purchased`, `mfg_quantity_used`, `mfg_date`, `exp_date`, `lot_number`, `sub_unit_id`, `created_at`, `updated_at`, `stock_id`) VALUES
(8, 11, 2, 2, 100.0000, 0.0000, 100.0000, 0.00, 100.0000, 100.0000, 0.0000, NULL, NULL, NULL, 26.0000, 0.0000, 0.0000, 0.0000, 0.0000, NULL, NULL, NULL, NULL, '2025-06-26 01:40:03', '2025-07-03 00:42:38', 1),
(9, 12, 2, 2, 50.0000, 0.0000, 100.0000, 0.00, 100.0000, 100.0000, 0.0000, NULL, NULL, NULL, 0.0000, 0.0000, 0.0000, 0.0000, 0.0000, NULL, NULL, NULL, NULL, '2025-06-26 01:40:03', '2025-06-26 01:40:03', 3);

-- --------------------------------------------------------

--
-- Table structure for table `reference_counts`
--

CREATE TABLE `reference_counts` (
  `id` int(10) UNSIGNED NOT NULL,
  `ref_type` varchar(191) NOT NULL,
  `ref_count` int(11) NOT NULL,
  `business_id` int(11) NOT NULL,
  `created_at` timestamp NULL DEFAULT NULL,
  `updated_at` timestamp NULL DEFAULT NULL
) ENGINE=InnoDB DEFAULT CHARSET=utf8mb4 COLLATE=utf8mb4_unicode_ci;

--
-- Dumping data for table `reference_counts`
--

INSERT INTO `reference_counts` (`id`, `ref_type`, `ref_count`, `business_id`, `created_at`, `updated_at`) VALUES
(1, 'payroll', 1, 1, '2025-06-23 21:03:35', '2025-06-23 21:03:35'),
(7, 'purchase_payment', 1, 1, '2025-06-23 21:15:04', '2025-06-23 21:15:04'),
(8, 'contacts', 4, 1, '2025-06-25 21:49:05', '2025-07-01 00:47:03'),
(9, 'draft', 4, 1, '2025-06-26 00:56:16', '2025-07-06 21:38:12'),
(10, 'sell_payment', 35, 1, '2025-06-29 00:56:19', '2025-07-03 00:42:38'),
(11, 'sell_return', 2, 1, '2025-06-29 07:16:55', '2025-06-29 07:18:04'),
(12, 'sales_order', 2, 1, '2025-07-01 23:37:00', '2025-07-01 23:46:48');

-- --------------------------------------------------------

--
-- Table structure for table `res_product_modifier_sets`
--

CREATE TABLE `res_product_modifier_sets` (
  `modifier_set_id` int(10) UNSIGNED NOT NULL,
  `product_id` int(10) UNSIGNED NOT NULL COMMENT 'Table use to store the modifier sets applicable for a product'
) ENGINE=InnoDB DEFAULT CHARSET=utf8mb4 COLLATE=utf8mb4_unicode_ci;

-- --------------------------------------------------------

--
-- Table structure for table `res_tables`
--

CREATE TABLE `res_tables` (
  `id` int(10) UNSIGNED NOT NULL,
  `business_id` int(10) UNSIGNED NOT NULL,
  `location_id` int(10) UNSIGNED NOT NULL,
  `name` varchar(191) NOT NULL,
  `description` text DEFAULT NULL,
  `created_by` int(10) UNSIGNED NOT NULL,
  `deleted_at` timestamp NULL DEFAULT NULL,
  `created_at` timestamp NULL DEFAULT NULL,
  `updated_at` timestamp NULL DEFAULT NULL
) ENGINE=InnoDB DEFAULT CHARSET=utf8mb4 COLLATE=utf8mb4_unicode_ci;

-- --------------------------------------------------------

--
-- Table structure for table `roles`
--

CREATE TABLE `roles` (
  `id` int(10) UNSIGNED NOT NULL,
  `name` varchar(191) NOT NULL,
  `guard_name` varchar(191) NOT NULL,
  `business_id` int(10) UNSIGNED NOT NULL,
  `is_default` tinyint(1) NOT NULL DEFAULT 0,
  `is_service_staff` tinyint(1) NOT NULL DEFAULT 0,
  `created_at` timestamp NULL DEFAULT NULL,
  `updated_at` timestamp NULL DEFAULT NULL
) ENGINE=InnoDB DEFAULT CHARSET=utf8mb4 COLLATE=utf8mb4_unicode_ci;

--
-- Dumping data for table `roles`
--

INSERT INTO `roles` (`id`, `name`, `guard_name`, `business_id`, `is_default`, `is_service_staff`, `created_at`, `updated_at`) VALUES
(1, 'Admin#1', 'web', 1, 1, 0, '2025-05-07 10:19:59', '2025-05-07 10:19:59'),
(2, 'Cashier#1', 'web', 1, 0, 0, '2025-05-07 10:19:59', '2025-05-07 10:19:59'),
(13, 'Admin2#1', 'web', 1, 0, 0, '2025-05-12 05:09:30', '2025-05-12 05:09:30'),
(14, 'Sales Person#1', 'web', 1, 0, 0, '2025-05-18 01:52:38', '2025-06-22 21:33:15');

-- --------------------------------------------------------

--
-- Table structure for table `role_has_permissions`
--

CREATE TABLE `role_has_permissions` (
  `permission_id` int(10) UNSIGNED NOT NULL,
  `role_id` int(10) UNSIGNED NOT NULL
) ENGINE=InnoDB DEFAULT CHARSET=utf8mb4 COLLATE=utf8mb4_unicode_ci;

--
-- Dumping data for table `role_has_permissions`
--

INSERT INTO `role_has_permissions` (`permission_id`, `role_id`) VALUES
(1, 1),
(1, 13),
(2, 1),
(2, 13),
(2, 14),
(3, 1),
(3, 13),
(4, 1),
(5, 1),
(6, 1),
(6, 13),
(6, 14),
(7, 1),
(7, 13),
(8, 1),
(8, 13),
(8, 14),
(9, 1),
(9, 13),
(9, 14),
(10, 1),
(10, 13),
(10, 14),
(11, 1),
(11, 13),
(12, 1),
(12, 13),
(13, 1),
(13, 13),
(14, 1),
(14, 13),
(15, 1),
(15, 13),
(16, 1),
(16, 13),
(16, 14),
(17, 1),
(17, 13),
(18, 1),
(18, 13),
(18, 14),
(19, 1),
(19, 13),
(19, 14),
(20, 1),
(20, 13),
(20, 14),
(21, 1),
(22, 1),
(22, 13),
(23, 1),
(24, 1),
(25, 1),
(25, 2),
(25, 13),
(26, 1),
(26, 2),
(26, 13),
(27, 1),
(27, 2),
(27, 13),
(27, 14),
(28, 1),
(28, 13),
(29, 1),
(29, 13),
(30, 1),
(30, 13),
(31, 1),
(31, 13),
(32, 1),
(32, 13),
(33, 1),
(33, 13),
(34, 1),
(34, 13),
(35, 1),
(35, 13),
(36, 1),
(36, 13),
(37, 1),
(37, 13),
(38, 1),
(38, 13),
(39, 1),
(39, 13),
(40, 1),
(40, 13),
(41, 1),
(41, 13),
(42, 1),
(42, 13),
(43, 1),
(43, 13),
(44, 1),
(44, 13),
(45, 1),
(46, 1),
(46, 13),
(47, 1),
(47, 13),
(48, 1),
(48, 13),
(49, 1),
(50, 1),
(50, 13),
(51, 1),
(51, 13),
(52, 1),
(52, 13),
(53, 1),
(53, 13),
(54, 1),
(54, 13),
(55, 1),
(55, 13),
(56, 1),
(56, 13),
(57, 1),
(58, 1),
(58, 13),
(59, 1),
(59, 13),
(60, 1),
(60, 13),
(61, 1),
(61, 2),
(61, 13),
(61, 14),
(62, 1),
(62, 2),
(62, 13),
(62, 14),
(63, 1),
(63, 2),
(63, 13),
(63, 14),
(64, 1),
(64, 2),
(64, 13),
(64, 14),
(65, 1),
(65, 13),
(66, 1),
(66, 13),
(67, 1),
(67, 13),
(68, 1),
(68, 13),
(69, 1),
(69, 13),
(70, 1),
(70, 13),
(71, 1),
(71, 13),
(72, 1),
(72, 13),
(73, 1),
(73, 13),
(74, 1),
(74, 13),
(75, 1),
(75, 13),
(76, 1),
(76, 13),
(77, 1),
(77, 13),
(78, 1),
(78, 13),
(79, 1),
(79, 13),
(80, 1),
(80, 13),
(81, 1),
(81, 13),
(82, 1),
(82, 13),
(83, 1),
(83, 13),
(84, 1),
(84, 13),
(85, 1),
(85, 13),
(86, 1),
(86, 13),
(87, 1),
(87, 13),
(88, 1),
(88, 13),
(89, 1),
(89, 13),
(90, 1),
(90, 13),
(91, 1),
(91, 13),
(92, 1),
(94, 1),
(94, 13),
(94, 14),
(97, 1),
(98, 1),
(99, 1),
(100, 1),
(102, 13),
(103, 13),
(104, 13),
(105, 13),
(105, 14),
(106, 13),
(107, 13),
(108, 13),
(109, 13),
(109, 14),
(110, 13),
(110, 14),
(111, 13),
(111, 14),
(112, 13),
(112, 14),
(113, 13),
(113, 14),
(114, 13),
(114, 14),
(115, 13),
(115, 14),
(116, 13),
(116, 14),
(117, 13),
(117, 14),
(118, 13),
(118, 14),
(119, 13),
(119, 14),
(120, 13),
(120, 14),
(121, 13),
(121, 14),
(122, 13),
(122, 14),
(123, 13),
(123, 14),
(124, 13),
(124, 14),
(125, 13),
(125, 14),
(126, 13),
(127, 13),
(128, 13),
(129, 13),
(130, 13),
(131, 13),
(132, 13),
(133, 13),
(134, 13),
(135, 13),
(136, 13),
(137, 13),
(138, 13),
(139, 13),
(140, 13),
(141, 13),
(142, 13),
(143, 13),
(144, 13),
(145, 13),
(146, 13),
(147, 13),
(148, 13),
(149, 13),
(150, 13),
(151, 13),
(152, 13),
(153, 13),
(154, 13),
(155, 13),
(156, 13),
(157, 13),
(158, 13),
(159, 13),
(160, 13),
(161, 2),
(161, 13),
(162, 2),
(162, 13),
(163, 13),
(164, 13),
(165, 13),
(166, 13),
(167, 13),
(168, 13),
(169, 13),
(170, 13),
(171, 13),
(172, 13),
(173, 13),
(174, 13),
(175, 13),
(176, 13),
(177, 13),
(187, 2),
(188, 13),
(189, 13),
(190, 13),
(191, 13),
(192, 13),
(193, 13),
(194, 13),
(195, 13),
(196, 13),
(197, 13),
(198, 13),
(199, 13),
(200, 13),
(201, 13),
(202, 13),
(203, 2),
(203, 13),
(204, 13),
(205, 13),
(206, 13),
(211, 13),
(212, 13),
(213, 13),
(214, 13);

-- --------------------------------------------------------

--
-- Table structure for table `selling_price_groups`
--

CREATE TABLE `selling_price_groups` (
  `id` int(10) UNSIGNED NOT NULL,
  `name` varchar(191) NOT NULL,
  `description` text DEFAULT NULL,
  `business_id` int(10) UNSIGNED NOT NULL,
  `is_active` tinyint(1) NOT NULL DEFAULT 1,
  `deleted_at` timestamp NULL DEFAULT NULL,
  `created_at` timestamp NULL DEFAULT NULL,
  `updated_at` timestamp NULL DEFAULT NULL
) ENGINE=InnoDB DEFAULT CHARSET=utf8mb4 COLLATE=utf8mb4_unicode_ci;

-- --------------------------------------------------------

--
-- Table structure for table `sell_line_warranties`
--

CREATE TABLE `sell_line_warranties` (
  `sell_line_id` int(11) NOT NULL,
  `warranty_id` int(11) NOT NULL
) ENGINE=InnoDB DEFAULT CHARSET=utf8mb4 COLLATE=utf8mb4_unicode_ci;

-- --------------------------------------------------------

--
-- Table structure for table `sessions`
--

CREATE TABLE `sessions` (
  `id` varchar(191) NOT NULL,
  `user_id` int(10) UNSIGNED DEFAULT NULL,
  `ip_address` varchar(45) DEFAULT NULL,
  `user_agent` text DEFAULT NULL,
  `payload` text NOT NULL,
  `last_activity` int(11) NOT NULL
) ENGINE=InnoDB DEFAULT CHARSET=utf8mb4 COLLATE=utf8mb4_unicode_ci;

-- --------------------------------------------------------

--
-- Table structure for table `sheet_spreadsheets`
--

CREATE TABLE `sheet_spreadsheets` (
  `id` bigint(20) UNSIGNED NOT NULL,
  `business_id` int(10) UNSIGNED NOT NULL,
  `name` varchar(191) NOT NULL,
  `sheet_data` longtext NOT NULL,
  `created_by` int(11) NOT NULL,
  `folder_id` int(11) DEFAULT NULL,
  `created_at` timestamp NULL DEFAULT NULL,
  `updated_at` timestamp NULL DEFAULT NULL
) ENGINE=InnoDB DEFAULT CHARSET=utf8mb4 COLLATE=utf8mb4_unicode_ci;

-- --------------------------------------------------------

--
-- Table structure for table `sheet_spreadsheet_shares`
--

CREATE TABLE `sheet_spreadsheet_shares` (
  `id` bigint(20) UNSIGNED NOT NULL,
  `sheet_spreadsheet_id` bigint(20) UNSIGNED NOT NULL,
  `shared_with` varchar(191) NOT NULL COMMENT 'Shared with like user/role/todo',
  `shared_id` int(11) NOT NULL COMMENT 'Id of shared with like user_id/role_id/todo_id',
  `created_at` timestamp NULL DEFAULT NULL,
  `updated_at` timestamp NULL DEFAULT NULL
) ENGINE=InnoDB DEFAULT CHARSET=utf8mb4 COLLATE=utf8mb4_unicode_ci;

-- --------------------------------------------------------

--
-- Table structure for table `stocks`
--

CREATE TABLE `stocks` (
  `id` bigint(20) UNSIGNED NOT NULL,
  `location_id` int(10) UNSIGNED NOT NULL,
  `name` varchar(191) NOT NULL,
  `status` int(11) NOT NULL DEFAULT 1,
  `created_by` int(11) DEFAULT NULL,
  `created_at` timestamp NULL DEFAULT NULL,
  `updated_at` timestamp NULL DEFAULT NULL
) ENGINE=InnoDB DEFAULT CHARSET=utf8mb4 COLLATE=utf8mb4_unicode_ci;

--
-- Dumping data for table `stocks`
--

INSERT INTO `stocks` (`id`, `location_id`, `name`, `status`, `created_by`, `created_at`, `updated_at`) VALUES
(1, 1, 'n1', 1, 1, '2025-05-06 22:12:42', '2025-05-06 22:12:42'),
(2, 1, 'n2', 1, 1, '2025-05-06 22:13:00', '2025-05-06 22:13:00'),
(3, 7, 'B1', 1, 17, '2025-05-12 03:31:11', '2025-05-12 03:31:11'),
(4, 7, 'B2', 1, 17, '2025-05-12 03:31:26', '2025-05-12 03:31:26');

-- --------------------------------------------------------

--
-- Table structure for table `stock_adjustments_temp`
--

CREATE TABLE `stock_adjustments_temp` (
  `id` int(11) DEFAULT NULL
) ENGINE=InnoDB DEFAULT CHARSET=utf8mb4 COLLATE=utf8mb4_general_ci;

-- --------------------------------------------------------

--
-- Table structure for table `stock_adjustment_lines`
--

CREATE TABLE `stock_adjustment_lines` (
  `id` int(10) UNSIGNED NOT NULL,
  `transaction_id` int(10) UNSIGNED NOT NULL,
  `product_id` int(10) UNSIGNED NOT NULL,
  `variation_id` int(10) UNSIGNED NOT NULL,
  `quantity` decimal(22,4) NOT NULL,
  `secondary_unit_quantity` decimal(22,4) NOT NULL DEFAULT 0.0000,
  `unit_price` decimal(22,4) DEFAULT NULL COMMENT 'Last purchase unit price',
  `removed_purchase_line` int(11) DEFAULT NULL,
  `lot_no_line_id` int(11) DEFAULT NULL,
  `created_at` timestamp NULL DEFAULT NULL,
  `updated_at` timestamp NULL DEFAULT NULL
) ENGINE=InnoDB DEFAULT CHARSET=utf8mb4 COLLATE=utf8mb4_unicode_ci;

-- --------------------------------------------------------

--
-- Table structure for table `subscriptions`
--

CREATE TABLE `subscriptions` (
  `id` int(10) UNSIGNED NOT NULL,
  `business_id` int(10) UNSIGNED NOT NULL,
  `package_id` int(10) UNSIGNED NOT NULL,
  `start_date` date DEFAULT NULL,
  `trial_end_date` date DEFAULT NULL,
  `end_date` date DEFAULT NULL,
  `package_price` decimal(22,4) NOT NULL,
  `original_price` decimal(22,4) DEFAULT NULL,
  `coupon_code` varchar(191) DEFAULT NULL,
  `package_details` longtext NOT NULL,
  `created_id` int(10) UNSIGNED NOT NULL,
  `paid_via` varchar(191) DEFAULT NULL,
  `payment_transaction_id` varchar(191) DEFAULT NULL,
  `status` enum('approved','waiting','declined') NOT NULL DEFAULT 'waiting',
  `deleted_at` timestamp NULL DEFAULT NULL,
  `created_at` timestamp NULL DEFAULT NULL,
  `updated_at` timestamp NULL DEFAULT NULL
) ENGINE=InnoDB DEFAULT CHARSET=utf8mb4 COLLATE=utf8mb4_unicode_ci;

-- --------------------------------------------------------

--
-- Table structure for table `superadmin_communicator_logs`
--

CREATE TABLE `superadmin_communicator_logs` (
  `id` int(10) UNSIGNED NOT NULL,
  `business_ids` text DEFAULT NULL,
  `subject` varchar(191) DEFAULT NULL,
  `message` text DEFAULT NULL,
  `created_at` timestamp NULL DEFAULT NULL,
  `updated_at` timestamp NULL DEFAULT NULL
) ENGINE=InnoDB DEFAULT CHARSET=utf8mb4 COLLATE=utf8mb4_unicode_ci;

-- --------------------------------------------------------

--
-- Table structure for table `superadmin_coupons`
--

CREATE TABLE `superadmin_coupons` (
  `id` bigint(20) UNSIGNED NOT NULL,
  `coupon_code` varchar(191) NOT NULL,
  `discount_type` varchar(191) NOT NULL,
  `discount` decimal(8,2) NOT NULL,
  `expiry_date` date DEFAULT NULL,
  `applied_on_packages` varchar(191) DEFAULT NULL,
  `applied_on_business` varchar(191) DEFAULT NULL,
  `is_active` tinyint(1) NOT NULL,
  `created_at` timestamp NULL DEFAULT NULL,
  `updated_at` timestamp NULL DEFAULT NULL
) ENGINE=InnoDB DEFAULT CHARSET=utf8mb4 COLLATE=utf8mb4_unicode_ci;

-- --------------------------------------------------------

--
-- Table structure for table `superadmin_frontend_pages`
--

CREATE TABLE `superadmin_frontend_pages` (
  `id` int(10) UNSIGNED NOT NULL,
  `title` varchar(191) DEFAULT NULL,
  `slug` varchar(191) NOT NULL,
  `content` longtext NOT NULL,
  `is_shown` tinyint(1) NOT NULL,
  `menu_order` int(11) DEFAULT 0,
  `created_at` timestamp NULL DEFAULT NULL,
  `updated_at` timestamp NULL DEFAULT NULL
) ENGINE=InnoDB DEFAULT CHARSET=utf8mb4 COLLATE=utf8mb4_unicode_ci;

-- --------------------------------------------------------

--
-- Table structure for table `tags`
--

CREATE TABLE `tags` (
  `id` bigint(20) UNSIGNED NOT NULL,
  `title` varchar(11) NOT NULL,
  `data` longtext DEFAULT NULL,
  `created_at` timestamp NULL DEFAULT NULL,
  `updated_at` timestamp NULL DEFAULT NULL
) ENGINE=InnoDB DEFAULT CHARSET=utf8mb4 COLLATE=utf8mb4_unicode_ci;

--
-- Dumping data for table `tags`
--

INSERT INTO `tags` (`id`, `title`, `data`, `created_at`, `updated_at`) VALUES
(1, 'tags', NULL, '2025-06-16 03:06:38', '2025-06-16 03:06:38'),
(2, 'tags 22', NULL, '2025-06-16 03:26:56', '2025-06-16 03:26:56'),
(4, 'tag 3', NULL, '2025-06-16 03:30:25', '2025-06-16 03:30:25'),
(5, 'tag 4', NULL, '2025-06-16 03:30:30', '2025-06-16 03:30:30'),
(6, 'tag 5', NULL, '2025-06-16 04:03:40', '2025-06-16 04:03:40');

-- --------------------------------------------------------

--
-- Table structure for table `tax_rates`
--

CREATE TABLE `tax_rates` (
  `id` int(10) UNSIGNED NOT NULL,
  `business_id` int(10) UNSIGNED NOT NULL,
  `name` varchar(191) NOT NULL,
  `amount` double(22,4) NOT NULL,
  `is_tax_group` tinyint(1) NOT NULL DEFAULT 0,
  `for_tax_group` tinyint(1) NOT NULL DEFAULT 0,
  `created_by` int(10) UNSIGNED NOT NULL,
  `deleted_at` timestamp NULL DEFAULT NULL,
  `created_at` timestamp NULL DEFAULT NULL,
  `updated_at` timestamp NULL DEFAULT NULL
) ENGINE=InnoDB DEFAULT CHARSET=utf8mb4 COLLATE=utf8mb4_unicode_ci;

--
-- Dumping data for table `tax_rates`
--

INSERT INTO `tax_rates` (`id`, `business_id`, `name`, `amount`, `is_tax_group`, `for_tax_group`, `created_by`, `deleted_at`, `created_at`, `updated_at`) VALUES
(1, 1, 'VAT@10%', 10.0000, 0, 0, 1, NULL, '2018-01-04 00:40:07', '2018-01-04 00:40:07'),
(2, 1, 'CGST@10%', 10.0000, 0, 0, 1, NULL, '2018-01-04 00:40:55', '2018-01-04 00:40:55'),
(3, 1, 'SGST@8%', 8.0000, 0, 0, 1, NULL, '2018-01-04 00:41:13', '2018-01-04 00:41:13'),
(4, 1, 'GST@18%', 18.0000, 1, 0, 1, NULL, '2018-01-04 00:42:19', '2018-01-04 00:42:19');

-- --------------------------------------------------------

--
-- Table structure for table `tracker_cities`
--

CREATE TABLE `tracker_cities` (
  `id` bigint(20) UNSIGNED NOT NULL,
  `name` varchar(191) NOT NULL,
  `country_id` bigint(20) UNSIGNED NOT NULL,
  `state_id` bigint(20) UNSIGNED NOT NULL,
  `alias` longtext CHARACTER SET utf8mb4 COLLATE utf8mb4_bin DEFAULT NULL CHECK (json_valid(`alias`)),
  `point` point DEFAULT NULL,
  `latitude` varchar(191) DEFAULT NULL,
  `longitude` varchar(191) DEFAULT NULL,
  `created_at` timestamp NULL DEFAULT NULL,
  `updated_at` timestamp NULL DEFAULT NULL
) ENGINE=InnoDB DEFAULT CHARSET=utf8mb4 COLLATE=utf8mb4_unicode_ci;

-- --------------------------------------------------------

--
-- Table structure for table `tracker_countries`
--

CREATE TABLE `tracker_countries` (
  `id` bigint(20) UNSIGNED NOT NULL,
  `code` varchar(191) NOT NULL,
  `name` varchar(191) NOT NULL,
  `alias` longtext CHARACTER SET utf8mb4 COLLATE utf8mb4_bin DEFAULT NULL CHECK (json_valid(`alias`)),
  `created_at` timestamp NULL DEFAULT NULL,
  `updated_at` timestamp NULL DEFAULT NULL
) ENGINE=InnoDB DEFAULT CHARSET=utf8mb4 COLLATE=utf8mb4_unicode_ci;

-- --------------------------------------------------------

--
-- Table structure for table `tracker_positions`
--

CREATE TABLE `tracker_positions` (
  `id` bigint(20) UNSIGNED NOT NULL,
  `point` point NOT NULL,
  `speed` decimal(6,2) NOT NULL,
  `direction` int(10) UNSIGNED NOT NULL,
  `signal` int(10) UNSIGNED NOT NULL,
  `date_at` datetime NOT NULL,
  `date_utc_at` datetime NOT NULL,
  `user_id` int(10) UNSIGNED NOT NULL,
  `city_id` bigint(20) UNSIGNED DEFAULT NULL,
  `device_id` bigint(20) UNSIGNED DEFAULT NULL,
  `trip_id` bigint(20) UNSIGNED NOT NULL,
  `vehicle_id` bigint(20) UNSIGNED NOT NULL,
  `latitude` varchar(191) DEFAULT NULL,
  `longitude` varchar(191) DEFAULT NULL,
  `created_at` timestamp NULL DEFAULT NULL,
  `updated_at` timestamp NULL DEFAULT NULL
) ENGINE=InnoDB DEFAULT CHARSET=utf8mb4 COLLATE=utf8mb4_unicode_ci;

-- --------------------------------------------------------

--
-- Table structure for table `tracker_states`
--

CREATE TABLE `tracker_states` (
  `id` bigint(20) UNSIGNED NOT NULL,
  `name` varchar(191) NOT NULL,
  `alias` longtext CHARACTER SET utf8mb4 COLLATE utf8mb4_bin DEFAULT NULL CHECK (json_valid(`alias`)),
  `created_at` timestamp NULL DEFAULT NULL,
  `updated_at` timestamp NULL DEFAULT NULL,
  `country_id` bigint(20) UNSIGNED NOT NULL
) ENGINE=InnoDB DEFAULT CHARSET=utf8mb4 COLLATE=utf8mb4_unicode_ci;

-- --------------------------------------------------------

--
-- Table structure for table `tracker_trip`
--

CREATE TABLE `tracker_trip` (
  `id` bigint(20) UNSIGNED NOT NULL,
  `code` varchar(191) DEFAULT NULL,
  `name` varchar(191) NOT NULL,
  `distance` int(10) UNSIGNED NOT NULL DEFAULT 0,
  `time` int(10) UNSIGNED NOT NULL DEFAULT 0,
  `stats` longtext CHARACTER SET utf8mb4 COLLATE utf8mb4_bin DEFAULT NULL CHECK (json_valid(`stats`)),
  `start_at` datetime NOT NULL,
  `start_utc_at` datetime NOT NULL,
  `end_at` datetime NOT NULL,
  `end_utc_at` datetime NOT NULL,
  `shared` tinyint(1) NOT NULL DEFAULT 0,
  `device_id` bigint(20) UNSIGNED DEFAULT NULL,
  `vehicle_id` bigint(20) UNSIGNED DEFAULT NULL,
  `user_id` bigint(20) UNSIGNED NOT NULL,
  `latitude` varchar(191) DEFAULT NULL,
  `longitude` varchar(191) DEFAULT NULL,
  `sort` varchar(191) DEFAULT NULL,
  `file` varchar(191) DEFAULT NULL,
  `customer_id` bigint(20) UNSIGNED DEFAULT NULL,
  `tracker_tripschedule_id` bigint(20) UNSIGNED DEFAULT NULL,
  `created_at` timestamp NULL DEFAULT NULL,
  `updated_at` timestamp NULL DEFAULT NULL
) ENGINE=InnoDB DEFAULT CHARSET=utf8mb4 COLLATE=utf8mb4_unicode_ci;

-- --------------------------------------------------------

--
-- Table structure for table `tracker_trip_schedules`
--

CREATE TABLE `tracker_trip_schedules` (
  `id` bigint(20) UNSIGNED NOT NULL,
  `title` varchar(191) NOT NULL,
  `start_date` datetime NOT NULL,
  `end_date` datetime NOT NULL,
  `run_now` tinyint(1) NOT NULL DEFAULT 0,
  `visit_period` longtext DEFAULT NULL,
  `visit_days` longtext DEFAULT NULL,
  `created_at` timestamp NULL DEFAULT NULL,
  `updated_at` timestamp NULL DEFAULT NULL
) ENGINE=InnoDB DEFAULT CHARSET=utf8mb4 COLLATE=utf8mb4_unicode_ci;

-- --------------------------------------------------------

--
-- Table structure for table `tracker_vehicle`
--

CREATE TABLE `tracker_vehicle` (
  `id` bigint(20) UNSIGNED NOT NULL,
  `name` varchar(191) NOT NULL,
  `plate` varchar(191) NOT NULL,
  `enabled` tinyint(1) NOT NULL DEFAULT 0,
  `user_id` bigint(20) UNSIGNED NOT NULL,
  `created_at` timestamp NULL DEFAULT NULL,
  `updated_at` timestamp NULL DEFAULT NULL
) ENGINE=InnoDB DEFAULT CHARSET=utf8mb4 COLLATE=utf8mb4_unicode_ci;

-- --------------------------------------------------------

--
-- Table structure for table `transaction_sell_lines`
--

CREATE TABLE `transaction_sell_lines` (
  `id` int(10) UNSIGNED NOT NULL,
  `transaction_id` int(10) UNSIGNED NOT NULL,
  `product_id` int(10) UNSIGNED NOT NULL,
  `variation_id` int(10) UNSIGNED NOT NULL,
  `quantity` decimal(22,4) NOT NULL DEFAULT 0.0000,
  `mfg_waste_percent` decimal(22,4) NOT NULL DEFAULT 0.0000,
  `mfg_ingredient_group_id` int(11) DEFAULT NULL,
  `secondary_unit_quantity` decimal(22,4) NOT NULL DEFAULT 0.0000,
  `quantity_returned` decimal(20,4) NOT NULL DEFAULT 0.0000,
  `unit_price_before_discount` decimal(22,4) NOT NULL DEFAULT 0.0000,
  `unit_price` decimal(22,4) DEFAULT NULL COMMENT 'Sell price excluding tax',
  `line_discount_type` enum('fixed','percentage') DEFAULT NULL,
  `line_discount_amount` decimal(22,4) NOT NULL DEFAULT 0.0000,
  `unit_price_inc_tax` decimal(22,4) DEFAULT NULL COMMENT 'Sell price including tax',
  `item_tax` decimal(22,4) NOT NULL COMMENT 'Tax for one quantity',
  `tax_id` int(10) UNSIGNED DEFAULT NULL,
  `discount_id` int(11) DEFAULT NULL,
  `lot_no_line_id` int(11) DEFAULT NULL,
  `sell_line_note` text DEFAULT NULL,
  `so_line_id` int(11) DEFAULT NULL,
  `so_quantity_invoiced` decimal(22,4) NOT NULL DEFAULT 0.0000,
  `res_service_staff_id` int(11) DEFAULT NULL,
  `res_line_order_status` varchar(191) DEFAULT NULL,
  `parent_sell_line_id` int(11) DEFAULT NULL,
  `children_type` varchar(191) NOT NULL DEFAULT '' COMMENT 'Type of children for the parent, like modifier or combo',
  `sub_unit_id` int(11) DEFAULT NULL,
  `created_at` timestamp NULL DEFAULT NULL,
  `updated_at` timestamp NULL DEFAULT NULL
) ENGINE=InnoDB DEFAULT CHARSET=utf8mb4 COLLATE=utf8mb4_unicode_ci;

--
-- Dumping data for table `transaction_sell_lines`
--

INSERT INTO `transaction_sell_lines` (`id`, `transaction_id`, `product_id`, `variation_id`, `quantity`, `mfg_waste_percent`, `mfg_ingredient_group_id`, `secondary_unit_quantity`, `quantity_returned`, `unit_price_before_discount`, `unit_price`, `line_discount_type`, `line_discount_amount`, `unit_price_inc_tax`, `item_tax`, `tax_id`, `discount_id`, `lot_no_line_id`, `sell_line_note`, `so_line_id`, `so_quantity_invoiced`, `res_service_staff_id`, `res_line_order_status`, `parent_sell_line_id`, `children_type`, `sub_unit_id`, `created_at`, `updated_at`) VALUES
(2, 10, 2, 2, 1.0000, 0.0000, NULL, 0.0000, 0.0000, 100.0000, 100.0000, 'fixed', 0.0000, 100.0000, 0.0000, NULL, NULL, NULL, '', NULL, 0.0000, NULL, NULL, NULL, '', NULL, '2025-06-26 00:56:16', '2025-06-26 00:56:16'),
(3, 14, 2, 2, 5.0000, 0.0000, NULL, 0.0000, 3.0000, 100.0000, 100.0000, 'fixed', 0.0000, 100.0000, 0.0000, NULL, NULL, NULL, '', NULL, 0.0000, NULL, NULL, NULL, '', NULL, '2025-06-29 00:56:19', '2025-06-29 07:18:04'),
(4, 4, 2, 2, 6.0000, 0.0000, NULL, 0.0000, 2.0000, 100.0000, 100.0000, 'fixed', 0.0000, 100.0000, 0.0000, NULL, NULL, NULL, '', NULL, 0.0000, NULL, NULL, NULL, '', NULL, '2025-06-29 07:15:52', '2025-06-29 07:16:55'),
(5, 17, 2, 2, 6.0000, 0.0000, NULL, 0.0000, 0.0000, 100.0000, 100.0000, 'fixed', 0.0000, 100.0000, 0.0000, NULL, NULL, NULL, '', NULL, 0.0000, NULL, NULL, NULL, '', NULL, '2025-07-01 00:48:09', '2025-07-01 00:49:17'),
(6, 18, 2, 2, 5.0000, 0.0000, NULL, 0.0000, 0.0000, 100.0000, 100.0000, 'fixed', 0.0000, 100.0000, 0.0000, NULL, NULL, NULL, '', NULL, 0.0000, NULL, NULL, NULL, '', NULL, '2025-07-01 00:48:52', '2025-07-01 00:48:52'),
(7, 19, 2, 2, 1.0000, 0.0000, NULL, 0.0000, 0.0000, 100.0000, 100.0000, 'fixed', 0.0000, 100.0000, 0.0000, NULL, NULL, NULL, '', NULL, 1.0000, NULL, NULL, NULL, '', NULL, '2025-07-01 23:37:00', '2025-07-02 00:03:54'),
(8, 19, 2, 2, 1.0000, 0.0000, NULL, 0.0000, 0.0000, 100.0000, 100.0000, 'fixed', 0.0000, 100.0000, 0.0000, NULL, NULL, NULL, '', NULL, 1.0000, NULL, NULL, NULL, '', NULL, '2025-07-01 23:37:00', '2025-07-02 00:03:54'),
(9, 19, 2, 2, 1.0000, 0.0000, NULL, 0.0000, 0.0000, 100.0000, 100.0000, 'fixed', 0.0000, 100.0000, 0.0000, NULL, NULL, NULL, '', NULL, 1.0000, NULL, NULL, NULL, '', NULL, '2025-07-01 23:37:00', '2025-07-02 00:03:54'),
(10, 19, 2, 2, 1.0000, 0.0000, NULL, 0.0000, 0.0000, 100.0000, 100.0000, 'fixed', 0.0000, 100.0000, 0.0000, NULL, NULL, NULL, '', NULL, 1.0000, NULL, NULL, NULL, '', NULL, '2025-07-01 23:37:00', '2025-07-02 00:03:54'),
(11, 19, 2, 2, 1.0000, 0.0000, NULL, 0.0000, 0.0000, 100.0000, 100.0000, 'fixed', 0.0000, 100.0000, 0.0000, NULL, NULL, NULL, '', NULL, 1.0000, NULL, NULL, NULL, '', NULL, '2025-07-01 23:37:00', '2025-07-02 00:03:54'),
(12, 20, 2, 2, 1.0000, 0.0000, NULL, 0.0000, 0.0000, 100.0000, 100.0000, 'fixed', 0.0000, 100.0000, 0.0000, NULL, NULL, NULL, '', NULL, 1.0000, NULL, NULL, NULL, '', NULL, '2025-07-01 23:46:48', '2025-07-02 00:03:54'),
(13, 20, 2, 2, 1.0000, 0.0000, NULL, 0.0000, 0.0000, 100.0000, 100.0000, 'fixed', 0.0000, 100.0000, 0.0000, NULL, NULL, NULL, '', NULL, 1.0000, NULL, NULL, NULL, '', NULL, '2025-07-01 23:46:48', '2025-07-02 00:03:54'),
(21, 23, 2, 2, 1.0000, 0.0000, NULL, 0.0000, 0.0000, 100.0000, 100.0000, 'fixed', 0.0000, 100.0000, 0.0000, NULL, NULL, NULL, '', 7, 0.0000, NULL, NULL, NULL, '', NULL, '2025-07-02 00:03:54', '2025-07-02 00:03:54'),
(22, 23, 2, 2, 1.0000, 0.0000, NULL, 0.0000, 0.0000, 100.0000, 100.0000, 'fixed', 0.0000, 100.0000, 0.0000, NULL, NULL, NULL, '', 8, 0.0000, NULL, NULL, NULL, '', NULL, '2025-07-02 00:03:54', '2025-07-02 00:03:54'),
(23, 23, 2, 2, 1.0000, 0.0000, NULL, 0.0000, 0.0000, 100.0000, 100.0000, 'fixed', 0.0000, 100.0000, 0.0000, NULL, NULL, NULL, '', 9, 0.0000, NULL, NULL, NULL, '', NULL, '2025-07-02 00:03:54', '2025-07-02 00:03:54'),
(24, 23, 2, 2, 1.0000, 0.0000, NULL, 0.0000, 0.0000, 100.0000, 100.0000, 'fixed', 0.0000, 100.0000, 0.0000, NULL, NULL, NULL, '', 10, 0.0000, NULL, NULL, NULL, '', NULL, '2025-07-02 00:03:54', '2025-07-02 00:03:54'),
(25, 23, 2, 2, 1.0000, 0.0000, NULL, 0.0000, 0.0000, 100.0000, 100.0000, 'fixed', 0.0000, 100.0000, 0.0000, NULL, NULL, NULL, '', 11, 0.0000, NULL, NULL, NULL, '', NULL, '2025-07-02 00:03:54', '2025-07-02 00:03:54'),
(26, 23, 2, 2, 1.0000, 0.0000, NULL, 0.0000, 0.0000, 100.0000, 100.0000, 'fixed', 0.0000, 100.0000, 0.0000, NULL, NULL, NULL, '', 12, 0.0000, NULL, NULL, NULL, '', NULL, '2025-07-02 00:03:54', '2025-07-02 00:03:54'),
(27, 23, 2, 2, 1.0000, 0.0000, NULL, 0.0000, 0.0000, 100.0000, 100.0000, 'fixed', 0.0000, 100.0000, 0.0000, NULL, NULL, NULL, '', 13, 0.0000, NULL, NULL, NULL, '', NULL, '2025-07-02 00:03:54', '2025-07-02 00:03:54'),
(28, 24, 2, 2, 2.0000, 0.0000, NULL, 0.0000, 0.0000, 100.0000, 100.0000, 'fixed', 0.0000, 100.0000, 0.0000, NULL, NULL, NULL, '', NULL, 0.0000, NULL, NULL, NULL, '', NULL, '2025-07-03 00:42:38', '2025-07-04 23:24:46'),
(29, 25, 2, 2, 3.0000, 0.0000, NULL, 0.0000, 0.0000, 100.0000, 100.0000, 'fixed', 0.0000, 100.0000, 0.0000, NULL, NULL, NULL, '', NULL, 0.0000, NULL, NULL, NULL, '', NULL, '2025-07-03 00:58:08', '2025-07-03 00:58:08'),
(30, 26, 2, 2, 3.0000, 0.0000, NULL, 0.0000, 0.0000, 100.0000, 100.0000, 'fixed', 0.0000, 100.0000, 0.0000, NULL, NULL, NULL, '', NULL, 0.0000, NULL, NULL, NULL, '', NULL, '2025-07-03 01:01:11', '2025-07-03 01:01:11'),
(31, 27, 2, 2, 1.0000, 0.0000, NULL, 0.0000, 0.0000, 100.0000, 100.0000, 'fixed', 0.0000, 100.0000, 0.0000, NULL, NULL, NULL, '', NULL, 0.0000, NULL, NULL, NULL, '', NULL, '2025-07-06 21:38:12', '2025-07-06 21:38:12');

-- --------------------------------------------------------

--
-- Table structure for table `transaction_sell_lines_purchase_lines`
--

CREATE TABLE `transaction_sell_lines_purchase_lines` (
  `id` int(10) UNSIGNED NOT NULL,
  `sell_line_id` int(10) UNSIGNED DEFAULT NULL COMMENT 'id from transaction_sell_lines',
  `stock_adjustment_line_id` int(10) UNSIGNED DEFAULT NULL COMMENT 'id from stock_adjustment_lines',
  `purchase_line_id` int(10) UNSIGNED NOT NULL COMMENT 'id from purchase_lines',
  `quantity` decimal(22,4) NOT NULL,
  `qty_returned` decimal(22,4) NOT NULL DEFAULT 0.0000,
  `created_at` timestamp NULL DEFAULT NULL,
  `updated_at` timestamp NULL DEFAULT NULL
) ENGINE=InnoDB DEFAULT CHARSET=utf8mb4 COLLATE=utf8mb4_unicode_ci;

--
-- Dumping data for table `transaction_sell_lines_purchase_lines`
--

INSERT INTO `transaction_sell_lines_purchase_lines` (`id`, `sell_line_id`, `stock_adjustment_line_id`, `purchase_line_id`, `quantity`, `qty_returned`, `created_at`, `updated_at`) VALUES
(1, 1, NULL, 1, 5.0000, 0.0000, '2025-06-25 22:19:27', '2025-06-25 22:19:27'),
(2, 3, NULL, 8, 5.0000, 3.0000, '2025-06-29 00:56:19', '2025-06-29 07:18:04'),
(3, 4, NULL, 8, 6.0000, 2.0000, '2025-06-29 07:15:52', '2025-06-29 07:16:55'),
(4, 5, NULL, 8, 6.0000, 0.0000, '2025-07-01 00:48:09', '2025-07-01 00:48:09'),
(5, 6, NULL, 8, 5.0000, 0.0000, '2025-07-01 00:48:52', '2025-07-01 00:48:52'),
(13, 21, NULL, 8, 1.0000, 0.0000, '2025-07-02 00:03:54', '2025-07-02 00:03:54'),
(14, 22, NULL, 8, 1.0000, 0.0000, '2025-07-02 00:03:54', '2025-07-02 00:03:54'),
(15, 23, NULL, 8, 1.0000, 0.0000, '2025-07-02 00:03:54', '2025-07-02 00:03:54'),
(16, 24, NULL, 8, 1.0000, 0.0000, '2025-07-02 00:03:54', '2025-07-02 00:03:54'),
(17, 25, NULL, 8, 1.0000, 0.0000, '2025-07-02 00:03:54', '2025-07-02 00:03:54'),
(18, 26, NULL, 8, 1.0000, 0.0000, '2025-07-02 00:03:54', '2025-07-02 00:03:54'),
(19, 27, NULL, 8, 1.0000, 0.0000, '2025-07-02 00:03:54', '2025-07-02 00:03:54'),
(20, 28, NULL, 8, 2.0000, 0.0000, '2025-07-03 00:42:38', '2025-07-03 00:42:38');

-- --------------------------------------------------------

--
-- Table structure for table `types_of_services`
--

CREATE TABLE `types_of_services` (
  `id` int(10) UNSIGNED NOT NULL,
  `name` varchar(191) NOT NULL,
  `description` text DEFAULT NULL,
  `business_id` int(11) NOT NULL,
  `location_price_group` text DEFAULT NULL,
  `packing_charge` decimal(22,4) DEFAULT NULL,
  `packing_charge_type` enum('fixed','percent') DEFAULT NULL,
  `enable_custom_fields` tinyint(1) NOT NULL DEFAULT 0,
  `created_at` timestamp NULL DEFAULT NULL,
  `updated_at` timestamp NULL DEFAULT NULL
) ENGINE=InnoDB DEFAULT CHARSET=utf8mb4 COLLATE=utf8mb4_unicode_ci;

-- --------------------------------------------------------

--
-- Table structure for table `units`
--

CREATE TABLE `units` (
  `id` int(10) UNSIGNED NOT NULL,
  `business_id` int(10) UNSIGNED NOT NULL,
  `actual_name` varchar(191) NOT NULL,
  `short_name` varchar(191) NOT NULL,
  `allow_decimal` tinyint(1) NOT NULL,
  `base_unit_id` int(11) DEFAULT NULL,
  `base_unit_multiplier` decimal(20,4) DEFAULT NULL,
  `created_by` int(10) UNSIGNED NOT NULL,
  `deleted_at` timestamp NULL DEFAULT NULL,
  `created_at` timestamp NULL DEFAULT NULL,
  `updated_at` timestamp NULL DEFAULT NULL
) ENGINE=InnoDB DEFAULT CHARSET=utf8mb4 COLLATE=utf8mb4_unicode_ci;

--
-- Dumping data for table `units`
--

INSERT INTO `units` (`id`, `business_id`, `actual_name`, `short_name`, `allow_decimal`, `base_unit_id`, `base_unit_multiplier`, `created_by`, `deleted_at`, `created_at`, `updated_at`) VALUES
(1, 1, 'Pieces', 'Pc(s)', 0, NULL, NULL, 1, NULL, '2018-01-03 13:15:20', '2018-01-03 13:15:20'),
(2, 1, 'Packets', 'packets', 0, NULL, NULL, 1, NULL, '2018-01-05 23:07:01', '2018-01-05 23:08:36'),
(3, 1, 'Grams', 'g', 1, NULL, NULL, 1, NULL, '2018-01-05 23:10:34', '2018-01-05 23:10:34');

-- --------------------------------------------------------

--
-- Table structure for table `user_contact_access`
--

CREATE TABLE `user_contact_access` (
  `id` int(10) UNSIGNED NOT NULL,
  `user_id` int(11) NOT NULL,
  `contact_id` int(11) NOT NULL
) ENGINE=InnoDB DEFAULT CHARSET=utf8mb4 COLLATE=utf8mb4_unicode_ci;

--
-- Dumping data for table `user_contact_access`
--

INSERT INTO `user_contact_access` (`id`, `user_id`, `contact_id`) VALUES
(1, 0, 1),
(2, 48, 2),
(3, 47, 3),
(4, 47, 4);

-- --------------------------------------------------------

--
-- Table structure for table `user_contact_allocates`
--

CREATE TABLE `user_contact_allocates` (
  `id` bigint(20) UNSIGNED NOT NULL,
  `user_id` bigint(20) UNSIGNED NOT NULL,
  `contact_id` int(10) UNSIGNED NOT NULL,
  `created_at` timestamp NULL DEFAULT NULL,
  `updated_at` timestamp NULL DEFAULT NULL
) ENGINE=InnoDB DEFAULT CHARSET=utf8mb4 COLLATE=utf8mb4_unicode_ci;

--
-- Dumping data for table `user_contact_allocates`
--

INSERT INTO `user_contact_allocates` (`id`, `user_id`, `contact_id`, `created_at`, `updated_at`) VALUES
(1, 1, 7, NULL, NULL),
(2, 1, 6, NULL, NULL),
(3, 43, 6, NULL, NULL),
(9, 1, 11, NULL, NULL),
(10, 1, 12, NULL, NULL),
(11, 42, 12, NULL, NULL),
(12, 43, 12, NULL, NULL),
(13, 1, 1, NULL, NULL),
(16, 1, 2, NULL, NULL),
(17, 48, 2, NULL, NULL),
(18, 47, 3, NULL, NULL),
(19, 1, 4, NULL, NULL),
(20, 47, 4, NULL, NULL);

-- --------------------------------------------------------

--
-- Table structure for table `user_product_allocates`
--

CREATE TABLE `user_product_allocates` (
  `id` bigint(20) UNSIGNED NOT NULL,
  `user_id` bigint(20) UNSIGNED NOT NULL,
  `product_id` bigint(20) UNSIGNED NOT NULL,
  `created_at` timestamp NULL DEFAULT NULL,
  `updated_at` timestamp NULL DEFAULT NULL
) ENGINE=InnoDB DEFAULT CHARSET=utf8mb4 COLLATE=utf8mb4_unicode_ci;

--
-- Dumping data for table `user_product_allocates`
--

INSERT INTO `user_product_allocates` (`id`, `user_id`, `product_id`, `created_at`, `updated_at`) VALUES
(1, 1, 9, NULL, NULL),
(3, 43, 9, NULL, NULL),
(4, 1, 1, NULL, NULL),
(6, 47, 1, NULL, NULL),
(7, 1, 2, NULL, NULL),
(8, 47, 2, NULL, NULL);

-- --------------------------------------------------------

--
-- Table structure for table `variations`
--

CREATE TABLE `variations` (
  `id` int(10) UNSIGNED NOT NULL,
  `name` varchar(191) NOT NULL,
  `product_id` int(10) UNSIGNED NOT NULL,
  `sub_sku` varchar(191) DEFAULT NULL,
  `product_variation_id` int(10) UNSIGNED NOT NULL,
  `variation_value_id` int(11) DEFAULT NULL,
  `default_purchase_price` decimal(22,4) DEFAULT NULL,
  `dpp_inc_tax` decimal(22,4) NOT NULL DEFAULT 0.0000,
  `profit_percent` decimal(22,4) NOT NULL DEFAULT 0.0000,
  `default_sell_price` decimal(22,4) DEFAULT NULL,
  `sell_price_inc_tax` decimal(22,4) DEFAULT NULL COMMENT 'Sell price including tax',
  `created_at` timestamp NULL DEFAULT NULL,
  `updated_at` timestamp NULL DEFAULT NULL,
  `deleted_at` timestamp NULL DEFAULT NULL,
  `combo_variations` text DEFAULT NULL COMMENT 'Contains the combo variation details'
) ENGINE=InnoDB DEFAULT CHARSET=utf8mb4 COLLATE=utf8mb4_unicode_ci;

--
-- Dumping data for table `variations`
--

INSERT INTO `variations` (`id`, `name`, `product_id`, `sub_sku`, `product_variation_id`, `variation_value_id`, `default_purchase_price`, `dpp_inc_tax`, `profit_percent`, `default_sell_price`, `sell_price_inc_tax`, `created_at`, `updated_at`, `deleted_at`, `combo_variations`) VALUES
(2, 'DUMMY', 2, 'AS0002', 2, NULL, 100.0000, 100.0000, 0.0000, 100.0000, 100.0000, '2025-06-26 00:21:36', '2025-06-26 00:21:36', NULL, '[]');

-- --------------------------------------------------------

--
-- Table structure for table `variation_group_prices`
--

CREATE TABLE `variation_group_prices` (
  `id` int(10) UNSIGNED NOT NULL,
  `variation_id` int(10) UNSIGNED NOT NULL,
  `price_group_id` int(10) UNSIGNED NOT NULL,
  `price_inc_tax` decimal(22,4) NOT NULL,
  `price_type` varchar(191) NOT NULL DEFAULT 'fixed',
  `created_at` timestamp NULL DEFAULT NULL,
  `updated_at` timestamp NULL DEFAULT NULL
) ENGINE=InnoDB DEFAULT CHARSET=utf8mb4 COLLATE=utf8mb4_unicode_ci;

-- --------------------------------------------------------

--
-- Table structure for table `variation_location_details`
--

CREATE TABLE `variation_location_details` (
  `id` int(10) UNSIGNED NOT NULL,
  `product_id` int(10) UNSIGNED NOT NULL,
  `product_variation_id` int(10) UNSIGNED NOT NULL COMMENT 'id from product_variations table',
  `variation_id` int(10) UNSIGNED NOT NULL,
  `location_id` int(10) UNSIGNED NOT NULL,
  `stock_id` bigint(20) UNSIGNED DEFAULT NULL,
  `qty_available` decimal(22,4) NOT NULL DEFAULT 0.0000,
  `created_at` timestamp NULL DEFAULT NULL,
  `updated_at` timestamp NULL DEFAULT NULL
) ENGINE=InnoDB DEFAULT CHARSET=utf8mb4 COLLATE=utf8mb4_unicode_ci;

--
-- Dumping data for table `variation_location_details`
--

INSERT INTO `variation_location_details` (`id`, `product_id`, `product_variation_id`, `variation_id`, `location_id`, `stock_id`, `qty_available`, `created_at`, `updated_at`) VALUES
(3, 2, 2, 2, 1, 1, 74.0000, '2025-06-26 00:37:04', '2025-07-03 00:42:38'),
(4, 2, 2, 2, 7, 3, 50.0000, '2025-06-26 00:37:04', '2025-06-26 01:40:03');

-- --------------------------------------------------------

--
-- Table structure for table `variation_templates`
--

CREATE TABLE `variation_templates` (
  `id` int(10) UNSIGNED NOT NULL,
  `name` varchar(191) NOT NULL,
  `business_id` int(10) UNSIGNED NOT NULL,
  `created_at` timestamp NULL DEFAULT NULL,
  `updated_at` timestamp NULL DEFAULT NULL
) ENGINE=InnoDB DEFAULT CHARSET=utf8mb4 COLLATE=utf8mb4_unicode_ci;

--
-- Dumping data for table `variation_templates`
--

INSERT INTO `variation_templates` (`id`, `name`, `business_id`, `created_at`, `updated_at`) VALUES
(1, 'Size (Tshirts)', 1, '2018-01-04 00:52:13', '2018-01-04 00:52:13'),
(2, 'Size (Shoes)', 1, '2018-01-04 00:53:21', '2018-01-04 00:53:21'),
(3, 'Waist Size (Jeans)', 1, '2018-01-04 00:54:34', '2018-01-04 00:54:34'),
(4, 'Color', 1, '2018-01-06 10:42:52', '2018-01-06 10:42:52'),
(5, 'Waist Size', 1, '2025-05-07 10:20:00', '2025-05-07 10:20:00'),
(6, 'Size', 1, '2025-05-07 10:20:00', '2025-05-07 10:20:00'),
(7, 'Internal Memory', 1, '2025-05-07 10:20:00', '2025-05-07 10:20:00'),
(8, 'Storage', 1, '2025-05-07 10:20:00', '2025-05-07 10:20:00');

-- --------------------------------------------------------

--
-- Table structure for table `variation_value_templates`
--

CREATE TABLE `variation_value_templates` (
  `id` int(10) UNSIGNED NOT NULL,
  `name` varchar(191) NOT NULL,
  `variation_template_id` int(10) UNSIGNED NOT NULL,
  `created_at` timestamp NULL DEFAULT NULL,
  `updated_at` timestamp NULL DEFAULT NULL
) ENGINE=InnoDB DEFAULT CHARSET=utf8mb4 COLLATE=utf8mb4_unicode_ci;

--
-- Dumping data for table `variation_value_templates`
--

INSERT INTO `variation_value_templates` (`id`, `name`, `variation_template_id`, `created_at`, `updated_at`) VALUES
(1, 'S', 1, '2018-01-04 00:52:13', '2018-01-04 00:52:13'),
(2, 'M', 1, '2018-01-04 00:52:13', '2018-01-04 00:52:13'),
(3, 'L', 1, '2018-01-04 00:52:13', '2018-01-04 00:52:13'),
(4, 'XL', 1, '2018-01-04 00:52:13', '2018-01-04 00:52:13'),
(5, '5', 2, '2018-01-04 00:53:21', '2018-01-04 00:53:21'),
(6, '6', 2, '2018-01-04 00:53:21', '2018-01-04 00:53:21'),
(7, '7', 2, '2018-01-04 00:53:21', '2018-01-04 00:53:21'),
(8, '8', 2, '2018-01-04 00:53:21', '2018-01-04 00:53:21'),
(9, '9', 2, '2018-01-04 00:53:21', '2018-01-04 00:53:21'),
(10, '28', 3, '2018-01-04 00:54:34', '2018-01-04 00:54:34'),
(11, '30', 3, '2018-01-04 00:54:34', '2018-01-04 00:54:34'),
(12, '32', 3, '2018-01-04 00:54:34', '2018-01-04 00:54:34'),
(13, '34', 3, '2018-01-04 00:54:35', '2018-01-04 00:54:35'),
(14, '36', 3, '2018-01-04 00:54:35', '2018-01-04 00:54:35'),
(16, 'Black', 4, '2018-01-06 10:43:17', '2018-01-06 10:43:17'),
(17, 'Blue', 4, '2018-01-06 10:43:17', '2018-01-06 10:43:17'),
(18, 'Brown', 4, '2018-01-06 10:43:17', '2018-01-06 10:43:17'),
(19, 'Grey', 4, '2018-01-06 10:43:17', '2018-01-06 10:43:17'),
(20, 'Gold', 4, '2018-01-06 10:43:17', '2018-01-06 10:43:17'),
(21, '28', 5, '2025-05-07 10:20:00', '2025-05-07 10:20:00'),
(22, '30', 5, '2025-05-07 10:20:00', '2025-05-07 10:20:00'),
(23, '32', 5, '2025-05-07 10:20:00', '2025-05-07 10:20:00'),
(24, '34', 5, '2025-05-07 10:20:00', '2025-05-07 10:20:00'),
(25, '36', 5, '2025-05-07 10:20:00', '2025-05-07 10:20:00'),
(26, 'S', 6, '2025-05-07 10:20:00', '2025-05-07 10:20:00'),
(27, 'M', 6, '2025-05-07 10:20:00', '2025-05-07 10:20:00'),
(28, 'L', 6, '2025-05-07 10:20:00', '2025-05-07 10:20:00'),
(29, 'XL', 6, '2025-05-07 10:20:00', '2025-05-07 10:20:00'),
(30, '6', 6, '2025-05-07 10:20:00', '2025-05-07 10:20:00'),
(31, '7', 6, '2025-05-07 10:20:00', '2025-05-07 10:20:00'),
(32, '8', 6, '2025-05-07 10:20:00', '2025-05-07 10:20:00'),
(33, '9', 6, '2025-05-07 10:20:00', '2025-05-07 10:20:00'),
(34, '5', 6, '2025-05-07 10:20:00', '2025-05-07 10:20:00'),
(35, 'Gray', 4, '2025-05-07 10:20:00', '2025-05-07 10:20:00'),
(36, '64 GB', 7, '2025-05-07 10:20:00', '2025-05-07 10:20:00'),
(37, '128 GB', 7, '2025-05-07 10:20:00', '2025-05-07 10:20:00'),
(38, 'White', 4, '2025-05-07 10:20:00', '2025-05-07 10:20:00'),
(39, '32 GB', 7, '2025-05-07 10:20:00', '2025-05-07 10:20:00'),
(40, '256 GB', 8, '2025-05-07 10:20:00', '2025-05-07 10:20:00'),
(41, '500 GB', 8, '2025-05-07 10:20:00', '2025-05-07 10:20:00');

-- --------------------------------------------------------

--
-- Table structure for table `warranties`
--

CREATE TABLE `warranties` (
  `id` int(10) UNSIGNED NOT NULL,
  `name` varchar(191) NOT NULL,
  `business_id` int(11) NOT NULL,
  `description` text DEFAULT NULL,
  `duration` int(11) NOT NULL,
  `duration_type` enum('days','months','years') NOT NULL,
  `created_at` timestamp NULL DEFAULT NULL,
  `updated_at` timestamp NULL DEFAULT NULL
) ENGINE=InnoDB DEFAULT CHARSET=utf8mb4 COLLATE=utf8mb4_unicode_ci;

--
-- Indexes for dumped tables
--

--
-- Indexes for table `accounting_accounts`
--
ALTER TABLE `accounting_accounts`
  ADD PRIMARY KEY (`id`);

--
-- Indexes for table `accounting_accounts_transactions`
--
ALTER TABLE `accounting_accounts_transactions`
  ADD PRIMARY KEY (`id`);

--
-- Indexes for table `accounting_account_types`
--
ALTER TABLE `accounting_account_types`
  ADD PRIMARY KEY (`id`);

--
-- Indexes for table `accounting_acc_trans_mappings`
--
ALTER TABLE `accounting_acc_trans_mappings`
  ADD PRIMARY KEY (`id`);

--
-- Indexes for table `accounting_budgets`
--
ALTER TABLE `accounting_budgets`
  ADD PRIMARY KEY (`id`);

--
-- Indexes for table `accounts`
--
ALTER TABLE `accounts`
  ADD PRIMARY KEY (`id`),
  ADD KEY `accounts_business_id_index` (`business_id`),
  ADD KEY `accounts_account_type_id_index` (`account_type_id`),
  ADD KEY `accounts_created_by_index` (`created_by`);

--
-- Indexes for table `account_transactions`
--
ALTER TABLE `account_transactions`
  ADD PRIMARY KEY (`id`),
  ADD KEY `account_transactions_account_id_index` (`account_id`),
  ADD KEY `account_transactions_transaction_id_index` (`transaction_id`),
  ADD KEY `account_transactions_transaction_payment_id_index` (`transaction_payment_id`),
  ADD KEY `account_transactions_transfer_transaction_id_index` (`transfer_transaction_id`),
  ADD KEY `account_transactions_created_by_index` (`created_by`),
  ADD KEY `account_transactions_type_index` (`type`),
  ADD KEY `account_transactions_sub_type_index` (`sub_type`),
  ADD KEY `account_transactions_operation_date_index` (`operation_date`);

--
-- Indexes for table `account_types`
--
ALTER TABLE `account_types`
  ADD PRIMARY KEY (`id`),
  ADD KEY `account_types_parent_account_type_id_index` (`parent_account_type_id`),
  ADD KEY `account_types_business_id_index` (`business_id`);

--
-- Indexes for table `activity_log`
--
ALTER TABLE `activity_log`
  ADD PRIMARY KEY (`id`),
  ADD KEY `activity_log_log_name_index` (`log_name`);

--
-- Indexes for table `assets`
--
ALTER TABLE `assets`
  ADD PRIMARY KEY (`id`),
  ADD KEY `assets_business_id_foreign` (`business_id`),
  ADD KEY `assets_category_id_foreign` (`category_id`),
  ADD KEY `assets_created_by_foreign` (`created_by`);

--
-- Indexes for table `asset_maintenances`
--
ALTER TABLE `asset_maintenances`
  ADD PRIMARY KEY (`id`),
  ADD KEY `asset_maintenances_business_id_index` (`business_id`),
  ADD KEY `asset_maintenances_asset_id_index` (`asset_id`),
  ADD KEY `asset_maintenances_status_index` (`status`),
  ADD KEY `asset_maintenances_priority_index` (`priority`),
  ADD KEY `asset_maintenances_created_by_index` (`created_by`),
  ADD KEY `asset_maintenances_assigned_to_index` (`assigned_to`);

--
-- Indexes for table `asset_transactions`
--
ALTER TABLE `asset_transactions`
  ADD PRIMARY KEY (`id`),
  ADD KEY `asset_transactions_business_id_foreign` (`business_id`),
  ADD KEY `asset_transactions_asset_id_foreign` (`asset_id`),
  ADD KEY `asset_transactions_receiver_foreign` (`receiver`),
  ADD KEY `asset_transactions_parent_id_foreign` (`parent_id`),
  ADD KEY `asset_transactions_created_by_foreign` (`created_by`);

--
-- Indexes for table `asset_warranties`
--
ALTER TABLE `asset_warranties`
  ADD PRIMARY KEY (`id`);

--
-- Indexes for table `barcodes`
--
ALTER TABLE `barcodes`
  ADD PRIMARY KEY (`id`),
  ADD KEY `barcodes_business_id_foreign` (`business_id`);

--
-- Indexes for table `bookings`
--
ALTER TABLE `bookings`
  ADD PRIMARY KEY (`id`),
  ADD KEY `bookings_contact_id_foreign` (`contact_id`),
  ADD KEY `bookings_business_id_foreign` (`business_id`),
  ADD KEY `bookings_created_by_foreign` (`created_by`),
  ADD KEY `bookings_table_id_index` (`table_id`),
  ADD KEY `bookings_waiter_id_index` (`waiter_id`),
  ADD KEY `bookings_location_id_index` (`location_id`),
  ADD KEY `bookings_booking_status_index` (`booking_status`),
  ADD KEY `bookings_correspondent_id_index` (`correspondent_id`);

--
-- Indexes for table `brands`
--
ALTER TABLE `brands`
  ADD PRIMARY KEY (`id`),
  ADD KEY `brands_business_id_foreign` (`business_id`),
  ADD KEY `brands_created_by_foreign` (`created_by`);

--
-- Indexes for table `business`
--
ALTER TABLE `business`
  ADD PRIMARY KEY (`id`),
  ADD KEY `business_owner_id_foreign` (`owner_id`),
  ADD KEY `business_currency_id_foreign` (`currency_id`),
  ADD KEY `business_default_sales_tax_foreign` (`default_sales_tax`);

--
-- Indexes for table `business_locations`
--
ALTER TABLE `business_locations`
  ADD PRIMARY KEY (`id`),
  ADD KEY `business_locations_business_id_index` (`business_id`),
  ADD KEY `business_locations_invoice_scheme_id_foreign` (`invoice_scheme_id`),
  ADD KEY `business_locations_invoice_layout_id_foreign` (`invoice_layout_id`),
  ADD KEY `business_locations_sale_invoice_layout_id_index` (`sale_invoice_layout_id`),
  ADD KEY `business_locations_selling_price_group_id_index` (`selling_price_group_id`),
  ADD KEY `business_locations_receipt_printer_type_index` (`receipt_printer_type`),
  ADD KEY `business_locations_printer_id_index` (`printer_id`);

--
-- Indexes for table `cash_denominations`
--
ALTER TABLE `cash_denominations`
  ADD PRIMARY KEY (`id`),
  ADD KEY `cash_denominations_model_type_model_id_index` (`model_type`,`model_id`);

--
-- Indexes for table `cash_registers`
--
ALTER TABLE `cash_registers`
  ADD PRIMARY KEY (`id`),
  ADD KEY `cash_registers_business_id_foreign` (`business_id`),
  ADD KEY `cash_registers_user_id_foreign` (`user_id`),
  ADD KEY `cash_registers_location_id_index` (`location_id`);

--
-- Indexes for table `cash_register_transactions`
--
ALTER TABLE `cash_register_transactions`
  ADD PRIMARY KEY (`id`),
  ADD KEY `cash_register_transactions_cash_register_id_foreign` (`cash_register_id`),
  ADD KEY `cash_register_transactions_transaction_id_index` (`transaction_id`),
  ADD KEY `cash_register_transactions_type_index` (`type`),
  ADD KEY `cash_register_transactions_transaction_type_index` (`transaction_type`);

--
-- Indexes for table `categories`
--
ALTER TABLE `categories`
  ADD PRIMARY KEY (`id`),
  ADD KEY `categories_business_id_foreign` (`business_id`),
  ADD KEY `categories_created_by_foreign` (`created_by`),
  ADD KEY `categories_parent_id_index` (`parent_id`);

--
-- Indexes for table `categorizables`
--
ALTER TABLE `categorizables`
  ADD KEY `categorizables_categorizable_type_categorizable_id_index` (`categorizable_type`,`categorizable_id`);

--
-- Indexes for table `contacts`
--
ALTER TABLE `contacts`
  ADD PRIMARY KEY (`id`),
  ADD KEY `contacts_business_id_foreign` (`business_id`),
  ADD KEY `contacts_created_by_foreign` (`created_by`),
  ADD KEY `contacts_type_index` (`type`),
  ADD KEY `contacts_contact_status_index` (`contact_status`),
  ADD KEY `contacts_crm_source_index` (`crm_source`),
  ADD KEY `contacts_crm_life_stage_index` (`crm_life_stage`),
  ADD KEY `contacts_converted_by_index` (`converted_by`);

--
-- Indexes for table `contact_tags`
--
ALTER TABLE `contact_tags`
  ADD PRIMARY KEY (`id`);

--
-- Indexes for table `crm_call_logs`
--
ALTER TABLE `crm_call_logs`
  ADD PRIMARY KEY (`id`),
  ADD KEY `crm_call_logs_business_id_index` (`business_id`),
  ADD KEY `crm_call_logs_user_id_index` (`user_id`),
  ADD KEY `crm_call_logs_contact_id_index` (`contact_id`),
  ADD KEY `crm_call_logs_created_by_index` (`created_by`);

--
-- Indexes for table `crm_campaigns`
--
ALTER TABLE `crm_campaigns`
  ADD PRIMARY KEY (`id`),
  ADD KEY `crm_campaigns_business_id_foreign` (`business_id`),
  ADD KEY `crm_campaigns_created_by_index` (`created_by`);

--
-- Indexes for table `crm_contact_person_commissions`
--
ALTER TABLE `crm_contact_person_commissions`
  ADD PRIMARY KEY (`id`);

--
-- Indexes for table `crm_lead_users`
--
ALTER TABLE `crm_lead_users`
  ADD PRIMARY KEY (`id`),
  ADD KEY `crm_lead_users_user_id_index` (`user_id`),
  ADD KEY `crm_lead_users_contact_id_index` (`contact_id`);

--
-- Indexes for table `crm_marketplaces`
--
ALTER TABLE `crm_marketplaces`
  ADD PRIMARY KEY (`id`);

--
-- Indexes for table `crm_proposals`
--
ALTER TABLE `crm_proposals`
  ADD PRIMARY KEY (`id`),
  ADD KEY `crm_proposals_business_id_foreign` (`business_id`),
  ADD KEY `crm_proposals_contact_id_foreign` (`contact_id`),
  ADD KEY `crm_proposals_sent_by_index` (`sent_by`);

--
-- Indexes for table `crm_proposal_templates`
--
ALTER TABLE `crm_proposal_templates`
  ADD PRIMARY KEY (`id`),
  ADD KEY `crm_proposal_templates_business_id_foreign` (`business_id`),
  ADD KEY `crm_proposal_templates_created_by_index` (`created_by`);

--
-- Indexes for table `crm_schedules`
--
ALTER TABLE `crm_schedules`
  ADD PRIMARY KEY (`id`),
  ADD KEY `crm_schedules_created_by_index` (`created_by`),
  ADD KEY `crm_schedules_business_id_index` (`business_id`),
  ADD KEY `crm_schedules_contact_id_index` (`contact_id`),
  ADD KEY `crm_schedules_schedule_type_index` (`schedule_type`),
  ADD KEY `crm_schedules_notify_type_index` (`notify_type`);

--
-- Indexes for table `crm_schedule_logs`
--
ALTER TABLE `crm_schedule_logs`
  ADD PRIMARY KEY (`id`),
  ADD KEY `crm_schedule_logs_schedule_id_foreign` (`schedule_id`),
  ADD KEY `crm_schedule_logs_created_by_index` (`created_by`);

--
-- Indexes for table `crm_schedule_users`
--
ALTER TABLE `crm_schedule_users`
  ADD PRIMARY KEY (`id`),
  ADD KEY `crm_schedule_users_schedule_id_foreign` (`schedule_id`),
  ADD KEY `crm_schedule_users_user_id_index` (`user_id`);

--
-- Indexes for table `currencies`
--
ALTER TABLE `currencies`
  ADD PRIMARY KEY (`id`);

--
-- Indexes for table `customer_groups`
--
ALTER TABLE `customer_groups`
  ADD PRIMARY KEY (`id`),
  ADD KEY `customer_groups_business_id_foreign` (`business_id`),
  ADD KEY `customer_groups_created_by_index` (`created_by`),
  ADD KEY `customer_groups_price_calculation_type_index` (`price_calculation_type`),
  ADD KEY `customer_groups_selling_price_group_id_index` (`selling_price_group_id`);

--
-- Indexes for table `dashboard_configurations`
--
ALTER TABLE `dashboard_configurations`
  ADD PRIMARY KEY (`id`),
  ADD KEY `dashboard_configurations_business_id_foreign` (`business_id`);

--
-- Indexes for table `discounts`
--
ALTER TABLE `discounts`
  ADD PRIMARY KEY (`id`),
  ADD KEY `discounts_business_id_index` (`business_id`),
  ADD KEY `discounts_brand_id_index` (`brand_id`),
  ADD KEY `discounts_category_id_index` (`category_id`),
  ADD KEY `discounts_location_id_index` (`location_id`),
  ADD KEY `discounts_priority_index` (`priority`),
  ADD KEY `discounts_spg_index` (`spg`);

--
-- Indexes for table `discount_variations`
--
ALTER TABLE `discount_variations`
  ADD KEY `discount_variations_discount_id_index` (`discount_id`),
  ADD KEY `discount_variations_variation_id_index` (`variation_id`);

--
-- Indexes for table `document_and_notes`
--
ALTER TABLE `document_and_notes`
  ADD PRIMARY KEY (`id`),
  ADD KEY `document_and_notes_business_id_index` (`business_id`),
  ADD KEY `document_and_notes_notable_id_index` (`notable_id`),
  ADD KEY `document_and_notes_created_by_index` (`created_by`);

--
-- Indexes for table `essentials_allowances_and_deductions`
--
ALTER TABLE `essentials_allowances_and_deductions`
  ADD PRIMARY KEY (`id`),
  ADD KEY `essentials_allowances_and_deductions_business_id_index` (`business_id`);

--
-- Indexes for table `essentials_attendances`
--
ALTER TABLE `essentials_attendances`
  ADD PRIMARY KEY (`id`),
  ADD KEY `essentials_attendances_user_id_index` (`user_id`),
  ADD KEY `essentials_attendances_business_id_index` (`business_id`),
  ADD KEY `essentials_attendances_essentials_shift_id_index` (`essentials_shift_id`);

--
-- Indexes for table `essentials_documents`
--
ALTER TABLE `essentials_documents`
  ADD PRIMARY KEY (`id`);

--
-- Indexes for table `essentials_document_shares`
--
ALTER TABLE `essentials_document_shares`
  ADD PRIMARY KEY (`id`),
  ADD KEY `essentials_document_shares_document_id_index` (`document_id`),
  ADD KEY `essentials_document_shares_value_type_index` (`value_type`);

--
-- Indexes for table `essentials_holidays`
--
ALTER TABLE `essentials_holidays`
  ADD PRIMARY KEY (`id`),
  ADD KEY `essentials_holidays_business_id_index` (`business_id`),
  ADD KEY `essentials_holidays_location_id_index` (`location_id`);

--
-- Indexes for table `essentials_kb`
--
ALTER TABLE `essentials_kb`
  ADD PRIMARY KEY (`id`),
  ADD KEY `essentials_kb_business_id_index` (`business_id`),
  ADD KEY `essentials_kb_parent_id_index` (`parent_id`),
  ADD KEY `essentials_kb_created_by_index` (`created_by`);

--
-- Indexes for table `essentials_kb_users`
--
ALTER TABLE `essentials_kb_users`
  ADD PRIMARY KEY (`id`),
  ADD KEY `essentials_kb_users_kb_id_index` (`kb_id`),
  ADD KEY `essentials_kb_users_user_id_index` (`user_id`);

--
-- Indexes for table `essentials_leaves`
--
ALTER TABLE `essentials_leaves`
  ADD PRIMARY KEY (`id`),
  ADD KEY `essentials_leaves_essentials_leave_type_id_index` (`essentials_leave_type_id`),
  ADD KEY `essentials_leaves_business_id_index` (`business_id`),
  ADD KEY `essentials_leaves_user_id_index` (`user_id`);

--
-- Indexes for table `essentials_leave_types`
--
ALTER TABLE `essentials_leave_types`
  ADD PRIMARY KEY (`id`),
  ADD KEY `essentials_leave_types_business_id_index` (`business_id`);

--
-- Indexes for table `essentials_messages`
--
ALTER TABLE `essentials_messages`
  ADD PRIMARY KEY (`id`),
  ADD KEY `essentials_messages_business_id_index` (`business_id`),
  ADD KEY `essentials_messages_user_id_index` (`user_id`),
  ADD KEY `essentials_messages_location_id_index` (`location_id`);

--
-- Indexes for table `essentials_payroll_groups`
--
ALTER TABLE `essentials_payroll_groups`
  ADD PRIMARY KEY (`id`);

--
-- Indexes for table `essentials_payroll_group_transactions`
--
ALTER TABLE `essentials_payroll_group_transactions`
  ADD KEY `essentials_payroll_group_transactions_payroll_group_id_foreign` (`payroll_group_id`);

--
-- Indexes for table `essentials_reminders`
--
ALTER TABLE `essentials_reminders`
  ADD PRIMARY KEY (`id`),
  ADD KEY `essentials_reminders_business_id_index` (`business_id`),
  ADD KEY `essentials_reminders_user_id_index` (`user_id`);

--
-- Indexes for table `essentials_shifts`
--
ALTER TABLE `essentials_shifts`
  ADD PRIMARY KEY (`id`),
  ADD KEY `essentials_shifts_type_index` (`type`),
  ADD KEY `essentials_shifts_business_id_index` (`business_id`);

--
-- Indexes for table `essentials_todo_comments`
--
ALTER TABLE `essentials_todo_comments`
  ADD PRIMARY KEY (`id`),
  ADD KEY `essentials_todo_comments_task_id_index` (`task_id`),
  ADD KEY `essentials_todo_comments_comment_by_index` (`comment_by`);

--
-- Indexes for table `essentials_to_dos`
--
ALTER TABLE `essentials_to_dos`
  ADD PRIMARY KEY (`id`),
  ADD KEY `essentials_to_dos_status_index` (`status`),
  ADD KEY `essentials_to_dos_priority_index` (`priority`),
  ADD KEY `essentials_to_dos_created_by_index` (`created_by`),
  ADD KEY `essentials_to_dos_business_id_index` (`business_id`),
  ADD KEY `essentials_to_dos_task_id_index` (`task_id`);

--
-- Indexes for table `essentials_user_allowance_and_deductions`
--
ALTER TABLE `essentials_user_allowance_and_deductions`
  ADD KEY `essentials_user_allowance_and_deductions_user_id_index` (`user_id`),
  ADD KEY `allow_deduct_index` (`allowance_deduction_id`);

--
-- Indexes for table `essentials_user_sales_targets`
--
ALTER TABLE `essentials_user_sales_targets`
  ADD PRIMARY KEY (`id`);

--
-- Indexes for table `essentials_user_shifts`
--
ALTER TABLE `essentials_user_shifts`
  ADD PRIMARY KEY (`id`),
  ADD KEY `essentials_user_shifts_user_id_index` (`user_id`),
  ADD KEY `essentials_user_shifts_essentials_shift_id_index` (`essentials_shift_id`);

--
-- Indexes for table `expense_categories`
--
ALTER TABLE `expense_categories`
  ADD PRIMARY KEY (`id`),
  ADD KEY `expense_categories_business_id_foreign` (`business_id`);

--
-- Indexes for table `group_sub_taxes`
--
ALTER TABLE `group_sub_taxes`
  ADD KEY `group_sub_taxes_group_tax_id_foreign` (`group_tax_id`),
  ADD KEY `group_sub_taxes_tax_id_foreign` (`tax_id`);

--
-- Indexes for table `invoice_layouts`
--
ALTER TABLE `invoice_layouts`
  ADD PRIMARY KEY (`id`),
  ADD KEY `invoice_layouts_business_id_foreign` (`business_id`);

--
-- Indexes for table `invoice_schemes`
--
ALTER TABLE `invoice_schemes`
  ADD PRIMARY KEY (`id`),
  ADD KEY `invoice_schemes_business_id_foreign` (`business_id`),
  ADD KEY `invoice_schemes_scheme_type_index` (`scheme_type`),
  ADD KEY `invoice_schemes_number_type_index` (`number_type`);

--
-- Indexes for table `media`
--
ALTER TABLE `media`
  ADD PRIMARY KEY (`id`),
  ADD KEY `media_model_type_model_id_index` (`model_type`,`model_id`),
  ADD KEY `media_business_id_index` (`business_id`),
  ADD KEY `media_uploaded_by_index` (`uploaded_by`);

--
-- Indexes for table `mfg_ingredient_groups`
--
ALTER TABLE `mfg_ingredient_groups`
  ADD PRIMARY KEY (`id`);

--
-- Indexes for table `mfg_recipes`
--
ALTER TABLE `mfg_recipes`
  ADD PRIMARY KEY (`id`),
  ADD KEY `mfg_recipes_product_id_index` (`product_id`),
  ADD KEY `mfg_recipes_variation_id_index` (`variation_id`);

--
-- Indexes for table `mfg_recipe_ingredients`
--
ALTER TABLE `mfg_recipe_ingredients`
  ADD PRIMARY KEY (`id`),
  ADD KEY `mfg_recipe_ingredients_mfg_recipe_id_index` (`mfg_recipe_id`),
  ADD KEY `mfg_recipe_ingredients_variation_id_index` (`variation_id`),
  ADD KEY `mfg_recipe_ingredients_sub_unit_id_index` (`sub_unit_id`);

--
-- Indexes for table `migrations`
--
ALTER TABLE `migrations`
  ADD PRIMARY KEY (`id`);

--
-- Indexes for table `model_has_permissions`
--
ALTER TABLE `model_has_permissions`
  ADD PRIMARY KEY (`permission_id`,`model_id`,`model_type`),
  ADD KEY `model_has_permissions_model_type_model_id_index` (`model_type`,`model_id`);

--
-- Indexes for table `model_has_roles`
--
ALTER TABLE `model_has_roles`
  ADD PRIMARY KEY (`role_id`,`model_id`,`model_type`),
  ADD KEY `model_has_roles_model_type_model_id_index` (`model_type`,`model_id`);

--
-- Indexes for table `notifications`
--
ALTER TABLE `notifications`
  ADD PRIMARY KEY (`id`),
  ADD KEY `notifications_notifiable_type_notifiable_id_index` (`notifiable_type`,`notifiable_id`);

--
-- Indexes for table `notification_templates`
--
ALTER TABLE `notification_templates`
  ADD PRIMARY KEY (`id`);

--
-- Indexes for table `oauth_auth_codes`
--
ALTER TABLE `oauth_auth_codes`
  ADD PRIMARY KEY (`id`);

--
-- Indexes for table `oauth_personal_access_clients`
--
ALTER TABLE `oauth_personal_access_clients`
  ADD PRIMARY KEY (`id`),
  ADD KEY `oauth_personal_access_clients_client_id_index` (`client_id`);

--
-- Indexes for table `packages`
--
ALTER TABLE `packages`
  ADD PRIMARY KEY (`id`);

--
-- Indexes for table `permissions`
--
ALTER TABLE `permissions`
  ADD PRIMARY KEY (`id`);

--
-- Indexes for table `pjt_invoice_lines`
--
ALTER TABLE `pjt_invoice_lines`
  ADD PRIMARY KEY (`id`),
  ADD KEY `pjt_invoice_lines_transaction_id_foreign` (`transaction_id`),
  ADD KEY `pjt_invoice_lines_tax_rate_id_index` (`tax_rate_id`);

--
-- Indexes for table `pjt_projects`
--
ALTER TABLE `pjt_projects`
  ADD PRIMARY KEY (`id`),
  ADD KEY `pjt_projects_business_id_index` (`business_id`),
  ADD KEY `pjt_projects_contact_id_index` (`contact_id`),
  ADD KEY `pjt_projects_lead_id_index` (`lead_id`),
  ADD KEY `pjt_projects_created_by_index` (`created_by`);

--
-- Indexes for table `pjt_project_members`
--
ALTER TABLE `pjt_project_members`
  ADD PRIMARY KEY (`id`),
  ADD KEY `pjt_project_members_project_id_foreign` (`project_id`),
  ADD KEY `pjt_project_members_user_id_index` (`user_id`);

--
-- Indexes for table `pjt_project_tasks`
--
ALTER TABLE `pjt_project_tasks`
  ADD PRIMARY KEY (`id`),
  ADD KEY `pjt_project_tasks_project_id_foreign` (`project_id`),
  ADD KEY `pjt_project_tasks_business_id_index` (`business_id`),
  ADD KEY `pjt_project_tasks_created_by_index` (`created_by`);

--
-- Indexes for table `pjt_project_task_comments`
--
ALTER TABLE `pjt_project_task_comments`
  ADD PRIMARY KEY (`id`),
  ADD KEY `pjt_project_task_comments_project_task_id_foreign` (`project_task_id`);

--
-- Indexes for table `pjt_project_task_members`
--
ALTER TABLE `pjt_project_task_members`
  ADD PRIMARY KEY (`id`),
  ADD KEY `pjt_project_task_members_project_task_id_foreign` (`project_task_id`),
  ADD KEY `pjt_project_task_members_user_id_index` (`user_id`);

--
-- Indexes for table `pjt_project_time_logs`
--
ALTER TABLE `pjt_project_time_logs`
  ADD PRIMARY KEY (`id`),
  ADD KEY `pjt_project_time_logs_project_id_foreign` (`project_id`),
  ADD KEY `pjt_project_time_logs_project_task_id_foreign` (`project_task_id`),
  ADD KEY `pjt_project_time_logs_user_id_index` (`user_id`),
  ADD KEY `pjt_project_time_logs_created_by_index` (`created_by`);

--
-- Indexes for table `printers`
--
ALTER TABLE `printers`
  ADD PRIMARY KEY (`id`),
  ADD KEY `printers_business_id_foreign` (`business_id`);

--
-- Indexes for table `products`
--
ALTER TABLE `products`
  ADD PRIMARY KEY (`id`),
  ADD KEY `products_brand_id_foreign` (`brand_id`),
  ADD KEY `products_category_id_foreign` (`category_id`),
  ADD KEY `products_sub_category_id_foreign` (`sub_category_id`),
  ADD KEY `products_tax_foreign` (`tax`),
  ADD KEY `products_name_index` (`name`),
  ADD KEY `products_business_id_index` (`business_id`),
  ADD KEY `products_unit_id_index` (`unit_id`),
  ADD KEY `products_created_by_index` (`created_by`),
  ADD KEY `products_warranty_id_index` (`warranty_id`),
  ADD KEY `products_type_index` (`type`),
  ADD KEY `products_tax_type_index` (`tax_type`),
  ADD KEY `products_barcode_type_index` (`barcode_type`),
  ADD KEY `products_secondary_unit_id_index` (`secondary_unit_id`);

--
-- Indexes for table `product_locations`
--
ALTER TABLE `product_locations`
  ADD KEY `product_locations_product_id_index` (`product_id`),
  ADD KEY `product_locations_location_id_index` (`location_id`);

--
-- Indexes for table `product_racks`
--
ALTER TABLE `product_racks`
  ADD PRIMARY KEY (`id`),
  ADD KEY `product_racks_business_id_index` (`business_id`),
  ADD KEY `product_racks_location_id_index` (`location_id`),
  ADD KEY `product_racks_product_id_index` (`product_id`);

--
-- Indexes for table `product_variations`
--
ALTER TABLE `product_variations`
  ADD PRIMARY KEY (`id`),
  ADD KEY `product_variations_name_index` (`name`),
  ADD KEY `product_variations_product_id_index` (`product_id`);

--
-- Indexes for table `purchase_lines`
--
ALTER TABLE `purchase_lines`
  ADD PRIMARY KEY (`id`),
  ADD KEY `purchase_lines_transaction_id_foreign` (`transaction_id`),
  ADD KEY `purchase_lines_product_id_foreign` (`product_id`),
  ADD KEY `purchase_lines_variation_id_foreign` (`variation_id`),
  ADD KEY `purchase_lines_tax_id_foreign` (`tax_id`),
  ADD KEY `purchase_lines_sub_unit_id_index` (`sub_unit_id`),
  ADD KEY `purchase_lines_lot_number_index` (`lot_number`);

--
-- Indexes for table `reference_counts`
--
ALTER TABLE `reference_counts`
  ADD PRIMARY KEY (`id`),
  ADD KEY `reference_counts_business_id_index` (`business_id`);

--
-- Indexes for table `res_product_modifier_sets`
--
ALTER TABLE `res_product_modifier_sets`
  ADD KEY `res_product_modifier_sets_modifier_set_id_foreign` (`modifier_set_id`);

--
-- Indexes for table `res_tables`
--
ALTER TABLE `res_tables`
  ADD PRIMARY KEY (`id`),
  ADD KEY `res_tables_business_id_foreign` (`business_id`);

--
-- Indexes for table `roles`
--
ALTER TABLE `roles`
  ADD PRIMARY KEY (`id`),
  ADD KEY `roles_business_id_foreign` (`business_id`);

--
-- Indexes for table `role_has_permissions`
--
ALTER TABLE `role_has_permissions`
  ADD PRIMARY KEY (`permission_id`,`role_id`),
  ADD KEY `role_has_permissions_role_id_foreign` (`role_id`);

--
-- Indexes for table `selling_price_groups`
--
ALTER TABLE `selling_price_groups`
  ADD PRIMARY KEY (`id`),
  ADD KEY `selling_price_groups_business_id_foreign` (`business_id`);

--
-- Indexes for table `sessions`
--
ALTER TABLE `sessions`
  ADD UNIQUE KEY `sessions_id_unique` (`id`);

--
-- Indexes for table `sheet_spreadsheets`
--
ALTER TABLE `sheet_spreadsheets`
  ADD PRIMARY KEY (`id`),
  ADD KEY `sheet_spreadsheets_business_id_foreign` (`business_id`),
  ADD KEY `sheet_spreadsheets_created_by_index` (`created_by`);

--
-- Indexes for table `sheet_spreadsheet_shares`
--
ALTER TABLE `sheet_spreadsheet_shares`
  ADD PRIMARY KEY (`id`),
  ADD KEY `sheet_spreadsheet_shares_sheet_spreadsheet_id_foreign` (`sheet_spreadsheet_id`),
  ADD KEY `sheet_spreadsheet_shares_shared_with_index` (`shared_with`),
  ADD KEY `sheet_spreadsheet_shares_shared_id_index` (`shared_id`);

--
-- Indexes for table `stocks`
--
ALTER TABLE `stocks`
  ADD PRIMARY KEY (`id`),
  ADD KEY `stocks_location_id_foreign` (`location_id`);

--
-- Indexes for table `stock_adjustment_lines`
--
ALTER TABLE `stock_adjustment_lines`
  ADD PRIMARY KEY (`id`),
  ADD KEY `stock_adjustment_lines_product_id_foreign` (`product_id`),
  ADD KEY `stock_adjustment_lines_variation_id_foreign` (`variation_id`),
  ADD KEY `stock_adjustment_lines_transaction_id_index` (`transaction_id`),
  ADD KEY `stock_adjustment_lines_lot_no_line_id_index` (`lot_no_line_id`);

--
-- Indexes for table `subscriptions`
--
ALTER TABLE `subscriptions`
  ADD PRIMARY KEY (`id`),
  ADD KEY `subscriptions_business_id_foreign` (`business_id`);

--
-- Indexes for table `superadmin_communicator_logs`
--
ALTER TABLE `superadmin_communicator_logs`
  ADD PRIMARY KEY (`id`);

--
-- Indexes for table `superadmin_coupons`
--
ALTER TABLE `superadmin_coupons`
  ADD PRIMARY KEY (`id`);

--
-- Indexes for table `superadmin_frontend_pages`
--
ALTER TABLE `superadmin_frontend_pages`
  ADD PRIMARY KEY (`id`);

--
-- Indexes for table `tags`
--
ALTER TABLE `tags`
  ADD PRIMARY KEY (`id`);

--
-- Indexes for table `tax_rates`
--
ALTER TABLE `tax_rates`
  ADD PRIMARY KEY (`id`),
  ADD KEY `tax_rates_business_id_foreign` (`business_id`),
  ADD KEY `tax_rates_created_by_foreign` (`created_by`);

--
-- Indexes for table `tracker_cities`
--
ALTER TABLE `tracker_cities`
  ADD PRIMARY KEY (`id`),
  ADD KEY `tracker_cities_country_id_foreign` (`country_id`),
  ADD KEY `tracker_cities_state_id_foreign` (`state_id`);

--
-- Indexes for table `tracker_countries`
--
ALTER TABLE `tracker_countries`
  ADD PRIMARY KEY (`id`);

--
-- Indexes for table `tracker_positions`
--
ALTER TABLE `tracker_positions`
  ADD PRIMARY KEY (`id`),
  ADD KEY `tracker_positions_city_id_foreign` (`city_id`),
  ADD KEY `tracker_positions_device_id_foreign` (`device_id`),
  ADD KEY `tracker_positions_trip_id_foreign` (`trip_id`),
  ADD KEY `tracker_positions_vehicle_id_foreign` (`vehicle_id`);

--
-- Indexes for table `tracker_states`
--
ALTER TABLE `tracker_states`
  ADD PRIMARY KEY (`id`),
  ADD KEY `tracker_states_country_id_foreign` (`country_id`);

--
-- Indexes for table `tracker_trip`
--
ALTER TABLE `tracker_trip`
  ADD PRIMARY KEY (`id`),
  ADD KEY `tracker_trip_device_id_foreign` (`device_id`),
  ADD KEY `tracker_trip_vehicle_id_foreign` (`vehicle_id`);

--
-- Indexes for table `tracker_trip_schedules`
--
ALTER TABLE `tracker_trip_schedules`
  ADD PRIMARY KEY (`id`);

--
-- Indexes for table `tracker_vehicle`
--
ALTER TABLE `tracker_vehicle`
  ADD PRIMARY KEY (`id`);

--
-- Indexes for table `transaction_sell_lines`
--
ALTER TABLE `transaction_sell_lines`
  ADD PRIMARY KEY (`id`),
  ADD KEY `transaction_sell_lines_transaction_id_foreign` (`transaction_id`),
  ADD KEY `transaction_sell_lines_product_id_foreign` (`product_id`),
  ADD KEY `transaction_sell_lines_variation_id_foreign` (`variation_id`),
  ADD KEY `transaction_sell_lines_tax_id_foreign` (`tax_id`),
  ADD KEY `transaction_sell_lines_children_type_index` (`children_type`),
  ADD KEY `transaction_sell_lines_parent_sell_line_id_index` (`parent_sell_line_id`),
  ADD KEY `transaction_sell_lines_line_discount_type_index` (`line_discount_type`),
  ADD KEY `transaction_sell_lines_discount_id_index` (`discount_id`),
  ADD KEY `transaction_sell_lines_lot_no_line_id_index` (`lot_no_line_id`),
  ADD KEY `transaction_sell_lines_sub_unit_id_index` (`sub_unit_id`);

--
-- Indexes for table `transaction_sell_lines_purchase_lines`
--
ALTER TABLE `transaction_sell_lines_purchase_lines`
  ADD PRIMARY KEY (`id`),
  ADD KEY `sell_line_id` (`sell_line_id`),
  ADD KEY `stock_adjustment_line_id` (`stock_adjustment_line_id`),
  ADD KEY `purchase_line_id` (`purchase_line_id`);

--
-- Indexes for table `types_of_services`
--
ALTER TABLE `types_of_services`
  ADD PRIMARY KEY (`id`),
  ADD KEY `types_of_services_business_id_index` (`business_id`);

--
-- Indexes for table `units`
--
ALTER TABLE `units`
  ADD PRIMARY KEY (`id`),
  ADD KEY `units_business_id_foreign` (`business_id`),
  ADD KEY `units_created_by_foreign` (`created_by`),
  ADD KEY `units_base_unit_id_index` (`base_unit_id`);

--
-- Indexes for table `user_contact_access`
--
ALTER TABLE `user_contact_access`
  ADD PRIMARY KEY (`id`),
  ADD KEY `user_contact_access_user_id_index` (`user_id`),
  ADD KEY `user_contact_access_contact_id_index` (`contact_id`);

--
-- Indexes for table `user_contact_allocates`
--
ALTER TABLE `user_contact_allocates`
  ADD PRIMARY KEY (`id`);

--
-- Indexes for table `user_product_allocates`
--
ALTER TABLE `user_product_allocates`
  ADD PRIMARY KEY (`id`);

--
-- Indexes for table `variations`
--
ALTER TABLE `variations`
  ADD PRIMARY KEY (`id`),
  ADD KEY `variations_product_id_foreign` (`product_id`),
  ADD KEY `variations_product_variation_id_foreign` (`product_variation_id`),
  ADD KEY `variations_name_index` (`name`),
  ADD KEY `variations_sub_sku_index` (`sub_sku`),
  ADD KEY `variations_variation_value_id_index` (`variation_value_id`);

--
-- Indexes for table `variation_group_prices`
--
ALTER TABLE `variation_group_prices`
  ADD PRIMARY KEY (`id`),
  ADD KEY `variation_group_prices_variation_id_foreign` (`variation_id`),
  ADD KEY `variation_group_prices_price_group_id_foreign` (`price_group_id`);

--
-- Indexes for table `variation_location_details`
--
ALTER TABLE `variation_location_details`
  ADD PRIMARY KEY (`id`),
  ADD KEY `variation_location_details_location_id_foreign` (`location_id`),
  ADD KEY `variation_location_details_product_id_index` (`product_id`),
  ADD KEY `variation_location_details_product_variation_id_index` (`product_variation_id`),
  ADD KEY `variation_location_details_variation_id_index` (`variation_id`);

--
-- Indexes for table `variation_templates`
--
ALTER TABLE `variation_templates`
  ADD PRIMARY KEY (`id`),
  ADD KEY `variation_templates_business_id_foreign` (`business_id`);

--
-- Indexes for table `variation_value_templates`
--
ALTER TABLE `variation_value_templates`
  ADD PRIMARY KEY (`id`),
  ADD KEY `variation_value_templates_name_index` (`name`),
  ADD KEY `variation_value_templates_variation_template_id_index` (`variation_template_id`);

--
-- Indexes for table `warranties`
--
ALTER TABLE `warranties`
  ADD PRIMARY KEY (`id`),
  ADD KEY `warranties_business_id_index` (`business_id`),
  ADD KEY `warranties_duration_type_index` (`duration_type`);

--
-- AUTO_INCREMENT for dumped tables
--

--
-- AUTO_INCREMENT for table `accounting_accounts`
--
ALTER TABLE `accounting_accounts`
  MODIFY `id` bigint(20) UNSIGNED NOT NULL AUTO_INCREMENT, AUTO_INCREMENT=103;

--
-- AUTO_INCREMENT for table `accounting_accounts_transactions`
--
ALTER TABLE `accounting_accounts_transactions`
  MODIFY `id` bigint(20) UNSIGNED NOT NULL AUTO_INCREMENT, AUTO_INCREMENT=83;

--
-- AUTO_INCREMENT for table `accounting_account_types`
--
ALTER TABLE `accounting_account_types`
  MODIFY `id` bigint(20) UNSIGNED NOT NULL AUTO_INCREMENT, AUTO_INCREMENT=19;

--
-- AUTO_INCREMENT for table `accounting_acc_trans_mappings`
--
ALTER TABLE `accounting_acc_trans_mappings`
  MODIFY `id` bigint(20) UNSIGNED NOT NULL AUTO_INCREMENT;

--
-- AUTO_INCREMENT for table `accounting_budgets`
--
ALTER TABLE `accounting_budgets`
  MODIFY `id` bigint(20) UNSIGNED NOT NULL AUTO_INCREMENT;

--
-- AUTO_INCREMENT for table `accounts`
--
ALTER TABLE `accounts`
  MODIFY `id` int(10) UNSIGNED NOT NULL AUTO_INCREMENT, AUTO_INCREMENT=3;

--
-- AUTO_INCREMENT for table `account_transactions`
--
ALTER TABLE `account_transactions`
  MODIFY `id` int(10) UNSIGNED NOT NULL AUTO_INCREMENT, AUTO_INCREMENT=20;

--
-- AUTO_INCREMENT for table `account_types`
--
ALTER TABLE `account_types`
  MODIFY `id` int(10) UNSIGNED NOT NULL AUTO_INCREMENT;

--
-- AUTO_INCREMENT for table `activity_log`
--
ALTER TABLE `activity_log`
  MODIFY `id` int(10) UNSIGNED NOT NULL AUTO_INCREMENT, AUTO_INCREMENT=109;

--
-- AUTO_INCREMENT for table `assets`
--
ALTER TABLE `assets`
  MODIFY `id` int(10) UNSIGNED NOT NULL AUTO_INCREMENT;

--
-- AUTO_INCREMENT for table `asset_maintenances`
--
ALTER TABLE `asset_maintenances`
  MODIFY `id` bigint(20) UNSIGNED NOT NULL AUTO_INCREMENT;

--
-- AUTO_INCREMENT for table `asset_transactions`
--
ALTER TABLE `asset_transactions`
  MODIFY `id` int(10) UNSIGNED NOT NULL AUTO_INCREMENT;

--
-- AUTO_INCREMENT for table `asset_warranties`
--
ALTER TABLE `asset_warranties`
  MODIFY `id` bigint(20) UNSIGNED NOT NULL AUTO_INCREMENT;

--
-- AUTO_INCREMENT for table `barcodes`
--
ALTER TABLE `barcodes`
  MODIFY `id` int(10) UNSIGNED NOT NULL AUTO_INCREMENT, AUTO_INCREMENT=7;

--
-- AUTO_INCREMENT for table `bookings`
--
ALTER TABLE `bookings`
  MODIFY `id` int(10) UNSIGNED NOT NULL AUTO_INCREMENT;

--
-- AUTO_INCREMENT for table `brands`
--
ALTER TABLE `brands`
  MODIFY `id` int(10) UNSIGNED NOT NULL AUTO_INCREMENT, AUTO_INCREMENT=26;

--
-- AUTO_INCREMENT for table `business`
--
ALTER TABLE `business`
  MODIFY `id` int(10) UNSIGNED NOT NULL AUTO_INCREMENT, AUTO_INCREMENT=7;

--
-- AUTO_INCREMENT for table `business_locations`
--
ALTER TABLE `business_locations`
  MODIFY `id` int(10) UNSIGNED NOT NULL AUTO_INCREMENT, AUTO_INCREMENT=8;

--
-- AUTO_INCREMENT for table `cash_denominations`
--
ALTER TABLE `cash_denominations`
  MODIFY `id` bigint(20) UNSIGNED NOT NULL AUTO_INCREMENT;

--
-- AUTO_INCREMENT for table `cash_registers`
--
ALTER TABLE `cash_registers`
  MODIFY `id` int(10) UNSIGNED NOT NULL AUTO_INCREMENT, AUTO_INCREMENT=4;

--
-- AUTO_INCREMENT for table `cash_register_transactions`
--
ALTER TABLE `cash_register_transactions`
  MODIFY `id` int(10) UNSIGNED NOT NULL AUTO_INCREMENT;

--
-- AUTO_INCREMENT for table `categories`
--
ALTER TABLE `categories`
  MODIFY `id` int(10) UNSIGNED NOT NULL AUTO_INCREMENT, AUTO_INCREMENT=49;

--
-- AUTO_INCREMENT for table `contacts`
--
ALTER TABLE `contacts`
  MODIFY `id` int(10) UNSIGNED NOT NULL AUTO_INCREMENT, AUTO_INCREMENT=5;

--
-- AUTO_INCREMENT for table `contact_tags`
--
ALTER TABLE `contact_tags`
  MODIFY `id` bigint(20) UNSIGNED NOT NULL AUTO_INCREMENT, AUTO_INCREMENT=14;

--
-- AUTO_INCREMENT for table `crm_call_logs`
--
ALTER TABLE `crm_call_logs`
  MODIFY `id` bigint(20) UNSIGNED NOT NULL AUTO_INCREMENT;

--
-- AUTO_INCREMENT for table `crm_campaigns`
--
ALTER TABLE `crm_campaigns`
  MODIFY `id` bigint(20) UNSIGNED NOT NULL AUTO_INCREMENT;

--
-- AUTO_INCREMENT for table `crm_contact_person_commissions`
--
ALTER TABLE `crm_contact_person_commissions`
  MODIFY `id` bigint(20) UNSIGNED NOT NULL AUTO_INCREMENT;

--
-- AUTO_INCREMENT for table `crm_lead_users`
--
ALTER TABLE `crm_lead_users`
  MODIFY `id` bigint(20) UNSIGNED NOT NULL AUTO_INCREMENT;

--
-- AUTO_INCREMENT for table `crm_marketplaces`
--
ALTER TABLE `crm_marketplaces`
  MODIFY `id` bigint(20) UNSIGNED NOT NULL AUTO_INCREMENT;

--
-- AUTO_INCREMENT for table `crm_proposals`
--
ALTER TABLE `crm_proposals`
  MODIFY `id` bigint(20) UNSIGNED NOT NULL AUTO_INCREMENT;

--
-- AUTO_INCREMENT for table `crm_proposal_templates`
--
ALTER TABLE `crm_proposal_templates`
  MODIFY `id` bigint(20) UNSIGNED NOT NULL AUTO_INCREMENT;

--
-- AUTO_INCREMENT for table `crm_schedules`
--
ALTER TABLE `crm_schedules`
  MODIFY `id` bigint(20) UNSIGNED NOT NULL AUTO_INCREMENT;

--
-- AUTO_INCREMENT for table `crm_schedule_logs`
--
ALTER TABLE `crm_schedule_logs`
  MODIFY `id` bigint(20) UNSIGNED NOT NULL AUTO_INCREMENT;

--
-- AUTO_INCREMENT for table `crm_schedule_users`
--
ALTER TABLE `crm_schedule_users`
  MODIFY `id` bigint(20) UNSIGNED NOT NULL AUTO_INCREMENT;

--
-- AUTO_INCREMENT for table `currencies`
--
ALTER TABLE `currencies`
  MODIFY `id` int(10) UNSIGNED NOT NULL AUTO_INCREMENT, AUTO_INCREMENT=142;

--
-- AUTO_INCREMENT for table `customer_groups`
--
ALTER TABLE `customer_groups`
  MODIFY `id` int(10) UNSIGNED NOT NULL AUTO_INCREMENT, AUTO_INCREMENT=2;

--
-- AUTO_INCREMENT for table `dashboard_configurations`
--
ALTER TABLE `dashboard_configurations`
  MODIFY `id` int(10) UNSIGNED NOT NULL AUTO_INCREMENT;

--
-- AUTO_INCREMENT for table `discounts`
--
ALTER TABLE `discounts`
  MODIFY `id` int(10) UNSIGNED NOT NULL AUTO_INCREMENT;

--
-- AUTO_INCREMENT for table `document_and_notes`
--
ALTER TABLE `document_and_notes`
  MODIFY `id` int(10) UNSIGNED NOT NULL AUTO_INCREMENT;

--
-- AUTO_INCREMENT for table `essentials_allowances_and_deductions`
--
ALTER TABLE `essentials_allowances_and_deductions`
  MODIFY `id` int(10) UNSIGNED NOT NULL AUTO_INCREMENT;

--
-- AUTO_INCREMENT for table `essentials_attendances`
--
ALTER TABLE `essentials_attendances`
  MODIFY `id` int(10) UNSIGNED NOT NULL AUTO_INCREMENT;

--
-- AUTO_INCREMENT for table `essentials_documents`
--
ALTER TABLE `essentials_documents`
  MODIFY `id` int(10) UNSIGNED NOT NULL AUTO_INCREMENT;

--
-- AUTO_INCREMENT for table `essentials_document_shares`
--
ALTER TABLE `essentials_document_shares`
  MODIFY `id` int(10) UNSIGNED NOT NULL AUTO_INCREMENT;

--
-- AUTO_INCREMENT for table `essentials_holidays`
--
ALTER TABLE `essentials_holidays`
  MODIFY `id` int(10) UNSIGNED NOT NULL AUTO_INCREMENT;

--
-- AUTO_INCREMENT for table `essentials_kb`
--
ALTER TABLE `essentials_kb`
  MODIFY `id` bigint(20) UNSIGNED NOT NULL AUTO_INCREMENT;

--
-- AUTO_INCREMENT for table `essentials_kb_users`
--
ALTER TABLE `essentials_kb_users`
  MODIFY `id` bigint(20) UNSIGNED NOT NULL AUTO_INCREMENT;

--
-- AUTO_INCREMENT for table `essentials_leaves`
--
ALTER TABLE `essentials_leaves`
  MODIFY `id` int(10) UNSIGNED NOT NULL AUTO_INCREMENT;

--
-- AUTO_INCREMENT for table `essentials_leave_types`
--
ALTER TABLE `essentials_leave_types`
  MODIFY `id` int(10) UNSIGNED NOT NULL AUTO_INCREMENT;

--
-- AUTO_INCREMENT for table `essentials_messages`
--
ALTER TABLE `essentials_messages`
  MODIFY `id` int(10) UNSIGNED NOT NULL AUTO_INCREMENT;

--
-- AUTO_INCREMENT for table `essentials_payroll_groups`
--
ALTER TABLE `essentials_payroll_groups`
  MODIFY `id` bigint(20) UNSIGNED NOT NULL AUTO_INCREMENT, AUTO_INCREMENT=2;

--
-- AUTO_INCREMENT for table `essentials_reminders`
--
ALTER TABLE `essentials_reminders`
  MODIFY `id` int(10) UNSIGNED NOT NULL AUTO_INCREMENT;

--
-- AUTO_INCREMENT for table `essentials_shifts`
--
ALTER TABLE `essentials_shifts`
  MODIFY `id` int(10) UNSIGNED NOT NULL AUTO_INCREMENT;

--
-- AUTO_INCREMENT for table `essentials_todo_comments`
--
ALTER TABLE `essentials_todo_comments`
  MODIFY `id` int(10) UNSIGNED NOT NULL AUTO_INCREMENT;

--
-- AUTO_INCREMENT for table `essentials_to_dos`
--
ALTER TABLE `essentials_to_dos`
  MODIFY `id` int(10) UNSIGNED NOT NULL AUTO_INCREMENT;

--
-- AUTO_INCREMENT for table `essentials_user_sales_targets`
--
ALTER TABLE `essentials_user_sales_targets`
  MODIFY `id` bigint(20) UNSIGNED NOT NULL AUTO_INCREMENT;

--
-- AUTO_INCREMENT for table `essentials_user_shifts`
--
ALTER TABLE `essentials_user_shifts`
  MODIFY `id` int(10) UNSIGNED NOT NULL AUTO_INCREMENT;

--
-- AUTO_INCREMENT for table `expense_categories`
--
ALTER TABLE `expense_categories`
  MODIFY `id` int(10) UNSIGNED NOT NULL AUTO_INCREMENT;

--
-- AUTO_INCREMENT for table `invoice_layouts`
--
ALTER TABLE `invoice_layouts`
  MODIFY `id` int(10) UNSIGNED NOT NULL AUTO_INCREMENT, AUTO_INCREMENT=7;

--
-- AUTO_INCREMENT for table `invoice_schemes`
--
ALTER TABLE `invoice_schemes`
  MODIFY `id` int(10) UNSIGNED NOT NULL AUTO_INCREMENT, AUTO_INCREMENT=7;

--
-- AUTO_INCREMENT for table `media`
--
ALTER TABLE `media`
  MODIFY `id` int(10) UNSIGNED NOT NULL AUTO_INCREMENT;

--
-- AUTO_INCREMENT for table `mfg_ingredient_groups`
--
ALTER TABLE `mfg_ingredient_groups`
  MODIFY `id` int(10) UNSIGNED NOT NULL AUTO_INCREMENT, AUTO_INCREMENT=2;

--
-- AUTO_INCREMENT for table `mfg_recipes`
--
ALTER TABLE `mfg_recipes`
  MODIFY `id` int(10) UNSIGNED NOT NULL AUTO_INCREMENT, AUTO_INCREMENT=3;

--
-- AUTO_INCREMENT for table `mfg_recipe_ingredients`
--
ALTER TABLE `mfg_recipe_ingredients`
  MODIFY `id` int(10) UNSIGNED NOT NULL AUTO_INCREMENT, AUTO_INCREMENT=4;

--
-- AUTO_INCREMENT for table `migrations`
--
ALTER TABLE `migrations`
  MODIFY `id` int(10) UNSIGNED NOT NULL AUTO_INCREMENT, AUTO_INCREMENT=459;

--
-- AUTO_INCREMENT for table `notification_templates`
--
ALTER TABLE `notification_templates`
  MODIFY `id` int(10) UNSIGNED NOT NULL AUTO_INCREMENT, AUTO_INCREMENT=51;

--
-- AUTO_INCREMENT for table `oauth_personal_access_clients`
--
ALTER TABLE `oauth_personal_access_clients`
  MODIFY `id` int(10) UNSIGNED NOT NULL AUTO_INCREMENT, AUTO_INCREMENT=8;

--
-- AUTO_INCREMENT for table `packages`
--
ALTER TABLE `packages`
  MODIFY `id` int(10) UNSIGNED NOT NULL AUTO_INCREMENT;

--
-- AUTO_INCREMENT for table `permissions`
--
ALTER TABLE `permissions`
  MODIFY `id` int(10) UNSIGNED NOT NULL AUTO_INCREMENT, AUTO_INCREMENT=215;

--
-- AUTO_INCREMENT for table `pjt_invoice_lines`
--
ALTER TABLE `pjt_invoice_lines`
  MODIFY `id` int(10) UNSIGNED NOT NULL AUTO_INCREMENT;

--
-- AUTO_INCREMENT for table `pjt_projects`
--
ALTER TABLE `pjt_projects`
  MODIFY `id` int(10) UNSIGNED NOT NULL AUTO_INCREMENT;

--
-- AUTO_INCREMENT for table `pjt_project_members`
--
ALTER TABLE `pjt_project_members`
  MODIFY `id` int(10) UNSIGNED NOT NULL AUTO_INCREMENT;

--
-- AUTO_INCREMENT for table `pjt_project_tasks`
--
ALTER TABLE `pjt_project_tasks`
  MODIFY `id` int(10) UNSIGNED NOT NULL AUTO_INCREMENT;

--
-- AUTO_INCREMENT for table `pjt_project_task_comments`
--
ALTER TABLE `pjt_project_task_comments`
  MODIFY `id` int(10) UNSIGNED NOT NULL AUTO_INCREMENT;

--
-- AUTO_INCREMENT for table `pjt_project_task_members`
--
ALTER TABLE `pjt_project_task_members`
  MODIFY `id` int(10) UNSIGNED NOT NULL AUTO_INCREMENT;

--
-- AUTO_INCREMENT for table `pjt_project_time_logs`
--
ALTER TABLE `pjt_project_time_logs`
  MODIFY `id` int(10) UNSIGNED NOT NULL AUTO_INCREMENT;

--
-- AUTO_INCREMENT for table `printers`
--
ALTER TABLE `printers`
  MODIFY `id` int(10) UNSIGNED NOT NULL AUTO_INCREMENT;

--
-- AUTO_INCREMENT for table `products`
--
ALTER TABLE `products`
  MODIFY `id` int(10) UNSIGNED NOT NULL AUTO_INCREMENT, AUTO_INCREMENT=3;

--
-- AUTO_INCREMENT for table `product_racks`
--
ALTER TABLE `product_racks`
  MODIFY `id` int(10) UNSIGNED NOT NULL AUTO_INCREMENT;

--
-- AUTO_INCREMENT for table `product_variations`
--
ALTER TABLE `product_variations`
  MODIFY `id` int(10) UNSIGNED NOT NULL AUTO_INCREMENT, AUTO_INCREMENT=3;

--
-- AUTO_INCREMENT for table `purchase_lines`
--
ALTER TABLE `purchase_lines`
  MODIFY `id` int(10) UNSIGNED NOT NULL AUTO_INCREMENT, AUTO_INCREMENT=11;

--
-- AUTO_INCREMENT for table `reference_counts`
--
ALTER TABLE `reference_counts`
  MODIFY `id` int(10) UNSIGNED NOT NULL AUTO_INCREMENT, AUTO_INCREMENT=13;

--
-- AUTO_INCREMENT for table `res_tables`
--
ALTER TABLE `res_tables`
  MODIFY `id` int(10) UNSIGNED NOT NULL AUTO_INCREMENT;

--
-- AUTO_INCREMENT for table `roles`
--
ALTER TABLE `roles`
  MODIFY `id` int(10) UNSIGNED NOT NULL AUTO_INCREMENT, AUTO_INCREMENT=15;

--
-- AUTO_INCREMENT for table `selling_price_groups`
--
ALTER TABLE `selling_price_groups`
  MODIFY `id` int(10) UNSIGNED NOT NULL AUTO_INCREMENT;

--
-- AUTO_INCREMENT for table `sheet_spreadsheets`
--
ALTER TABLE `sheet_spreadsheets`
  MODIFY `id` bigint(20) UNSIGNED NOT NULL AUTO_INCREMENT;

--
-- AUTO_INCREMENT for table `sheet_spreadsheet_shares`
--
ALTER TABLE `sheet_spreadsheet_shares`
  MODIFY `id` bigint(20) UNSIGNED NOT NULL AUTO_INCREMENT;

--
-- AUTO_INCREMENT for table `stocks`
--
ALTER TABLE `stocks`
  MODIFY `id` bigint(20) UNSIGNED NOT NULL AUTO_INCREMENT, AUTO_INCREMENT=5;

--
-- AUTO_INCREMENT for table `stock_adjustment_lines`
--
ALTER TABLE `stock_adjustment_lines`
  MODIFY `id` int(10) UNSIGNED NOT NULL AUTO_INCREMENT;

--
-- AUTO_INCREMENT for table `subscriptions`
--
ALTER TABLE `subscriptions`
  MODIFY `id` int(10) UNSIGNED NOT NULL AUTO_INCREMENT;

--
-- AUTO_INCREMENT for table `superadmin_communicator_logs`
--
ALTER TABLE `superadmin_communicator_logs`
  MODIFY `id` int(10) UNSIGNED NOT NULL AUTO_INCREMENT;

--
-- AUTO_INCREMENT for table `superadmin_coupons`
--
ALTER TABLE `superadmin_coupons`
  MODIFY `id` bigint(20) UNSIGNED NOT NULL AUTO_INCREMENT;

--
-- AUTO_INCREMENT for table `superadmin_frontend_pages`
--
ALTER TABLE `superadmin_frontend_pages`
  MODIFY `id` int(10) UNSIGNED NOT NULL AUTO_INCREMENT;

--
-- AUTO_INCREMENT for table `tags`
--
ALTER TABLE `tags`
  MODIFY `id` bigint(20) UNSIGNED NOT NULL AUTO_INCREMENT, AUTO_INCREMENT=7;

--
-- AUTO_INCREMENT for table `tax_rates`
--
ALTER TABLE `tax_rates`
  MODIFY `id` int(10) UNSIGNED NOT NULL AUTO_INCREMENT, AUTO_INCREMENT=5;

--
-- AUTO_INCREMENT for table `tracker_cities`
--
ALTER TABLE `tracker_cities`
  MODIFY `id` bigint(20) UNSIGNED NOT NULL AUTO_INCREMENT;

--
-- AUTO_INCREMENT for table `tracker_countries`
--
ALTER TABLE `tracker_countries`
  MODIFY `id` bigint(20) UNSIGNED NOT NULL AUTO_INCREMENT;

--
-- AUTO_INCREMENT for table `tracker_positions`
--
ALTER TABLE `tracker_positions`
  MODIFY `id` bigint(20) UNSIGNED NOT NULL AUTO_INCREMENT;

--
-- AUTO_INCREMENT for table `tracker_states`
--
ALTER TABLE `tracker_states`
  MODIFY `id` bigint(20) UNSIGNED NOT NULL AUTO_INCREMENT;

--
-- AUTO_INCREMENT for table `tracker_trip`
--
ALTER TABLE `tracker_trip`
  MODIFY `id` bigint(20) UNSIGNED NOT NULL AUTO_INCREMENT;

--
-- AUTO_INCREMENT for table `tracker_trip_schedules`
--
ALTER TABLE `tracker_trip_schedules`
  MODIFY `id` bigint(20) UNSIGNED NOT NULL AUTO_INCREMENT;

--
-- AUTO_INCREMENT for table `tracker_vehicle`
--
ALTER TABLE `tracker_vehicle`
  MODIFY `id` bigint(20) UNSIGNED NOT NULL AUTO_INCREMENT;

--
-- AUTO_INCREMENT for table `transaction_sell_lines`
--
ALTER TABLE `transaction_sell_lines`
  MODIFY `id` int(10) UNSIGNED NOT NULL AUTO_INCREMENT, AUTO_INCREMENT=32;

--
-- AUTO_INCREMENT for table `transaction_sell_lines_purchase_lines`
--
ALTER TABLE `transaction_sell_lines_purchase_lines`
  MODIFY `id` int(10) UNSIGNED NOT NULL AUTO_INCREMENT, AUTO_INCREMENT=21;

--
-- AUTO_INCREMENT for table `types_of_services`
--
ALTER TABLE `types_of_services`
  MODIFY `id` int(10) UNSIGNED NOT NULL AUTO_INCREMENT;

--
-- AUTO_INCREMENT for table `units`
--
ALTER TABLE `units`
  MODIFY `id` int(10) UNSIGNED NOT NULL AUTO_INCREMENT, AUTO_INCREMENT=14;

--
-- AUTO_INCREMENT for table `user_contact_access`
--
ALTER TABLE `user_contact_access`
  MODIFY `id` int(10) UNSIGNED NOT NULL AUTO_INCREMENT, AUTO_INCREMENT=5;

--
-- AUTO_INCREMENT for table `user_contact_allocates`
--
ALTER TABLE `user_contact_allocates`
  MODIFY `id` bigint(20) UNSIGNED NOT NULL AUTO_INCREMENT, AUTO_INCREMENT=21;

--
-- AUTO_INCREMENT for table `user_product_allocates`
--
ALTER TABLE `user_product_allocates`
  MODIFY `id` bigint(20) UNSIGNED NOT NULL AUTO_INCREMENT, AUTO_INCREMENT=9;

--
-- AUTO_INCREMENT for table `variations`
--
ALTER TABLE `variations`
  MODIFY `id` int(10) UNSIGNED NOT NULL AUTO_INCREMENT, AUTO_INCREMENT=3;

--
-- AUTO_INCREMENT for table `variation_group_prices`
--
ALTER TABLE `variation_group_prices`
  MODIFY `id` int(10) UNSIGNED NOT NULL AUTO_INCREMENT;

--
-- AUTO_INCREMENT for table `variation_location_details`
--
ALTER TABLE `variation_location_details`
  MODIFY `id` int(10) UNSIGNED NOT NULL AUTO_INCREMENT, AUTO_INCREMENT=5;

--
-- AUTO_INCREMENT for table `variation_templates`
--
ALTER TABLE `variation_templates`
  MODIFY `id` int(10) UNSIGNED NOT NULL AUTO_INCREMENT, AUTO_INCREMENT=9;

--
-- AUTO_INCREMENT for table `variation_value_templates`
--
ALTER TABLE `variation_value_templates`
  MODIFY `id` int(10) UNSIGNED NOT NULL AUTO_INCREMENT, AUTO_INCREMENT=42;

--
-- AUTO_INCREMENT for table `warranties`
--
ALTER TABLE `warranties`
  MODIFY `id` int(10) UNSIGNED NOT NULL AUTO_INCREMENT;

--
-- Constraints for dumped tables
--

--
-- Constraints for table `assets`
--
ALTER TABLE `assets`
  ADD CONSTRAINT `assets_business_id_foreign` FOREIGN KEY (`business_id`) REFERENCES `business` (`id`) ON DELETE CASCADE,
  ADD CONSTRAINT `assets_category_id_foreign` FOREIGN KEY (`category_id`) REFERENCES `categories` (`id`),
  ADD CONSTRAINT `assets_created_by_foreign` FOREIGN KEY (`created_by`) REFERENCES `users` (`id`);

--
-- Constraints for table `asset_transactions`
--
ALTER TABLE `asset_transactions`
  ADD CONSTRAINT `asset_transactions_asset_id_foreign` FOREIGN KEY (`asset_id`) REFERENCES `assets` (`id`) ON DELETE CASCADE,
  ADD CONSTRAINT `asset_transactions_business_id_foreign` FOREIGN KEY (`business_id`) REFERENCES `business` (`id`) ON DELETE CASCADE,
  ADD CONSTRAINT `asset_transactions_created_by_foreign` FOREIGN KEY (`created_by`) REFERENCES `users` (`id`),
  ADD CONSTRAINT `asset_transactions_parent_id_foreign` FOREIGN KEY (`parent_id`) REFERENCES `asset_transactions` (`id`) ON DELETE CASCADE,
  ADD CONSTRAINT `asset_transactions_receiver_foreign` FOREIGN KEY (`receiver`) REFERENCES `users` (`id`);

--
-- Constraints for table `barcodes`
--
ALTER TABLE `barcodes`
  ADD CONSTRAINT `barcodes_business_id_foreign` FOREIGN KEY (`business_id`) REFERENCES `business` (`id`) ON DELETE CASCADE;

--
-- Constraints for table `bookings`
--
ALTER TABLE `bookings`
  ADD CONSTRAINT `bookings_business_id_foreign` FOREIGN KEY (`business_id`) REFERENCES `business` (`id`) ON DELETE CASCADE,
  ADD CONSTRAINT `bookings_contact_id_foreign` FOREIGN KEY (`contact_id`) REFERENCES `contacts` (`id`) ON DELETE CASCADE,
  ADD CONSTRAINT `bookings_created_by_foreign` FOREIGN KEY (`created_by`) REFERENCES `users` (`id`) ON DELETE CASCADE;

--
-- Constraints for table `brands`
--
ALTER TABLE `brands`
  ADD CONSTRAINT `brands_business_id_foreign` FOREIGN KEY (`business_id`) REFERENCES `business` (`id`) ON DELETE CASCADE,
  ADD CONSTRAINT `brands_created_by_foreign` FOREIGN KEY (`created_by`) REFERENCES `users` (`id`) ON DELETE CASCADE;

--
-- Constraints for table `business`
--
ALTER TABLE `business`
  ADD CONSTRAINT `business_currency_id_foreign` FOREIGN KEY (`currency_id`) REFERENCES `currencies` (`id`),
  ADD CONSTRAINT `business_default_sales_tax_foreign` FOREIGN KEY (`default_sales_tax`) REFERENCES `tax_rates` (`id`),
  ADD CONSTRAINT `business_owner_id_foreign` FOREIGN KEY (`owner_id`) REFERENCES `users` (`id`) ON DELETE CASCADE;

--
-- Constraints for table `business_locations`
--
ALTER TABLE `business_locations`
  ADD CONSTRAINT `business_locations_business_id_foreign` FOREIGN KEY (`business_id`) REFERENCES `business` (`id`) ON DELETE CASCADE,
  ADD CONSTRAINT `business_locations_invoice_layout_id_foreign` FOREIGN KEY (`invoice_layout_id`) REFERENCES `invoice_layouts` (`id`) ON DELETE CASCADE,
  ADD CONSTRAINT `business_locations_invoice_scheme_id_foreign` FOREIGN KEY (`invoice_scheme_id`) REFERENCES `invoice_schemes` (`id`) ON DELETE CASCADE;

--
-- Constraints for table `cash_registers`
--
ALTER TABLE `cash_registers`
  ADD CONSTRAINT `cash_registers_business_id_foreign` FOREIGN KEY (`business_id`) REFERENCES `business` (`id`) ON DELETE CASCADE,
  ADD CONSTRAINT `cash_registers_user_id_foreign` FOREIGN KEY (`user_id`) REFERENCES `users` (`id`) ON DELETE CASCADE;

--
-- Constraints for table `cash_register_transactions`
--
ALTER TABLE `cash_register_transactions`
  ADD CONSTRAINT `cash_register_transactions_cash_register_id_foreign` FOREIGN KEY (`cash_register_id`) REFERENCES `cash_registers` (`id`) ON DELETE CASCADE;

--
-- Constraints for table `categories`
--
ALTER TABLE `categories`
  ADD CONSTRAINT `categories_business_id_foreign` FOREIGN KEY (`business_id`) REFERENCES `business` (`id`) ON DELETE CASCADE,
  ADD CONSTRAINT `categories_created_by_foreign` FOREIGN KEY (`created_by`) REFERENCES `users` (`id`) ON DELETE CASCADE;

--
-- Constraints for table `contacts`
--
ALTER TABLE `contacts`
  ADD CONSTRAINT `contacts_business_id_foreign` FOREIGN KEY (`business_id`) REFERENCES `business` (`id`) ON DELETE CASCADE,
  ADD CONSTRAINT `contacts_created_by_foreign` FOREIGN KEY (`created_by`) REFERENCES `users` (`id`) ON DELETE CASCADE;

--
-- Constraints for table `crm_campaigns`
--
ALTER TABLE `crm_campaigns`
  ADD CONSTRAINT `crm_campaigns_business_id_foreign` FOREIGN KEY (`business_id`) REFERENCES `business` (`id`) ON DELETE CASCADE;

--
-- Constraints for table `crm_lead_users`
--
ALTER TABLE `crm_lead_users`
  ADD CONSTRAINT `crm_lead_users_contact_id_foreign` FOREIGN KEY (`contact_id`) REFERENCES `contacts` (`id`) ON DELETE CASCADE;

--
-- Constraints for table `crm_proposals`
--
ALTER TABLE `crm_proposals`
  ADD CONSTRAINT `crm_proposals_business_id_foreign` FOREIGN KEY (`business_id`) REFERENCES `business` (`id`) ON DELETE CASCADE,
  ADD CONSTRAINT `crm_proposals_contact_id_foreign` FOREIGN KEY (`contact_id`) REFERENCES `contacts` (`id`) ON DELETE CASCADE;

--
-- Constraints for table `crm_proposal_templates`
--
ALTER TABLE `crm_proposal_templates`
  ADD CONSTRAINT `crm_proposal_templates_business_id_foreign` FOREIGN KEY (`business_id`) REFERENCES `business` (`id`) ON DELETE CASCADE;

--
-- Constraints for table `crm_schedules`
--
ALTER TABLE `crm_schedules`
  ADD CONSTRAINT `crm_schedules_business_id_foreign` FOREIGN KEY (`business_id`) REFERENCES `business` (`id`) ON DELETE CASCADE;

--
-- Constraints for table `crm_schedule_logs`
--
ALTER TABLE `crm_schedule_logs`
  ADD CONSTRAINT `crm_schedule_logs_schedule_id_foreign` FOREIGN KEY (`schedule_id`) REFERENCES `crm_schedules` (`id`) ON DELETE CASCADE;

--
-- Constraints for table `crm_schedule_users`
--
ALTER TABLE `crm_schedule_users`
  ADD CONSTRAINT `crm_schedule_users_schedule_id_foreign` FOREIGN KEY (`schedule_id`) REFERENCES `crm_schedules` (`id`) ON DELETE CASCADE;

--
-- Constraints for table `customer_groups`
--
ALTER TABLE `customer_groups`
  ADD CONSTRAINT `customer_groups_business_id_foreign` FOREIGN KEY (`business_id`) REFERENCES `business` (`id`) ON DELETE CASCADE;

--
-- Constraints for table `dashboard_configurations`
--
ALTER TABLE `dashboard_configurations`
  ADD CONSTRAINT `dashboard_configurations_business_id_foreign` FOREIGN KEY (`business_id`) REFERENCES `business` (`id`) ON DELETE CASCADE;

--
-- Constraints for table `essentials_kb`
--
ALTER TABLE `essentials_kb`
  ADD CONSTRAINT `essentials_kb_parent_id_foreign` FOREIGN KEY (`parent_id`) REFERENCES `essentials_kb` (`id`) ON DELETE CASCADE;

--
-- Constraints for table `essentials_payroll_group_transactions`
--
ALTER TABLE `essentials_payroll_group_transactions`
  ADD CONSTRAINT `essentials_payroll_group_transactions_payroll_group_id_foreign` FOREIGN KEY (`payroll_group_id`) REFERENCES `essentials_payroll_groups` (`id`) ON DELETE CASCADE;

--
-- Constraints for table `expense_categories`
--
ALTER TABLE `expense_categories`
  ADD CONSTRAINT `expense_categories_business_id_foreign` FOREIGN KEY (`business_id`) REFERENCES `business` (`id`) ON DELETE CASCADE;

--
-- Constraints for table `group_sub_taxes`
--
ALTER TABLE `group_sub_taxes`
  ADD CONSTRAINT `group_sub_taxes_group_tax_id_foreign` FOREIGN KEY (`group_tax_id`) REFERENCES `tax_rates` (`id`) ON DELETE CASCADE,
  ADD CONSTRAINT `group_sub_taxes_tax_id_foreign` FOREIGN KEY (`tax_id`) REFERENCES `tax_rates` (`id`) ON DELETE CASCADE;

--
-- Constraints for table `invoice_layouts`
--
ALTER TABLE `invoice_layouts`
  ADD CONSTRAINT `invoice_layouts_business_id_foreign` FOREIGN KEY (`business_id`) REFERENCES `business` (`id`) ON DELETE CASCADE;

--
-- Constraints for table `invoice_schemes`
--
ALTER TABLE `invoice_schemes`
  ADD CONSTRAINT `invoice_schemes_business_id_foreign` FOREIGN KEY (`business_id`) REFERENCES `business` (`id`) ON DELETE CASCADE;

--
-- Constraints for table `mfg_recipe_ingredients`
--
ALTER TABLE `mfg_recipe_ingredients`
  ADD CONSTRAINT `mfg_recipe_ingredients_mfg_recipe_id_foreign` FOREIGN KEY (`mfg_recipe_id`) REFERENCES `mfg_recipes` (`id`) ON DELETE CASCADE;

--
-- Constraints for table `model_has_permissions`
--
ALTER TABLE `model_has_permissions`
  ADD CONSTRAINT `model_has_permissions_permission_id_foreign` FOREIGN KEY (`permission_id`) REFERENCES `permissions` (`id`) ON DELETE CASCADE;

--
-- Constraints for table `model_has_roles`
--
ALTER TABLE `model_has_roles`
  ADD CONSTRAINT `model_has_roles_role_id_foreign` FOREIGN KEY (`role_id`) REFERENCES `roles` (`id`) ON DELETE CASCADE;

--
-- Constraints for table `pjt_invoice_lines`
--
ALTER TABLE `pjt_invoice_lines`
  ADD CONSTRAINT `pjt_invoice_lines_transaction_id_foreign` FOREIGN KEY (`transaction_id`) REFERENCES `transactions` (`id`) ON DELETE CASCADE;

--
-- Constraints for table `pjt_project_members`
--
ALTER TABLE `pjt_project_members`
  ADD CONSTRAINT `pjt_project_members_project_id_foreign` FOREIGN KEY (`project_id`) REFERENCES `pjt_projects` (`id`) ON DELETE CASCADE;

--
-- Constraints for table `pjt_project_tasks`
--
ALTER TABLE `pjt_project_tasks`
  ADD CONSTRAINT `pjt_project_tasks_project_id_foreign` FOREIGN KEY (`project_id`) REFERENCES `pjt_projects` (`id`) ON DELETE CASCADE;

--
-- Constraints for table `pjt_project_task_comments`
--
ALTER TABLE `pjt_project_task_comments`
  ADD CONSTRAINT `pjt_project_task_comments_project_task_id_foreign` FOREIGN KEY (`project_task_id`) REFERENCES `pjt_project_tasks` (`id`) ON DELETE CASCADE;

--
-- Constraints for table `pjt_project_task_members`
--
ALTER TABLE `pjt_project_task_members`
  ADD CONSTRAINT `pjt_project_task_members_project_task_id_foreign` FOREIGN KEY (`project_task_id`) REFERENCES `pjt_project_tasks` (`id`) ON DELETE CASCADE;

--
-- Constraints for table `pjt_project_time_logs`
--
ALTER TABLE `pjt_project_time_logs`
  ADD CONSTRAINT `pjt_project_time_logs_project_id_foreign` FOREIGN KEY (`project_id`) REFERENCES `pjt_projects` (`id`) ON DELETE CASCADE,
  ADD CONSTRAINT `pjt_project_time_logs_project_task_id_foreign` FOREIGN KEY (`project_task_id`) REFERENCES `pjt_project_tasks` (`id`) ON DELETE CASCADE;

--
-- Constraints for table `printers`
--
ALTER TABLE `printers`
  ADD CONSTRAINT `printers_business_id_foreign` FOREIGN KEY (`business_id`) REFERENCES `business` (`id`) ON DELETE CASCADE;

--
-- Constraints for table `products`
--
ALTER TABLE `products`
  ADD CONSTRAINT `products_brand_id_foreign` FOREIGN KEY (`brand_id`) REFERENCES `brands` (`id`) ON DELETE CASCADE,
  ADD CONSTRAINT `products_business_id_foreign` FOREIGN KEY (`business_id`) REFERENCES `business` (`id`) ON DELETE CASCADE,
  ADD CONSTRAINT `products_category_id_foreign` FOREIGN KEY (`category_id`) REFERENCES `categories` (`id`) ON DELETE CASCADE,
  ADD CONSTRAINT `products_created_by_foreign` FOREIGN KEY (`created_by`) REFERENCES `users` (`id`) ON DELETE CASCADE,
  ADD CONSTRAINT `products_sub_category_id_foreign` FOREIGN KEY (`sub_category_id`) REFERENCES `categories` (`id`) ON DELETE CASCADE,
  ADD CONSTRAINT `products_tax_foreign` FOREIGN KEY (`tax`) REFERENCES `tax_rates` (`id`),
  ADD CONSTRAINT `products_unit_id_foreign` FOREIGN KEY (`unit_id`) REFERENCES `units` (`id`) ON DELETE CASCADE;

--
-- Constraints for table `product_variations`
--
ALTER TABLE `product_variations`
  ADD CONSTRAINT `product_variations_product_id_foreign` FOREIGN KEY (`product_id`) REFERENCES `products` (`id`) ON DELETE CASCADE;

--
-- Constraints for table `purchase_lines`
--
ALTER TABLE `purchase_lines`
  ADD CONSTRAINT `purchase_lines_product_id_foreign` FOREIGN KEY (`product_id`) REFERENCES `products` (`id`) ON DELETE CASCADE,
  ADD CONSTRAINT `purchase_lines_tax_id_foreign` FOREIGN KEY (`tax_id`) REFERENCES `tax_rates` (`id`) ON DELETE CASCADE,
  ADD CONSTRAINT `purchase_lines_transaction_id_foreign` FOREIGN KEY (`transaction_id`) REFERENCES `transactions` (`id`) ON DELETE CASCADE,
  ADD CONSTRAINT `purchase_lines_variation_id_foreign` FOREIGN KEY (`variation_id`) REFERENCES `variations` (`id`) ON DELETE CASCADE;

--
-- Constraints for table `res_product_modifier_sets`
--
ALTER TABLE `res_product_modifier_sets`
  ADD CONSTRAINT `res_product_modifier_sets_modifier_set_id_foreign` FOREIGN KEY (`modifier_set_id`) REFERENCES `products` (`id`) ON DELETE CASCADE;

--
-- Constraints for table `res_tables`
--
ALTER TABLE `res_tables`
  ADD CONSTRAINT `res_tables_business_id_foreign` FOREIGN KEY (`business_id`) REFERENCES `business` (`id`) ON DELETE CASCADE;

--
-- Constraints for table `roles`
--
ALTER TABLE `roles`
  ADD CONSTRAINT `roles_business_id_foreign` FOREIGN KEY (`business_id`) REFERENCES `business` (`id`) ON DELETE CASCADE;

--
-- Constraints for table `role_has_permissions`
--
ALTER TABLE `role_has_permissions`
  ADD CONSTRAINT `role_has_permissions_permission_id_foreign` FOREIGN KEY (`permission_id`) REFERENCES `permissions` (`id`) ON DELETE CASCADE,
  ADD CONSTRAINT `role_has_permissions_role_id_foreign` FOREIGN KEY (`role_id`) REFERENCES `roles` (`id`) ON DELETE CASCADE;

--
-- Constraints for table `selling_price_groups`
--
ALTER TABLE `selling_price_groups`
  ADD CONSTRAINT `selling_price_groups_business_id_foreign` FOREIGN KEY (`business_id`) REFERENCES `business` (`id`) ON DELETE CASCADE;

--
-- Constraints for table `sheet_spreadsheets`
--
ALTER TABLE `sheet_spreadsheets`
  ADD CONSTRAINT `sheet_spreadsheets_business_id_foreign` FOREIGN KEY (`business_id`) REFERENCES `business` (`id`) ON DELETE CASCADE;

--
-- Constraints for table `sheet_spreadsheet_shares`
--
ALTER TABLE `sheet_spreadsheet_shares`
  ADD CONSTRAINT `sheet_spreadsheet_shares_sheet_spreadsheet_id_foreign` FOREIGN KEY (`sheet_spreadsheet_id`) REFERENCES `sheet_spreadsheets` (`id`) ON DELETE CASCADE;

--
-- Constraints for table `stocks`
--
ALTER TABLE `stocks`
  ADD CONSTRAINT `stocks_location_id_foreign` FOREIGN KEY (`location_id`) REFERENCES `business_locations` (`id`) ON DELETE CASCADE;

--
-- Constraints for table `stock_adjustment_lines`
--
ALTER TABLE `stock_adjustment_lines`
  ADD CONSTRAINT `stock_adjustment_lines_product_id_foreign` FOREIGN KEY (`product_id`) REFERENCES `products` (`id`) ON DELETE CASCADE,
  ADD CONSTRAINT `stock_adjustment_lines_transaction_id_foreign` FOREIGN KEY (`transaction_id`) REFERENCES `transactions` (`id`) ON DELETE CASCADE,
  ADD CONSTRAINT `stock_adjustment_lines_variation_id_foreign` FOREIGN KEY (`variation_id`) REFERENCES `variations` (`id`) ON DELETE CASCADE;

--
-- Constraints for table `subscriptions`
--
ALTER TABLE `subscriptions`
  ADD CONSTRAINT `subscriptions_business_id_foreign` FOREIGN KEY (`business_id`) REFERENCES `business` (`id`) ON DELETE CASCADE;

--
-- Constraints for table `tax_rates`
--
ALTER TABLE `tax_rates`
  ADD CONSTRAINT `tax_rates_business_id_foreign` FOREIGN KEY (`business_id`) REFERENCES `business` (`id`) ON DELETE CASCADE,
  ADD CONSTRAINT `tax_rates_created_by_foreign` FOREIGN KEY (`created_by`) REFERENCES `users` (`id`) ON DELETE CASCADE;

--
-- Constraints for table `tracker_cities`
--
ALTER TABLE `tracker_cities`
  ADD CONSTRAINT `tracker_cities_country_id_foreign` FOREIGN KEY (`country_id`) REFERENCES `tracker_countries` (`id`) ON DELETE CASCADE,
  ADD CONSTRAINT `tracker_cities_state_id_foreign` FOREIGN KEY (`state_id`) REFERENCES `tracker_states` (`id`) ON DELETE CASCADE;

--
-- Constraints for table `tracker_positions`
--
ALTER TABLE `tracker_positions`
  ADD CONSTRAINT `tracker_positions_city_id_foreign` FOREIGN KEY (`city_id`) REFERENCES `tracker_cities` (`id`) ON DELETE SET NULL,
  ADD CONSTRAINT `tracker_positions_device_id_foreign` FOREIGN KEY (`device_id`) REFERENCES `tracker_device` (`id`) ON DELETE SET NULL,
  ADD CONSTRAINT `tracker_positions_trip_id_foreign` FOREIGN KEY (`trip_id`) REFERENCES `tracker_trip` (`id`) ON DELETE CASCADE,
  ADD CONSTRAINT `tracker_positions_vehicle_id_foreign` FOREIGN KEY (`vehicle_id`) REFERENCES `tracker_vehicle` (`id`) ON DELETE CASCADE;

--
-- Constraints for table `tracker_states`
--
ALTER TABLE `tracker_states`
  ADD CONSTRAINT `tracker_states_country_id_foreign` FOREIGN KEY (`country_id`) REFERENCES `tracker_countries` (`id`) ON DELETE CASCADE;

--
-- Constraints for table `tracker_trip`
--
ALTER TABLE `tracker_trip`
  ADD CONSTRAINT `tracker_trip_device_id_foreign` FOREIGN KEY (`device_id`) REFERENCES `tracker_device` (`id`) ON DELETE SET NULL,
  ADD CONSTRAINT `tracker_trip_vehicle_id_foreign` FOREIGN KEY (`vehicle_id`) REFERENCES `tracker_vehicle` (`id`) ON DELETE CASCADE;

--
-- Constraints for table `transaction_sell_lines`
--
ALTER TABLE `transaction_sell_lines`
  ADD CONSTRAINT `transaction_sell_lines_product_id_foreign` FOREIGN KEY (`product_id`) REFERENCES `products` (`id`) ON DELETE CASCADE,
  ADD CONSTRAINT `transaction_sell_lines_tax_id_foreign` FOREIGN KEY (`tax_id`) REFERENCES `tax_rates` (`id`) ON DELETE CASCADE,
  ADD CONSTRAINT `transaction_sell_lines_transaction_id_foreign` FOREIGN KEY (`transaction_id`) REFERENCES `transactions` (`id`) ON DELETE CASCADE,
  ADD CONSTRAINT `transaction_sell_lines_variation_id_foreign` FOREIGN KEY (`variation_id`) REFERENCES `variations` (`id`) ON DELETE CASCADE;

--
-- Constraints for table `units`
--
ALTER TABLE `units`
  ADD CONSTRAINT `units_business_id_foreign` FOREIGN KEY (`business_id`) REFERENCES `business` (`id`) ON DELETE CASCADE,
  ADD CONSTRAINT `units_created_by_foreign` FOREIGN KEY (`created_by`) REFERENCES `users` (`id`) ON DELETE CASCADE;

--
-- Constraints for table `variations`
--
ALTER TABLE `variations`
  ADD CONSTRAINT `variations_product_id_foreign` FOREIGN KEY (`product_id`) REFERENCES `products` (`id`) ON DELETE CASCADE,
  ADD CONSTRAINT `variations_product_variation_id_foreign` FOREIGN KEY (`product_variation_id`) REFERENCES `product_variations` (`id`) ON DELETE CASCADE;

--
-- Constraints for table `variation_group_prices`
--
ALTER TABLE `variation_group_prices`
  ADD CONSTRAINT `variation_group_prices_price_group_id_foreign` FOREIGN KEY (`price_group_id`) REFERENCES `selling_price_groups` (`id`) ON DELETE CASCADE,
  ADD CONSTRAINT `variation_group_prices_variation_id_foreign` FOREIGN KEY (`variation_id`) REFERENCES `variations` (`id`) ON DELETE CASCADE;

--
-- Constraints for table `variation_location_details`
--
ALTER TABLE `variation_location_details`
  ADD CONSTRAINT `variation_location_details_location_id_foreign` FOREIGN KEY (`location_id`) REFERENCES `business_locations` (`id`),
  ADD CONSTRAINT `variation_location_details_variation_id_foreign` FOREIGN KEY (`variation_id`) REFERENCES `variations` (`id`);

--
-- Constraints for table `variation_templates`
--
ALTER TABLE `variation_templates`
  ADD CONSTRAINT `variation_templates_business_id_foreign` FOREIGN KEY (`business_id`) REFERENCES `business` (`id`) ON DELETE CASCADE;

--
-- Constraints for table `variation_value_templates`
--
ALTER TABLE `variation_value_templates`
  ADD CONSTRAINT `variation_value_templates_variation_template_id_foreign` FOREIGN KEY (`variation_template_id`) REFERENCES `variation_templates` (`id`) ON DELETE CASCADE;
COMMIT;

